000
CDUS43 KEAX 252125
CLISTJ


CLIMATE REPORT
NATIONAL WEATHER SERVICE KANSAS CITY/PLEASANT HILL MO
425 PM CDT MON SEP 25 2017


...................................

...THE ST. JOSEPH MO CLIMATE SUMMARY FOR SEPTEMBER 25 2017...
VALID AS OF 0400 PM LOCAL TIME.

CLIMATE NORMAL PERIOD 1981 TO 2010
CLIMATE RECORD PERIOD 1892 TO 2017


WEATHER ITEM   OBSERVED TIME   RECORD YEAR NORMAL DEPARTURE LAST
                VALUE   (LST)  VALUE       VALUE  FROM      YEAR
                                                  NORMAL
..................................................................
TEMPERATURE (F)
 TODAY
  MAXIMUM         90    205 PM  92    1998  76     14       69
  MINIMUM         66    627 AM  33    1989  50     16       53
  AVERAGE         78                        63     15       61

PRECIPITATION (IN)
  TODAY            0.00          2.49 1976   0.09  -0.09     0.14
  MONTH TO DATE    0.30                      2.98  -2.68     8.66
  SINCE SEP 1      0.30                      2.98  -2.68     8.66
  SINCE JAN 1     20.55                     29.28  -8.73    38.78

DEGREE DAYS
 HEATING
  TODAY            0                         5     -5        4
  MONTH TO DATE   14                        49    -35        5
  SINCE SEP 1     14                        49    -35        5
  SINCE JUL 1     20                        54    -34        7

 COOLING
  TODAY           13                         2     11        0
  MONTH TO DATE  186                       110     76      221
  SINCE SEP 1    186                       110     76      221
  SINCE JAN 1   1230                      1187     43     1493
..................................................................


WIND (MPH)
  HIGHEST WIND SPEED    22   HIGHEST WIND DIRECTION     S (170)
  HIGHEST GUST SPEED    27   HIGHEST GUST DIRECTION     S (170)
  AVERAGE WIND SPEED     7.9


SKY COVER
  AVERAGE SKY COVER 0.1


WEATHER CONDITIONS
 THE FOLLOWING WEATHER WAS RECORDED TODAY.
  NO SIGNIFICANT WEATHER WAS OBSERVED.


RELATIVE HUMIDITY (PERCENT)
 HIGHEST    90           400 AM
 LOWEST     47           100 PM
 AVERAGE    69

..........................................................


THE ST. JOSEPH MO CLIMATE NORMALS FOR TOMORROW
                         NORMAL    RECORD    YEAR
 MAXIMUM TEMPERATURE (F)   75        95      1938
 MINIMUM TEMPERATURE (F)   50        32      1912


SUNRISE AND SUNSET
SEPTEMBER 25 2017.....SUNRISE   710 AM CDT   SUNSET   711 PM CDT
SEPTEMBER 26 2017.....SUNRISE   711 AM CDT   SUNSET   710 PM CDT


-  INDICATES NEGATIVE NUMBERS.
R  INDICATES RECORD WAS SET OR TIED.
MM INDICATES DATA IS MISSING.
T  INDICATES TRACE AMOUNT.




$$
