000
CDUS43 KEAX 111232
CLISTJ


CLIMATE REPORT
NATIONAL WEATHER SERVICE KANSAS CITY/PLEASANT HILL MO
732 AM CDT FRI JUL 11 2014


...................................

...THE ST. JOSEPH MO CLIMATE SUMMARY FOR JULY 11 2014...
VALID AS OF 0700 AM LOCAL TIME.

CLIMATE NORMAL PERIOD 1981 TO 2010
CLIMATE RECORD PERIOD 1892 TO 2014


WEATHER ITEM   OBSERVED TIME   RECORD YEAR NORMAL DEPARTURE LAST
                VALUE   (LST)  VALUE       VALUE  FROM      YEAR
                                                  NORMAL
..................................................................
TEMPERATURE (F)
 TODAY
  MAXIMUM         72   1204 AM 104    1954  87    -15       88
  MINIMUM         68    330 AM  48    1975  67      1       61
  AVERAGE         70                        77     -7       75

PRECIPITATION (IN)
  TODAY            0.00          2.93 1971   0.17  -0.17     0.00
  MONTH TO DATE    3.77                      1.63   2.14     0.07
  SINCE JUN 1     11.68                      5.81   5.87     2.16
  SINCE JAN 1     19.45                     18.76   0.69    16.21

DEGREE DAYS
 HEATING
  TODAY            0                         0      0        0
  MONTH TO DATE    4                         0      4        0
  SINCE JUN 1      5                         8     -3       15
  SINCE JUL 1      4                         0      4        0

 COOLING
  TODAY            5                        12     -7       10
  MONTH TO DATE   87                       130    -43      132
  SINCE JUN 1    366                       397    -31      407
  SINCE JAN 1    527                       510     17      533
..................................................................


WIND (MPH)
  HIGHEST WIND SPEED    14   HIGHEST WIND DIRECTION     S (160)
  HIGHEST GUST SPEED    16   HIGHEST GUST DIRECTION     S (160)
  AVERAGE WIND SPEED     9.4


SKY COVER
  AVERAGE SKY COVER 0.3


WEATHER CONDITIONS
 THE FOLLOWING WEATHER WAS RECORDED TODAY.
  NO SIGNIFICANT WEATHER WAS OBSERVED.


RELATIVE HUMIDITY (PERCENT)
 HIGHEST    90           500 AM
 LOWEST     79           100 AM
 AVERAGE    85

..........................................................


THE ST. JOSEPH MO CLIMATE NORMALS FOR TOMORROW
                         NORMAL    RECORD    YEAR
 MAXIMUM TEMPERATURE (F)   87       103      1954
 MINIMUM TEMPERATURE (F)   67        51      1975


SUNRISE AND SUNSET
JULY 11 2014..........SUNRISE   601 AM CDT   SUNSET   849 PM CDT
JULY 12 2014..........SUNRISE   602 AM CDT   SUNSET   848 PM CDT


-  INDICATES NEGATIVE NUMBERS.
R  INDICATES RECORD WAS SET OR TIED.
MM INDICATES DATA IS MISSING.
T  INDICATES TRACE AMOUNT.




$$
