000
CDUS43 KEAX 200646
CLISTJ


CLIMATE REPORT
NATIONAL WEATHER SERVICE KANSAS CITY/PLEASANT HILL MO
146 AM CDT THU JUL 20 2017


...................................

...THE ST. JOSEPH MO CLIMATE SUMMARY FOR JULY 19 2017...

CLIMATE NORMAL PERIOD 1981 TO 2010
CLIMATE RECORD PERIOD 1892 TO 2017


WEATHER ITEM   OBSERVED TIME   RECORD YEAR NORMAL DEPARTURE LAST
                VALUE   (LST)  VALUE       VALUE  FROM      YEAR
                                                  NORMAL
..................................................................
TEMPERATURE (F)
 YESTERDAY
  MAXIMUM         91    516 PM 108    1934  87      4       93
  MINIMUM         73    716 AM  54    2009  67      6       72
  AVERAGE         82                        77      5       83

PRECIPITATION (IN)
  YESTERDAY        0.54          3.07 1996   0.17   0.37     0.00
  MONTH TO DATE    1.55                      3.06  -1.51     8.31
  SINCE JUN 1      4.32                      7.24  -2.92     9.02
  SINCE JAN 1     16.40                     20.19  -3.79    23.15

DEGREE DAYS
 HEATING
  YESTERDAY        0                         0      0        0
  MONTH TO DATE    0                         0      0        2
  SINCE JUN 1      4                         8     -4        2
  SINCE JUL 1      0                         0      0        2

 COOLING
  YESTERDAY       17                        12      5       18
  MONTH TO DATE  259                       226     33      236
  SINCE JUN 1    574                       493     81      663
  SINCE JAN 1    693                       606     87      746
..................................................................


WIND (MPH)
  HIGHEST WIND SPEED    17   HIGHEST WIND DIRECTION     S (170)
  HIGHEST GUST SPEED    26   HIGHEST GUST DIRECTION    NE (30)
  AVERAGE WIND SPEED     8.5


SKY COVER
  POSSIBLE SUNSHINE  MM
  AVERAGE SKY COVER 0.3


WEATHER CONDITIONS
 THE FOLLOWING WEATHER WAS RECORDED YESTERDAY.
  THUNDERSTORM
  HEAVY RAIN
  RAIN
  LIGHT RAIN
  FOG


RELATIVE HUMIDITY (PERCENT)
 HIGHEST    94           400 AM
 LOWEST     70           500 PM
 AVERAGE    82

..........................................................


THE ST. JOSEPH MO CLIMATE NORMALS FOR TODAY
                         NORMAL    RECORD    YEAR
 MAXIMUM TEMPERATURE (F)   87       108      1934
 MINIMUM TEMPERATURE (F)   67        50      1971


SUNRISE AND SUNSET
JULY 20 2017..........SUNRISE   608 AM CDT   SUNSET   843 PM CDT
JULY 21 2017..........SUNRISE   609 AM CDT   SUNSET   843 PM CDT


-  INDICATES NEGATIVE NUMBERS.
R  INDICATES RECORD WAS SET OR TIED.
MM INDICATES DATA IS MISSING.
T  INDICATES TRACE AMOUNT.




$$
