000
CDUS43 KEAX 260632
CLISTJ


CLIMATE REPORT
NATIONAL WEATHER SERVICE KANSAS CITY/PLEASANT HILL MO
132 AM CDT SUN OCT 26 2014


...................................

...THE ST. JOSEPH MO CLIMATE SUMMARY FOR OCTOBER 25 2014...

CLIMATE NORMAL PERIOD 1981 TO 2010
CLIMATE RECORD PERIOD 1892 TO 2014


WEATHER ITEM   OBSERVED TIME   RECORD YEAR NORMAL DEPARTURE LAST
                VALUE   (LST)  VALUE       VALUE  FROM      YEAR
                                                  NORMAL
..................................................................
TEMPERATURE (F)
 YESTERDAY
  MAXIMUM         81    244 PM  87    1927  63     18       59
  MINIMUM         48    530 AM  21    2013  40      8       21
  AVERAGE         65                        51     14       40

PRECIPITATION (IN)
  YESTERDAY        0.00          1.18 1986   0.09  -0.09     0.00
  MONTH TO DATE    6.45                      2.32   4.13     2.29
  SINCE SEP 1      8.16                      5.74   2.42     5.84
  SINCE JAN 1     30.71                     32.04  -1.33    25.51

DEGREE DAYS
 HEATING
  YESTERDAY        0                        14    -14       25
  MONTH TO DATE  207                       247    -40      280
  SINCE SEP 1    285                       322    -37      316
  SINCE JUL 1    291                       327    -36      318

 COOLING
  YESTERDAY        0                         0      0        0
  MONTH TO DATE    7                        18    -11       26
  SINCE SEP 1    126                       140    -14      215
  SINCE JAN 1   1175                      1217    -42     1285
..................................................................


WIND (MPH)
  HIGHEST WIND SPEED     9   HIGHEST WIND DIRECTION     E (90)
  HIGHEST GUST SPEED    12   HIGHEST GUST DIRECTION     E (90)
  AVERAGE WIND SPEED     3.1


SKY COVER
  POSSIBLE SUNSHINE  MM
  AVERAGE SKY COVER 0.4


WEATHER CONDITIONS
 THE FOLLOWING WEATHER WAS RECORDED YESTERDAY.
  FOG
  FOG W/VISIBILITY <= 1/4 MILE
  HAZE


RELATIVE HUMIDITY (PERCENT)
 HIGHEST   100          1200 AM
 LOWEST     30           300 PM
 AVERAGE    65

..........................................................


THE ST. JOSEPH MO CLIMATE NORMALS FOR TODAY
                         NORMAL    RECORD    YEAR
 MAXIMUM TEMPERATURE (F)   63        87      1963
 MINIMUM TEMPERATURE (F)   39        23      1942


SUNRISE AND SUNSET
OCTOBER 26 2014.......SUNRISE   742 AM CDT   SUNSET   625 PM CDT
OCTOBER 27 2014.......SUNRISE   743 AM CDT   SUNSET   624 PM CDT


-  INDICATES NEGATIVE NUMBERS.
R  INDICATES RECORD WAS SET OR TIED.
MM INDICATES DATA IS MISSING.
T  INDICATES TRACE AMOUNT.




$$
