000
CDUS43 KEAX 260632
CLISTJ


CLIMATE REPORT
NATIONAL WEATHER SERVICE KANSAS CITY/PLEASANT HILL MO
131 AM CDT FRI MAY 26 2017


...................................

...THE ST. JOSEPH MO CLIMATE SUMMARY FOR MAY 25 2017...

CLIMATE NORMAL PERIOD 1981 TO 2010
CLIMATE RECORD PERIOD 1892 TO 2017


WEATHER ITEM   OBSERVED TIME   RECORD YEAR NORMAL DEPARTURE LAST
                VALUE   (LST)  VALUE       VALUE  FROM      YEAR
                                                  NORMAL
..................................................................
TEMPERATURE (F)
 YESTERDAY
  MAXIMUM         77    419 PM  98    1967  79     -2       82
  MINIMUM         43    526 AM  36    1925  57    -14       66
  AVERAGE         60                        68     -8       74

PRECIPITATION (IN)
  YESTERDAY        T             1.66 1937   0.16  -0.16     0.17
  MONTH TO DATE    3.45                      4.43  -0.98     2.54
  SINCE MAR 1     10.66                     10.47   0.19     9.84
  SINCE JAN 1     11.68                     11.96  -0.28    10.75

DEGREE DAYS
 HEATING
  YESTERDAY        5                         2      3        0
  MONTH TO DATE  116                       105     11      126
  SINCE MAR 1    963                      1135   -172      901
  SINCE JUL 1   4260                      5443  -1183     4519

 COOLING
  YESTERDAY        0                         4     -4        9
  MONTH TO DATE   76                        60     16       32
  SINCE MAR 1     94                        81     13       51
  SINCE JAN 1     94                        81     13       51
..................................................................


WIND (MPH)
  HIGHEST WIND SPEED    22   HIGHEST WIND DIRECTION    SE (140)
  HIGHEST GUST SPEED    27   HIGHEST GUST DIRECTION    SE (150)
  AVERAGE WIND SPEED     7.9


SKY COVER
  POSSIBLE SUNSHINE  MM
  AVERAGE SKY COVER 0.1


WEATHER CONDITIONS
 THE FOLLOWING WEATHER WAS RECORDED YESTERDAY.
  FOG
  FOG W/VISIBILITY <= 1/4 MILE


RELATIVE HUMIDITY (PERCENT)
 HIGHEST   100          1200 AM
 LOWEST     46           100 PM
 AVERAGE    73

..........................................................


THE ST. JOSEPH MO CLIMATE NORMALS FOR TODAY
                         NORMAL    RECORD    YEAR
 MAXIMUM TEMPERATURE (F)   79        94      1967
 MINIMUM TEMPERATURE (F)   57        43      1925


SUNRISE AND SUNSET
MAY 26 2017...........SUNRISE   556 AM CDT   SUNSET   837 PM CDT
MAY 27 2017...........SUNRISE   556 AM CDT   SUNSET   838 PM CDT


-  INDICATES NEGATIVE NUMBERS.
R  INDICATES RECORD WAS SET OR TIED.
MM INDICATES DATA IS MISSING.
T  INDICATES TRACE AMOUNT.




$$
