000
CDUS43 KEAX 040634
CLISTJ


CLIMATE REPORT
NATIONAL WEATHER SERVICE KANSAS CITY/PLEASANT HILL MO
133 AM CDT SAT JUL 4 2015


...................................

...THE ST. JOSEPH MO CLIMATE SUMMARY FOR JULY 3 2015...

CLIMATE NORMAL PERIOD 1981 TO 2010
CLIMATE RECORD PERIOD 1892 TO 2015


WEATHER ITEM   OBSERVED TIME   RECORD YEAR NORMAL DEPARTURE LAST
                VALUE   (LST)  VALUE       VALUE  FROM      YEAR
                                                  NORMAL
..................................................................
TEMPERATURE (F)
 YESTERDAY
  MAXIMUM         81    426 PM 105    1954  86     -5       80
  MINIMUM         63   1159 PM  46    1968  67     -4       48
  AVERAGE         72                        76     -4       64

PRECIPITATION (IN)
  YESTERDAY        0.00          1.29 1932   0.14  -0.14     0.00
  MONTH TO DATE    0.38                      0.45  -0.07      T
  SINCE JUN 1      7.28                      4.63   2.65     7.91
  SINCE JAN 1     22.97                     17.58   5.39    15.68

DEGREE DAYS
 HEATING
  YESTERDAY        0                         0      0        1
  MONTH TO DATE    0                         0      0        4
  SINCE JUN 1      1                         8     -7        5
  SINCE JUL 1      0                         0      0        4

 COOLING
  YESTERDAY        7                        12     -5        0
  MONTH TO DATE   25                        34     -9        8
  SINCE JUN 1    339                       301     38      287
  SINCE JAN 1    407                       414     -7      448
..................................................................


WIND (MPH)
  HIGHEST WIND SPEED    12   HIGHEST WIND DIRECTION     N (20)
  HIGHEST GUST SPEED    16   HIGHEST GUST DIRECTION    NE (30)
  AVERAGE WIND SPEED     4.9


SKY COVER
  POSSIBLE SUNSHINE  MM
  AVERAGE SKY COVER 0.4


WEATHER CONDITIONS
 THE FOLLOWING WEATHER WAS RECORDED YESTERDAY.
  NO SIGNIFICANT WEATHER WAS OBSERVED.


RELATIVE HUMIDITY (PERCENT)
 HIGHEST    87           300 AM
 LOWEST     42           100 PM
 AVERAGE    65

..........................................................


THE ST. JOSEPH MO CLIMATE NORMALS FOR TODAY
                         NORMAL    RECORD    YEAR
 MAXIMUM TEMPERATURE (F)   86       106      1936
 MINIMUM TEMPERATURE (F)   67        51      1924


SUNRISE AND SUNSET
JULY  4 2015..........SUNRISE   557 AM CDT   SUNSET   851 PM CDT
JULY  5 2015..........SUNRISE   557 AM CDT   SUNSET   851 PM CDT


-  INDICATES NEGATIVE NUMBERS.
R  INDICATES RECORD WAS SET OR TIED.
MM INDICATES DATA IS MISSING.
T  INDICATES TRACE AMOUNT.




$$
