000
CDUS46 KMTR 290034
CLISTS


CLIMATE REPORT
NATIONAL WEATHER SERVICE SAN FRANCISCO BAY AREA
534 PM PDT SAT MAR 28 2015


...................................

...THE SANTA ROSA AIRPORT CLIMATE SUMMARY FOR MARCH 28 2015...
VALID TODAY AS OF 0500 PM LOCAL TIME.

CLIMATE NORMAL PERIOD 1981 TO 2010
CLIMATE RECORD PERIOD 1998 TO 2015


WEATHER ITEM   OBSERVED TIME   RECORD YEAR NORMAL DEPARTURE LAST
                VALUE   (LST)  VALUE       VALUE  FROM      YEAR
                                                  NORMAL
..................................................................
TEMPERATURE (F)
 TODAY
  MAXIMUM         82R   359 PM  79    2002  66     16       62
  MINIMUM         41    632 AM  33    1999  42     -1       51
  AVERAGE         62                        54      8       57

PRECIPITATION (IN)
  TODAY            0.00          0.30 2006   0.13  -0.13     0.03
  MONTH TO DATE    0.12                      4.56  -4.44     1.22
  SINCE OCT 1     22.99                     31.76  -8.77    12.16
  SINCE JAN 1      4.44                     18.01 -13.57    10.66

DEGREE DAYS
 HEATING
  TODAY            3                                         8
  MONTH TO DATE  202                                       221
  SINCE MAR 1    202                                       221
  SINCE JUL 1   1658                                      2158

 COOLING
  TODAY            0                                         0
  MONTH TO DATE    1                                         0
  SINCE MAR 1      1                                         0
  SINCE JAN 1      1                                         0
..................................................................


WIND (MPH)
  RESULTANT WIND SPEED   2   RESULTANT WIND DIRECTION   N (350)
  HIGHEST WIND SPEED    14   HIGHEST WIND DIRECTION     N (360)
  HIGHEST GUST SPEED    17   HIGHEST GUST DIRECTION     N (10)
  AVERAGE WIND SPEED     3.6


SKY COVER
  POSSIBLE SUNSHINE  MM
  AVERAGE SKY COVER 0.2


WEATHER CONDITIONS
 THE FOLLOWING WEATHER WAS RECORDED TODAY.
  LIGHT RAIN
  FOG


RELATIVE HUMIDITY (PERCENT)
 HIGHEST   100           300 AM
 LOWEST     28           200 PM
 AVERAGE    64

..........................................................


THE SANTA ROSA AIRPORT CLIMATE NORMALS FOR TOMORROW
                         NORMAL    RECORD    YEAR
 MAXIMUM TEMPERATURE (F)   66        78      2003
 MINIMUM TEMPERATURE (F)   42        34      1999


SUNRISE AND SUNSET
MARCH 28 2015.........SUNRISE   703 AM PDT   SUNSET   731 PM PDT
MARCH 29 2015.........SUNRISE   701 AM PDT   SUNSET   732 PM PDT


-  INDICATES NEGATIVE NUMBERS.
R  INDICATES RECORD WAS SET OR TIED.
MM INDICATES DATA IS MISSING.
T  INDICATES TRACE AMOUNT.




$$
