490
CDUS46 KMTR 260827
CLISTS


CLIMATE REPORT
NATIONAL WEATHER SERVICE SAN FRANCISCO BAY AREA
127 AM PDT SUN MAR 26 2017


...................................

...THE SANTA ROSA AIRPORT CLIMATE SUMMARY FOR MARCH 25 2017...

CLIMATE NORMAL PERIOD 1981 TO 2010
CLIMATE RECORD PERIOD 1998 TO 2017


WEATHER ITEM   OBSERVED TIME   RECORD YEAR NORMAL DEPARTURE LAST
                VALUE   (LST)  VALUE       VALUE  FROM      YEAR
                                                  NORMAL
..................................................................
TEMPERATURE (F)
 YESTERDAY
  MAXIMUM         64    323 PM  77    2015  65     -1       75
  MINIMUM         40    634 AM  34    2005  42     -2       41
  AVERAGE         52                        53     -1       58

PRECIPITATION (IN)
  YESTERDAY        0.00          0.34 2006   0.13  -0.13     0.00
  MONTH TO DATE    3.18                      4.17  -0.99    10.11
  SINCE OCT 1     55.25                     31.37  23.88    30.30
  SINCE JAN 1     36.83                     17.62  19.21    21.72

DEGREE DAYS
 HEATING
  YESTERDAY       13                                         7
  MONTH TO DATE  256                                       247
  SINCE MAR 1    256                                       247
  SINCE JUL 1   2279                                      1977

 COOLING
  YESTERDAY        0                                         0
  MONTH TO DATE    0                                         0
  SINCE MAR 1      0                                         0
  SINCE JAN 1      0                                         3
..................................................................


WIND (MPH)
  RESULTANT WIND SPEED   2   RESULTANT WIND DIRECTION  SW (230)
  HIGHEST WIND SPEED    15   HIGHEST WIND DIRECTION    SW (240)
  HIGHEST GUST SPEED    18   HIGHEST GUST DIRECTION    SW (230)
  AVERAGE WIND SPEED     4.3


SKY COVER
  POSSIBLE SUNSHINE  MM
  AVERAGE SKY COVER 0.4


WEATHER CONDITIONS
 THE FOLLOWING WEATHER WAS RECORDED YESTERDAY.
  FOG
  FOG W/VISIBILITY <= 1/4 MILE


RELATIVE HUMIDITY (PERCENT)
 HIGHEST   100          1200 AM
 LOWEST     52           300 PM
 AVERAGE    76

..........................................................


THE SANTA ROSA AIRPORT CLIMATE NORMALS FOR TODAY
                         NORMAL    RECORD    YEAR
 MAXIMUM TEMPERATURE (F)   65        83      2015
 MINIMUM TEMPERATURE (F)   42        33      2012


SUNRISE AND SUNSET
MARCH 26 2017.........SUNRISE   705 AM PDT   SUNSET   729 PM PDT
MARCH 27 2017.........SUNRISE   703 AM PDT   SUNSET   730 PM PDT


-  INDICATES NEGATIVE NUMBERS.
R  INDICATES RECORD WAS SET OR TIED.
MM INDICATES DATA IS MISSING.
T  INDICATES TRACE AMOUNT.




$$
