000
CDUS43 KFSD 302250
CLISUX


CLIMATE REPORT
NATIONAL WEATHER SERVICE SIOUX FALLS SD
550 PM CDT TUE AUG 30 2016


...................................

...THE SIOUX CITY IA CLIMATE SUMMARY FOR AUGUST 30 2016...
VALID TODAY AS OF 0500 PM LOCAL TIME.

CLIMATE NORMAL PERIOD 1981 TO 2010
CLIMATE RECORD PERIOD 1889 TO 2016


WEATHER ITEM   OBSERVED TIME   RECORD YEAR NORMAL DEPARTURE LAST
                VALUE   (LST)  VALUE       VALUE  FROM      YEAR
                                                  NORMAL
..................................................................
TEMPERATURE (F)
 TODAY
  MAXIMUM         84    359 PM 102    2012  81      3       75
  MINIMUM         68    443 AM  38    1915  58     10       62
  AVERAGE         76                        70      6       69

PRECIPITATION (IN)
  TODAY            0.02          2.49 1969   0.11  -0.09     0.00
  MONTH TO DATE    5.05                      3.12   1.93     5.97
  SINCE JUN 1      8.62                     10.45  -1.83    15.84
  SINCE JAN 1     24.35                     20.43   3.92    23.74

SNOWFALL (IN)
  TODAY            0.0           0.0    MM   0.0    0.0      0.0
  MONTH TO DATE    0.0                       0.0    0.0      0.0
  SINCE JUN 1      0.0                       0.0    0.0      0.0
  SINCE JUL 1      0.0                       0.0    0.0      0.0
  SNOW DEPTH       0

DEGREE DAYS
 HEATING
  TODAY            0                         1     -1        0
  MONTH TO DATE    0                         8     -8       20
  SINCE JUN 1      0                        38    -38       25
  SINCE JUL 1      0                        11    -11       23

 COOLING
  TODAY           11                         6      5        4
  MONTH TO DATE  281                       228     53      185
  SINCE JUN 1    963                       709    254      682
  SINCE JAN 1   1015                       773    242      711
..................................................................


WIND (MPH)
  HIGHEST WIND SPEED     9   HIGHEST WIND DIRECTION     E (100)
  HIGHEST GUST SPEED    12   HIGHEST GUST DIRECTION     E (90)
  AVERAGE WIND SPEED     4.1


SKY COVER
  POSSIBLE SUNSHINE  MM
  AVERAGE SKY COVER 0.2


WEATHER CONDITIONS
 THE FOLLOWING WEATHER WAS RECORDED TODAY.
  LIGHT RAIN
  FOG


RELATIVE HUMIDITY (PERCENT)
 HIGHEST    93           300 AM
 LOWEST     59           400 PM
 AVERAGE    76

..........................................................


THE SIOUX CITY IA CLIMATE NORMALS FOR TOMORROW
                         NORMAL    RECORD    YEAR
 MAXIMUM TEMPERATURE (F)   81        96      1948
 MINIMUM TEMPERATURE (F)   57        43      1967


SUNRISE AND SUNSET
AUGUST 30 2016........SUNRISE   649 AM CDT   SUNSET   802 PM CDT
AUGUST 31 2016........SUNRISE   650 AM CDT   SUNSET   800 PM CDT


-  INDICATES NEGATIVE NUMBERS.
R  INDICATES RECORD WAS SET OR TIED.
MM INDICATES DATA IS MISSING.
T  INDICATES TRACE AMOUNT.




$$
