574
CDUS43 KFSD 242233
CLISUX


CLIMATE REPORT
NATIONAL WEATHER SERVICE SIOUX FALLS SD
431 PM CST TUE JAN 24 2017


...................................

...THE SIOUX CITY IA CLIMATE SUMMARY FOR JANUARY 24 2017...
VALID TODAY AS OF 0400 PM LOCAL TIME.

CLIMATE NORMAL PERIOD 1981 TO 2010
CLIMATE RECORD PERIOD 1889 TO 2017


WEATHER ITEM   OBSERVED TIME   RECORD YEAR NORMAL DEPARTURE LAST
                VALUE   (LST)  VALUE       VALUE  FROM      YEAR
                                                  NORMAL
..................................................................
TEMPERATURE (F)
 TODAY
  MAXIMUM         34    156 PM  70    1981  31      3       33
  MINIMUM         32    359 PM -26    1894  10     22       23
  AVERAGE         33                        21     12       28

PRECIPITATION (IN)
  TODAY            0.17          0.27 1956   0.02   0.15     0.00
  MONTH TO DATE    0.54                      0.48   0.06     0.68
  SINCE DEC 1      2.02                      1.28   0.74     3.54
  SINCE JAN 1      0.54                      0.48   0.06     0.68

SNOWFALL (IN)
  TODAY            3.0 R         2.9  1956   0.2    2.8      0.0
  MONTH TO DATE    4.0                       5.1   -1.1      4.6
  SINCE DEC 1      8.5                      12.9   -4.4     16.4
  SINCE JUL 1      9.5                      18.3   -8.8     28.9
  SNOW DEPTH       3

DEGREE DAYS
 HEATING
  TODAY           32                        44    -12       37
  MONTH TO DATE  980                      1078    -98     1089
  SINCE DEC 1   2220                      2394   -174     2134
  SINCE JUL 1   3164                      3870   -706     3240

 COOLING
  TODAY            0                         0      0        0
  MONTH TO DATE    0                         0      0        0
  SINCE DEC 1      0                         0      0        0
  SINCE JAN 1      0                         0      0        0
..................................................................


WIND (MPH)
  HIGHEST WIND SPEED    22   HIGHEST WIND DIRECTION     E (70)
  HIGHEST GUST SPEED    30   HIGHEST GUST DIRECTION     E (70)
  AVERAGE WIND SPEED    12.2


SKY COVER
  POSSIBLE SUNSHINE  MM
  AVERAGE SKY COVER 1.0


WEATHER CONDITIONS
 THE FOLLOWING WEATHER WAS RECORDED TODAY.
  LIGHT RAIN
  HEAVY SNOW
  SNOW
  LIGHT SNOW
  FOG


RELATIVE HUMIDITY (PERCENT)
 HIGHEST    89          1200 AM
 LOWEST     82           900 AM
 AVERAGE    86

..........................................................


THE SIOUX CITY IA CLIMATE NORMALS FOR TOMORROW
                         NORMAL    RECORD    YEAR
 MAXIMUM TEMPERATURE (F)   31        68      1944
 MINIMUM TEMPERATURE (F)   10       -25      1905


SUNRISE AND SUNSET
JANUARY 24 2017.......SUNRISE   746 AM CST   SUNSET   530 PM CST
JANUARY 25 2017.......SUNRISE   745 AM CST   SUNSET   531 PM CST


-  INDICATES NEGATIVE NUMBERS.
R  INDICATES RECORD WAS SET OR TIED.
MM INDICATES DATA IS MISSING.
T  INDICATES TRACE AMOUNT.




$$
