000
CDUS41 KBGM 161348 CCA
CLISYR

CLIMATE REPORT...CORRECTED
NATIONAL WEATHER SERVICE BINGHAMTON NY
948 AM EDT WED APR 16 2014


...................................

...THE SYRACUSE NY CLIMATE SUMMARY FOR APRIL 15 2014...

CLIMATE NORMAL PERIOD 1981 TO 2010
CLIMATE RECORD PERIOD 1902 TO 2014


WEATHER ITEM   OBSERVED TIME   RECORD YEAR NORMAL DEPARTURE LAST
                VALUE   (LST)  VALUE       VALUE  FROM      YEAR
                                                  NORMAL
..................................................................
TEMPERATURE (F)
 YESTERDAY
  MAXIMUM         64    632 AM  87    1994  57      7       70
  MINIMUM         27   1159 PM  18    1926  37    -10       30
  AVERAGE         46                        47     -1       50

PRECIPITATION (IN)
  YESTERDAY        0.58          1.05 1976   0.11   0.47      T
  MONTH TO DATE    2.60                      1.68   0.92     2.56
  SINCE MAR 1      6.08                      4.63   1.45     4.58
  SINCE JAN 1     11.63                      9.20   2.43     9.00

SNOWFALL (IN)
  YESTERDAY        T              0.7  2007   0.1   -0.1      0.0
  MONTH TO DATE    0.1                        2.7   -2.6     12.0
  SINCE MAR 1     21.8                       20.7    1.1     32.2
  SINCE JUL 1    131.7                      122.6    9.1    115.4
  SNOW DEPTH       0

DEGREE DAYS
 HEATING
  YESTERDAY       19                        18      1       15
  MONTH TO DATE  286                       319    -33      347
  SINCE MAR 1   1497                      1276    221     1311
  SINCE JUL 1   6589                      6107    482     5682

 COOLING
  YESTERDAY        0                         0      0        0
  MONTH TO DATE    1                         0      1        0
  SINCE MAR 1      1                         0      1        0
  SINCE JAN 1      1                         0      1        0
..................................................................


WIND (MPH)
  HIGHEST WIND SPEED    25   HIGHEST WIND DIRECTION     W (290)
  HIGHEST GUST SPEED    36   HIGHEST GUST DIRECTION     W (270)
  AVERAGE WIND SPEED    15.0


SKY COVER
  POSSIBLE SUNSHINE  MM
  AVERAGE SKY COVER 0.8


WEATHER CONDITIONS
 THE FOLLOWING WEATHER WAS RECORDED YESTERDAY.
  HEAVY RAIN
  RAIN
  LIGHT RAIN
  SNOW
  LIGHT SNOW
  SLEET
  FOG


RELATIVE HUMIDITY (PERCENT)
 HIGHEST   100           900 AM
 LOWEST     68          1100 PM
 AVERAGE    84

..........................................................


THE SYRACUSE NY CLIMATE NORMALS FOR TODAY
                         NORMAL    RECORD    YEAR
 MAXIMUM TEMPERATURE (F)   58        90      2012
 MINIMUM TEMPERATURE (F)   37        23      1943


SUNRISE AND SUNSET
APRIL 16 2014.........SUNRISE   621 AM EDT   SUNSET   748 PM EDT
APRIL 17 2014.........SUNRISE   619 AM EDT   SUNSET   749 PM EDT


-  INDICATES NEGATIVE NUMBERS.
R  INDICATES RECORD WAS SET OR TIED.
MM INDICATES DATA IS MISSING.
T  INDICATES TRACE AMOUNT.

&&
CORRECTED SNOWFALL FOR DAY FROM MISSING TO TRACE

$$

TAC
