000
CDUS41 KBGM 312131
CLISYR


CLIMATE REPORT
NATIONAL WEATHER SERVICE BINGHAMTON NY
531 PM EDT THU JUL 31 2014


...................................

...THE SYRACUSE NY CLIMATE SUMMARY FOR JULY 31 2014...
VALID TODAY AS OF 0500 PM LOCAL TIME.

CLIMATE NORMAL PERIOD 1981 TO 2010
CLIMATE RECORD PERIOD 1902 TO 2014


WEATHER ITEM   OBSERVED TIME   RECORD YEAR NORMAL DEPARTURE LAST
                VALUE   (LST)  VALUE       VALUE  FROM      YEAR
                                                  NORMAL
..................................................................
TEMPERATURE (F)
 TODAY
  MAXIMUM         79    346 PM  96    1933  82     -3       81
  MINIMUM         54    312 AM  48    1965  61     -7       57
  AVERAGE         67                        71     -4       69

PRECIPITATION (IN)
  TODAY            0.12          1.39 1992   0.12   0.00     0.00
  MONTH TO DATE    5.18                      3.78   1.40     3.26
  SINCE JUN 1      7.92                      7.09   0.83    10.06
  SINCE JAN 1     25.30                     21.02   4.28    24.00

SNOWFALL (IN)
  TODAY            0.0           0.0  2002   0.0    0.0      0.0
                                      2000
                                      2001
  MONTH TO DATE    0.0                       0.0    0.0      0.0
  SINCE JUN 1      0.0                       0.0    0.0      0.0
  SINCE JUL 1      0.0                       0.0    0.0      0.0
  SNOW DEPTH       0

DEGREE DAYS
 HEATING
  TODAY            0                         0      0        0
  MONTH TO DATE    2                         2      0        3
  SINCE JUN 1     25                        69    -44       64
  SINCE JUL 1      2                         8     -6        3

 COOLING
  TODAY            2                         7     -5        4
  MONTH TO DATE  210                       203      7      303
  SINCE JUN 1    357                       316     41      427
  SINCE JAN 1    413                       346     67      479
..................................................................


WIND (MPH)
  HIGHEST WIND SPEED    13   HIGHEST WIND DIRECTION    SW (240)
  HIGHEST GUST SPEED    18   HIGHEST GUST DIRECTION    SW (220)
  AVERAGE WIND SPEED     5.3


SKY COVER
  POSSIBLE SUNSHINE  MM
  AVERAGE SKY COVER 0.6


WEATHER CONDITIONS
 THE FOLLOWING WEATHER WAS RECORDED TODAY.
  THUNDERSTORM
  RAIN
  LIGHT RAIN
  FOG


RELATIVE HUMIDITY (PERCENT)
 HIGHEST   100           300 AM
 LOWEST     48           300 PM
 AVERAGE    74

..........................................................


THE SYRACUSE NY CLIMATE NORMALS FOR TOMORROW
                         NORMAL    RECORD    YEAR
 MAXIMUM TEMPERATURE (F)   81        96      1933
 MINIMUM TEMPERATURE (F)   61        46      1947


SUNRISE AND SUNSET
JULY 31 2014..........SUNRISE   554 AM EDT   SUNSET   827 PM EDT
AUGUST  1 2014........SUNRISE   555 AM EDT   SUNSET   826 PM EDT


-  INDICATES NEGATIVE NUMBERS.
R  INDICATES RECORD WAS SET OR TIED.
MM INDICATES DATA IS MISSING.
T  INDICATES TRACE AMOUNT.




$$
