000
CDUS41 KBGM 250553
CLISYR


CLIMATE REPORT
NATIONAL WEATHER SERVICE BINGHAMTON NY
153 AM EDT SUN JUN 25 2017


...................................

...THE SYRACUSE NY CLIMATE SUMMARY FOR JUNE 24 2017...

CLIMATE NORMAL PERIOD 1981 TO 2010
CLIMATE RECORD PERIOD 1902 TO 2017


WEATHER ITEM   OBSERVED TIME   RECORD YEAR NORMAL DEPARTURE LAST
                VALUE   (LST)  VALUE       VALUE  FROM      YEAR
                                                  NORMAL
..................................................................
TEMPERATURE (F)
 YESTERDAY
  MAXIMUM         78   1257 PM  93    1952  80     -2       80
                                      1949
  MINIMUM         62   1158 PM  45    1988  59      3       50
  AVERAGE         70                        69      1       65

PRECIPITATION (IN)
  YESTERDAY        0.14          0.97 1992   0.11   0.03     0.00
  MONTH TO DATE    3.44                      2.63   0.81     1.95
  SINCE JUN 1      3.44                      2.63   0.81     1.95
  SINCE JAN 1     25.28                     16.56   8.72    16.51

SNOWFALL (IN)
  YESTERDAY        0.0           T    1992   0.0    0.0      0.0
  MONTH TO DATE    0.0                       0.0    0.0       T
  SINCE JUN 1      0.0                       0.0    0.0       T
  SINCE JUL 1    134.9                     123.8   11.1     80.3
  SNOW DEPTH       0

DEGREE DAYS
 HEATING
  YESTERDAY        0                         1     -1        0
  MONTH TO DATE   60                        55      5       53
  SINCE JUN 1     60                        55      5       53
  SINCE JUL 1   6127                      6645   -518     5851

 COOLING
  YESTERDAY        5                         5      0        0
  MONTH TO DATE   92                        80     12       57
  SINCE JUN 1     92                        80     12       57
  SINCE JAN 1    124                       110     14      113
..................................................................


WIND (MPH)
  HIGHEST WIND SPEED    20   HIGHEST WIND DIRECTION     W (290)
  HIGHEST GUST SPEED    28   HIGHEST GUST DIRECTION     W (290)
  AVERAGE WIND SPEED    11.5


SKY COVER
  POSSIBLE SUNSHINE  MM
  AVERAGE SKY COVER 0.6


WEATHER CONDITIONS
 THE FOLLOWING WEATHER WAS RECORDED YESTERDAY.
  LIGHT RAIN
  FOG


RELATIVE HUMIDITY (PERCENT)
 HIGHEST   100           100 AM
 LOWEST     45           100 PM
 AVERAGE    73

..........................................................


THE SYRACUSE NY CLIMATE NORMALS FOR TODAY
                         NORMAL    RECORD    YEAR
 MAXIMUM TEMPERATURE (F)   80        95      2005
 MINIMUM TEMPERATURE (F)   59        40      1979


SUNRISE AND SUNSET
JUNE 25 2017..........SUNRISE   526 AM EDT   SUNSET   848 PM EDT
JUNE 26 2017..........SUNRISE   527 AM EDT   SUNSET   848 PM EDT


-  INDICATES NEGATIVE NUMBERS.
R  INDICATES RECORD WAS SET OR TIED.
MM INDICATES DATA IS MISSING.
T  INDICATES TRACE AMOUNT.




$$
