000
CDUS41 KBGM 050547
CLISYR


CLIMATE REPORT
NATIONAL WEATHER SERVICE BINGHAMTON NY
1247 AM EST MON DEC 5 2016


...................................

...THE SYRACUSE NY CLIMATE SUMMARY FOR DECEMBER 4 2016...

CLIMATE NORMAL PERIOD 1981 TO 2010
CLIMATE RECORD PERIOD 1902 TO 2016


WEATHER ITEM   OBSERVED TIME   RECORD YEAR NORMAL DEPARTURE LAST
                VALUE   (LST)  VALUE       VALUE  FROM      YEAR
                                                  NORMAL
..................................................................
TEMPERATURE (F)
 YESTERDAY
  MAXIMUM         38    204 PM  70    2012  41     -3       43
  MINIMUM         27    735 PM  -7    1944  27      0       38
  AVERAGE         33                        34     -1       41

PRECIPITATION (IN)
  YESTERDAY        0.00          1.43 1950   0.11  -0.11      T
  MONTH TO DATE    0.55                      0.46   0.09     1.33
  SINCE DEC 1      0.55                      0.46   0.09     1.33
  SINCE JAN 1     37.93                     35.71   2.22    38.36

SNOWFALL (IN)
  YESTERDAY        0.0           8.4  2007   0.9   -0.9      0.0
  MONTH TO DATE    T                         3.5   -3.5      0.0
  SINCE DEC 1      T                         3.5   -3.5      0.0
  SINCE JUL 1     25.4                      13.4   12.0      0.8
  SNOW DEPTH       0

DEGREE DAYS
 HEATING
  YESTERDAY       32                        31      1       24
  MONTH TO DATE  106                       123    -17       94
  SINCE DEC 1    106                       123    -17       94
  SINCE JUL 1   1300                      1472   -172     1179

 COOLING
  YESTERDAY        0                         0      0        0
  MONTH TO DATE    0                         0      0        0
  SINCE DEC 1      0                         0      0        0
  SINCE JAN 1    809                       569    240      717
..................................................................


WIND (MPH)
  HIGHEST WIND SPEED    13   HIGHEST WIND DIRECTION     E (80)
  HIGHEST GUST SPEED    16   HIGHEST GUST DIRECTION     W (260)
  AVERAGE WIND SPEED     5.3


SKY COVER
  POSSIBLE SUNSHINE  MM
  AVERAGE SKY COVER 0.8


WEATHER CONDITIONS
 THE FOLLOWING WEATHER WAS RECORDED YESTERDAY.
  NO SIGNIFICANT WEATHER WAS OBSERVED.


RELATIVE HUMIDITY (PERCENT)
 HIGHEST    78          1000 PM
 LOWEST     54           200 PM
 AVERAGE    66

..........................................................


THE SYRACUSE NY CLIMATE NORMALS FOR TODAY
                         NORMAL    RECORD    YEAR
 MAXIMUM TEMPERATURE (F)   40        69      2001
 MINIMUM TEMPERATURE (F)   26         0      1926


SUNRISE AND SUNSET
DECEMBER  5 2016......SUNRISE   721 AM EST   SUNSET   429 PM EST
DECEMBER  6 2016......SUNRISE   722 AM EST   SUNSET   429 PM EST


-  INDICATES NEGATIVE NUMBERS.
R  INDICATES RECORD WAS SET OR TIED.
MM INDICATES DATA IS MISSING.
T  INDICATES TRACE AMOUNT.




$$
