000
CDKA40 PTYA 290700
CLIT11
DAILY CLIMATE REPORT
NATIONAL WEATHER SERVICE YAP FM
5PM LST TUE JUL 29 2014
THE YAP FM CLIMATE SUMMARY FOR JULY 29 2014
CLIMATE NORMAL PERIOD  1981  TO 2010
CLIMATE RECORD PERIOD  1951  TO 2014
WEATHER ITEM OBSERVED TIME  RECORD YEAR NORMAL DEPARTURE LAST
              VALUE   (LST) VALUE       VALUE    FROM    YEAR
                                                NORMAL
TEMPERATURE   (F)
TODAY
MAXIMUM       87   0951 AM 97  2014      87       0       85
MINIMUM       82   0054 AM 63  1999      78       4       77
AVERAGE       85                         83       2       81
PRECIPITATION INCHS
TODAY          T        164.24  1996    0.52   -0.52     1.07
MONTH TO DATE 16.62                    14.00    2.62     7.64
SINCE 01 JUN  26.57                    27.20   -0.63    23.80
SINCE JAN 01  75.81                    60.05   15.76    48.82
