000
CDKA40 PTYA 261600
CLIT11
DAILY CLIMATE REPORT
NATIONAL WEATHER SERVICE YAP FM
2AM LST SAT AUG 27 2016
THE YAP FM CLIMATE SUMMARY FOR AUGUST 26 2016
CLIMATE NORMAL PERIOD  1981  TO 2010
CLIMATE RECORD PERIOD  1951  TO 2016
WEATHER ITEM OBSERVED TIME  RECORD YEAR NORMAL DEPARTURE LAST
              VALUE   (LST) VALUE       VALUE    FROM    YEAR
                                                NORMAL
TEMPERATURE   (F)
TODAY
MAXIMUM       94  1445 PM  97  2014     87       7        85
MINIMUM       78  0845 AM  63  1999     78       0        77
AVERAGE       86                        82       4        81
PRECIPITATION INCHES
TODAY           0.00   164.24  1996  0.48    -0.48    1.98
MONTH TO DATE  12.12                13.16    -1.58   19.79
SINCE 01 JUN   28.07                41.04   -13.33   43.25
SINCE JAN 01   45.16                75.25   -29.09   92.26
