000
CDKA40 PTYA 020700
CLIT11
DAILY CLIMATE REPORT
NATIONAL WEATHER SERVICE YAP FM
5PM LST TUE SEP 02 2014
THE YAP FM CLIMATE SUMMARY FOR SEPTEMBER 02 2014
CLIMATE NORMAL PERIOD  1981  TO 2010
CLIMATE RECORD PERIOD  1951  TO 2014
WEATHER ITEM OBSERVED TIME  RECORD YEAR NORMAL DEPARTURE LAST
              VALUE   (LST) VALUE       VALUE    FROM    YEAR
                                                NORMAL
TEMPERATURE   (F)
TODAY
MAXIMUM       89   1251 PM 97  2014      87      2      93
MINIMUM       79   0450 AM 63  1999      78      1      76
AVERAGE       84                         82      2      85
PRECIPITATION INCHS
TODAY          0.10       164.24  1996  0.45    -0.35     0.33
MONTH TO DATE  1.61                     0.91     0.70     3.51
SINCE 01 JUL  27.61                    31.41    -3.80    24.20
SINCE JAN 01  86.80                    77.46     9.34    65.38
