000
CDUS45 KPUB 191136
CLITAD


CLIMATE REPORT
NATIONAL WEATHER SERVICE PUEBLO
436 AM MST FRI JAN 19 2018


...................................

...THE TRINIDAD CO CLIMATE SUMMARY FOR JANUARY 18 2018...

CLIMATE NORMAL PERIOD 1981 TO 2010
CLIMATE RECORD PERIOD 9999 TO 9999


WEATHER ITEM   OBSERVED TIME   NORMAL DEPARTURE LAST
                VALUE   (LST)  VALUE  FROM      YEAR
                                      NORMAL
......................................................
TEMPERATURE (F)
 YESTERDAY
  MAXIMUM         62    246 PM  47     15       40
  MINIMUM         19    528 AM  18      1       22
  AVERAGE         41            32      9       31

PRECIPITATION (IN)
  YESTERDAY        0.00          0.02  -0.02     0.00
  MONTH TO DATE    0.10          0.23  -0.13     1.40
  SINCE DEC 1      0.11          0.77  -0.66     1.70
  SINCE JAN 1      0.10          0.23  -0.13     1.40

DEGREE DAYS
 HEATING
  YESTERDAY       24            33     -9       34
  MONTH TO DATE  549           594    -45      629
  SINCE DEC 1   1429          1629   -200     1655
  SINCE JUL 1   2396          2862   -466     2421

 COOLING
  YESTERDAY        0             0      0        0
  MONTH TO DATE    0             0      0        0
  SINCE DEC 1      0             0      0        0
  SINCE JAN 1      0             0      0        0
......................................................


WIND (MPH)
  HIGHEST WIND SPEED    17   HIGHEST WIND DIRECTION     W (250)
  HIGHEST GUST SPEED    22   HIGHEST GUST DIRECTION    SW (240)
  AVERAGE WIND SPEED     9.6


SKY COVER
  POSSIBLE SUNSHINE  MM
  AVERAGE SKY COVER 0.0


WEATHER CONDITIONS
 THE FOLLOWING WEATHER WAS RECORDED YESTERDAY.
  NO SIGNIFICANT WEATHER WAS OBSERVED.


RELATIVE HUMIDITY (PERCENT)
 HIGHEST    52           100 AM
 LOWEST      9           200 PM
 AVERAGE    31

..........................................................




SUNRISE AND SUNSET
JANUARY 19 2018.......SUNRISE   709 AM MST   SUNSET   508 PM MST
JANUARY 20 2018.......SUNRISE   708 AM MST   SUNSET   509 PM MST


-  INDICATES NEGATIVE NUMBERS.
R  INDICATES RECORD WAS SET OR TIED.
MM INDICATES DATA IS MISSING.
T  INDICATES TRACE AMOUNT.




$$
