000
CDUS45 KPUB 201129
CLITAD


CLIMATE REPORT
NATIONAL WEATHER SERVICE PUEBLO
428 AM MST MON FEB 20 2017


...................................

...THE TRINIDAD CO CLIMATE SUMMARY FOR FEBRUARY 19 2017...

CLIMATE NORMAL PERIOD 1981 TO 2010
CLIMATE RECORD PERIOD 9999 TO 9999


WEATHER ITEM   OBSERVED TIME   NORMAL DEPARTURE LAST
                VALUE   (LST)  VALUE  FROM      YEAR
                                      NORMAL
......................................................
TEMPERATURE (F)
 YESTERDAY
  MAXIMUM         59    319 PM  51      8       67
  MINIMUM         38   1130 PM  21     17       34
  AVERAGE         49            36     13       51

PRECIPITATION (IN)
  YESTERDAY        0.00          0.02  -0.02     0.00
  MONTH TO DATE    0.06          0.31  -0.25     0.05
  SINCE DEC 1      1.86          1.25   0.61     0.56
  SINCE JAN 1      1.56          0.71   0.85     0.33

DEGREE DAYS
 HEATING
  YESTERDAY       16            29    -13       14
  MONTH TO DATE  371           589   -218      463
  SINCE DEC 1   2465          2638   -173     2348
  SINCE JUL 1   3231          3871   -640     3266

 COOLING
  YESTERDAY        0             0      0        0
  MONTH TO DATE    0             0      0        0
  SINCE DEC 1      0             0      0        0
  SINCE JAN 1      0             0      0        0
......................................................


WIND (MPH)
  HIGHEST WIND SPEED    32   HIGHEST WIND DIRECTION     S (180)
  HIGHEST GUST SPEED    40   HIGHEST GUST DIRECTION     S (180)
  AVERAGE WIND SPEED    15.0


SKY COVER
  POSSIBLE SUNSHINE  MM
  AVERAGE SKY COVER 0.0


WEATHER CONDITIONS
 THE FOLLOWING WEATHER WAS RECORDED YESTERDAY.
  NO SIGNIFICANT WEATHER WAS OBSERVED.


RELATIVE HUMIDITY (PERCENT)
 HIGHEST    49           700 AM
 LOWEST     18           400 PM
 AVERAGE    34

..........................................................




SUNRISE AND SUNSET
FEBRUARY 20 2017......SUNRISE   640 AM MST   SUNSET   543 PM MST
FEBRUARY 21 2017......SUNRISE   639 AM MST   SUNSET   544 PM MST


-  INDICATES NEGATIVE NUMBERS.
R  INDICATES RECORD WAS SET OR TIED.
MM INDICATES DATA IS MISSING.
T  INDICATES TRACE AMOUNT.




$$
