000
CDUS44 KBMX 230747
CLITCL


CLIMATE REPORT
NATIONAL WEATHER SERVICE BIRMINGHAM, AL
246 AM CDT SAT JUL 23 2016


...................................

...THE TUSCALOOSA CLIMATE SUMMARY FOR JULY 22 2016...

CLIMATE NORMAL PERIOD 1994 TO 1994
CLIMATE RECORD PERIOD 1948 TO 2016


WEATHER ITEM   OBSERVED TIME   RECORD YEAR NORMAL DEPARTURE LAST
                VALUE   (LST)  VALUE       VALUE  FROM      YEAR
                                                  NORMAL
..................................................................
TEMPERATURE (F)
 YESTERDAY
  MAXIMUM         94    240 PM 102    1951  92      2       99
  MINIMUM         74    532 AM  63    2007  72      2       74
  AVERAGE         84                        82      2       87

PRECIPITATION (IN)
  YESTERDAY        0.44          1.73 1958   0.14   0.30     0.13
  MONTH TO DATE    4.14                      3.21   0.93     0.94
  SINCE JUN 1      8.44                      7.98   0.46     2.64
  SINCE JAN 1     28.85                     31.38  -2.53    28.22

..................................................................


WIND (MPH)
  HIGHEST WIND SPEED    17   HIGHEST WIND DIRECTION     N (350)
  HIGHEST GUST SPEED    26   HIGHEST GUST DIRECTION     N (10)
  AVERAGE WIND SPEED     2.7


SKY COVER
  AVERAGE SKY COVER 0.1


WEATHER CONDITIONS
 THE FOLLOWING WEATHER WAS RECORDED YESTERDAY.
  THUNDERSTORM
  RAIN
  LIGHT RAIN
  FOG
  HAZE


RELATIVE HUMIDITY (PERCENT)
 HIGHEST   100           200 AM
 LOWEST     56           200 PM
 AVERAGE    78

..........................................................


THE TUSCALOOSA CLIMATE NORMALS FOR TODAY
                         NORMAL    RECORD    YEAR
 MAXIMUM TEMPERATURE (F)   92       104      1952
 MINIMUM TEMPERATURE (F)   72        64      1971


SUNRISE AND SUNSET
JULY 23 2016..........SUNRISE   558 AM CDT   SUNSET   756 PM CDT
JULY 24 2016..........SUNRISE   558 AM CDT   SUNSET   755 PM CDT


-  INDICATES NEGATIVE NUMBERS.
R  INDICATES RECORD WAS SET OR TIED.
MM INDICATES DATA IS MISSING.
T  INDICATES TRACE AMOUNT.




$$
