000
CDUS44 KBMX 290806
CLITCL


CLIMATE REPORT
NATIONAL WEATHER SERVICE BIRMINGHAM, AL
305 AM CDT SAT AUG 29 2015


...................................

...THE TUSCALOOSA CLIMATE SUMMARY FOR AUGUST 28 2015...

CLIMATE NORMAL PERIOD 1994 TO 1994
CLIMATE RECORD PERIOD 1994 TO 2015


WEATHER ITEM   OBSERVED TIME   RECORD YEAR NORMAL DEPARTURE LAST
                VALUE   (LST)  VALUE       VALUE  FROM      YEAR
                                                  NORMAL
..................................................................
TEMPERATURE (F)
 YESTERDAY
  MAXIMUM         92    247 PM 105    2000  91      1       96
  MINIMUM         66    530 AM  57    1952  70     -4       66
  AVERAGE         79                        80     -1       81

PRECIPITATION (IN)
  YESTERDAY        T             1.59 2010   0.10  -0.10     0.00
  MONTH TO DATE    4.24                      2.99   1.25     2.44
  SINCE JUN 1      8.86                     12.16  -3.30     8.51
  SINCE JAN 1     34.44                     35.56  -1.12    33.55

..................................................................


WIND (MPH)
  HIGHEST WIND SPEED    16   HIGHEST WIND DIRECTION    SE (140)
  HIGHEST GUST SPEED    24   HIGHEST GUST DIRECTION    SE (140)
  AVERAGE WIND SPEED     3.9


SKY COVER
  AVERAGE SKY COVER 0.2


WEATHER CONDITIONS
 THE FOLLOWING WEATHER WAS RECORDED YESTERDAY.
  FOG


RELATIVE HUMIDITY (PERCENT)
 HIGHEST    93           200 AM
 LOWEST     41           200 PM
 AVERAGE    67

..........................................................


THE TUSCALOOSA CLIMATE NORMALS FOR TODAY
                         NORMAL    RECORD    YEAR
 MAXIMUM TEMPERATURE (F)   91       107      2000
 MINIMUM TEMPERATURE (F)   69        56      1992
                                             1986


SUNRISE AND SUNSET
AUGUST 29 2015........SUNRISE   623 AM CDT   SUNSET   720 PM CDT
AUGUST 30 2015........SUNRISE   623 AM CDT   SUNSET   718 PM CDT


-  INDICATES NEGATIVE NUMBERS.
R  INDICATES RECORD WAS SET OR TIED.
MM INDICATES DATA IS MISSING.
T  INDICATES TRACE AMOUNT.




$$
