184
CDUS44 KBMX 230735
CLITCL


CLIMATE REPORT
NATIONAL WEATHER SERVICE BIRMINGHAM, AL
235 AM CDT MON OCT 23 2017


...................................

...THE TUSCALOOSA CLIMATE SUMMARY FOR OCTOBER 22 2017...

CLIMATE NORMAL PERIOD 1981 TO 2010
CLIMATE RECORD PERIOD 1948 TO 2017


WEATHER ITEM   OBSERVED TIME   RECORD YEAR NORMAL DEPARTURE LAST
                VALUE   (LST)  VALUE       VALUE  FROM      YEAR
                                                  NORMAL
..................................................................
TEMPERATURE (F)
 YESTERDAY
  MAXIMUM         76   1244 PM  91    1953  75      1       73
  MINIMUM         65    727 AM  30    1987  50     15       40
  AVERAGE         71                        62      9       57

PRECIPITATION (IN)
  YESTERDAY        0.51          1.03 2007   0.12   0.39     0.00
  MONTH TO DATE    3.18                      2.53   0.65      T
  SINCE SEP 1      4.81                      6.05  -1.24     0.33
  SINCE JAN 1     53.10                     41.92  11.18    32.07

SNOWFALL (IN)
  YESTERDAY        0.0                       0.0    0.0
  MONTH TO DATE    0.0                       0.0    0.0
  SINCE SEP 1      0.0                       0.0    0.0
  SINCE JUL 1      0.0                       0.0    0.0

DEGREE DAYS
 HEATING
  YESTERDAY        0                         5     -5
  MONTH TO DATE   15                        58    -43
  SINCE SEP 1     19                        65    -46
  SINCE JUL 1     19                        65    -46
..................................................................


WIND (MPH)
  HIGHEST WIND SPEED    16   HIGHEST WIND DIRECTION    SE (140)
  HIGHEST GUST SPEED    23   HIGHEST GUST DIRECTION    SE (150)
  AVERAGE WIND SPEED     7.3


SKY COVER
  AVERAGE SKY COVER 0.6


WEATHER CONDITIONS
 THE FOLLOWING WEATHER WAS RECORDED YESTERDAY.
  HEAVY RAIN
  RAIN
  LIGHT RAIN
  FOG


RELATIVE HUMIDITY (PERCENT)
 HIGHEST   100           600 PM
 LOWEST     78          1200 AM
 AVERAGE    89

..........................................................


THE TUSCALOOSA CLIMATE NORMALS FOR TODAY
                         NORMAL    RECORD    YEAR
 MAXIMUM TEMPERATURE (F)   75        90      1953
 MINIMUM TEMPERATURE (F)   49        36      2006
                                             1987
                                             1954


SUNRISE AND SUNSET
OCTOBER 23 2017.......SUNRISE   701 AM CDT   SUNSET   608 PM CDT
OCTOBER 24 2017.......SUNRISE   702 AM CDT   SUNSET   606 PM CDT


-  INDICATES NEGATIVE NUMBERS.
R  INDICATES RECORD WAS SET OR TIED.
MM INDICATES DATA IS MISSING.
T  INDICATES TRACE AMOUNT.




$$
