000
CDUS44 KBMX 280647
CLITCL


CLIMATE REPORT
NATIONAL WEATHER SERVICE BIRMINGHAM, AL
145 AM CDT THU MAY 28 2015


...................................

...THE TUSCALOOSA CLIMATE SUMMARY FOR MAY 27 2015...

CLIMATE NORMAL PERIOD 1994 TO 1994
CLIMATE RECORD PERIOD 1994 TO 2015


WEATHER ITEM   OBSERVED TIME   RECORD YEAR NORMAL DEPARTURE LAST
                VALUE   (LST)  VALUE       VALUE  FROM      YEAR
                                                  NORMAL
..................................................................
TEMPERATURE (F)
 YESTERDAY
  MAXIMUM         85    155 PM  97    1964  86     -1       88
  MINIMUM         68   1159 PM  44    1961  63      5       69
  AVERAGE         77                        74      3       79

PRECIPITATION (IN)
  YESTERDAY        0.45          1.42 1963   0.13   0.32     0.04
  MONTH TO DATE    1.41                      3.46  -2.05     0.75
  SINCE MAR 1     13.92                     12.21   1.71    16.49
  SINCE JAN 1     24.67                     22.88   1.79    24.21

..................................................................


WIND (MPH)
  HIGHEST WIND SPEED    31   HIGHEST WIND DIRECTION    SE (150)
  HIGHEST GUST SPEED    43   HIGHEST GUST DIRECTION    SE (150)
  AVERAGE WIND SPEED     5.2


SKY COVER
  AVERAGE SKY COVER 0.6


WEATHER CONDITIONS
 THE FOLLOWING WEATHER WAS RECORDED YESTERDAY.
  THUNDERSTORM
  HEAVY RAIN
  RAIN
  LIGHT RAIN
  FOG


RELATIVE HUMIDITY (PERCENT)
 HIGHEST    93          1200 AM
 LOWEST     61           100 PM
 AVERAGE    77

..........................................................


THE TUSCALOOSA CLIMATE NORMALS FOR TODAY
                         NORMAL    RECORD    YEAR
 MAXIMUM TEMPERATURE (F)   86        96      1962
                                             1953
 MINIMUM TEMPERATURE (F)   63        42      1961


SUNRISE AND SUNSET
MAY 28 2015...........SUNRISE   544 AM CDT   SUNSET   752 PM CDT
MAY 29 2015...........SUNRISE   543 AM CDT   SUNSET   753 PM CDT


-  INDICATES NEGATIVE NUMBERS.
R  INDICATES RECORD WAS SET OR TIED.
MM INDICATES DATA IS MISSING.
T  INDICATES TRACE AMOUNT.




$$
