000
CDUS44 KBMX 230841
CLITCL


CLIMATE REPORT
NATIONAL WEATHER SERVICE BIRMINGHAM, AL
340 AM CDT THU MAR 23 2017


...................................

...THE TUSCALOOSA CLIMATE SUMMARY FOR MARCH 22 2017...

CLIMATE NORMAL PERIOD 1981 TO 2010
CLIMATE RECORD PERIOD 1948 TO 2017


WEATHER ITEM   OBSERVED TIME   RECORD YEAR NORMAL DEPARTURE LAST
                VALUE   (LST)  VALUE       VALUE  FROM      YEAR
                                                  NORMAL
..................................................................
TEMPERATURE (F)
 YESTERDAY
  MAXIMUM         75    218 PM  86    1995  70      5       69
  MINIMUM         53   1159 PM  26    1986  45      8       33
                                      1960
  AVERAGE         64                        58      6       51

PRECIPITATION (IN)
  YESTERDAY        0.00          1.10 2012   0.14  -0.14     0.00
  MONTH TO DATE    3.22                      3.26  -0.04     4.18
  SINCE MAR 1      3.22                      3.26  -0.04     4.18
  SINCE JAN 1     14.43                     13.93   0.50    13.78

SNOWFALL (IN)
  YESTERDAY        0.0                       0.0    0.0
  MONTH TO DATE    0.0                       0.2   -0.2
  SINCE MAR 1      0.0                       0.2   -0.2
  SINCE JUL 1      0.0                       0.6   -0.6

DEGREE DAYS
 HEATING
  YESTERDAY        1                         8     -7
  MONTH TO DATE  232                       228      4
  SINCE MAR 1    232                       228      4
  SINCE JUL 1   1535                      2318   -783
..................................................................


WIND (MPH)
  HIGHEST WIND SPEED    17   HIGHEST WIND DIRECTION     N (360)
  HIGHEST GUST SPEED    22   HIGHEST GUST DIRECTION     N (10)
  AVERAGE WIND SPEED     8.5


SKY COVER
  AVERAGE SKY COVER 0.0


WEATHER CONDITIONS
 THE FOLLOWING WEATHER WAS RECORDED YESTERDAY.
  NO SIGNIFICANT WEATHER WAS OBSERVED.


RELATIVE HUMIDITY (PERCENT)
 HIGHEST    93           500 AM
 LOWEST     35           300 PM
 AVERAGE    64

..........................................................


THE TUSCALOOSA CLIMATE NORMALS FOR TODAY
                         NORMAL    RECORD    YEAR
 MAXIMUM TEMPERATURE (F)   71        90      1995
 MINIMUM TEMPERATURE (F)   45        27      1986


SUNRISE AND SUNSET
MARCH 23 2017.........SUNRISE   650 AM CDT   SUNSET   704 PM CDT
MARCH 24 2017.........SUNRISE   649 AM CDT   SUNSET   705 PM CDT


-  INDICATES NEGATIVE NUMBERS.
R  INDICATES RECORD WAS SET OR TIED.
MM INDICATES DATA IS MISSING.
T  INDICATES TRACE AMOUNT.




$$
