000
CDUS44 KBMX 132121
CLITCL


CLIMATE REPORT
NATIONAL WEATHER SERVICE BIRMINGHAM, AL
421 PM CDT SUN JUL 13 2014


...................................

...THE TUSCALOOSA CLIMATE SUMMARY FOR JULY 13 2014...
VALID AS OF 0400 PM LOCAL TIME.

CLIMATE NORMAL PERIOD 1981 TO 2010
CLIMATE RECORD PERIOD 1948 TO 2014


WEATHER ITEM   OBSERVED TIME   RECORD YEAR NORMAL DEPARTURE LAST
                VALUE   (LST)  VALUE       VALUE  FROM      YEAR
                                                  NORMAL
..................................................................
TEMPERATURE (F)
 TODAY
  MAXIMUM         94    230 PM 104    1980  92      2       90
  MINIMUM         72    433 AM  63    1975  71      1       69
  AVERAGE         83                        82      1       80

PRECIPITATION (IN)
  TODAY            0.00          2.03 1955   0.15  -0.15     0.15
  MONTH TO DATE    0.02                      1.96  -1.94     4.21
  SINCE JUN 1      5.17                      6.73  -1.56     9.89
  SINCE JAN 1     30.21                     30.13   0.08    31.85

DEGREE DAYS
 COOLING
  TODAY           18                        17      1
  MONTH TO DATE  198                       214    -16
  SINCE JUN 1    632                       617     15
  SINCE JAN 1    922                       928     -6
..................................................................


WIND (MPH)
  HIGHEST WIND SPEED    10   HIGHEST WIND DIRECTION     S (190)
  HIGHEST GUST SPEED    14   HIGHEST GUST DIRECTION     S (200)
  AVERAGE WIND SPEED     1.9


SKY COVER
  AVERAGE SKY COVER 0.2


WEATHER CONDITIONS
 THE FOLLOWING WEATHER WAS RECORDED TODAY.
  FOG
  HAZE


RELATIVE HUMIDITY (PERCENT)
 HIGHEST   100           200 AM
 LOWEST     52           200 PM
 AVERAGE    76

..........................................................


THE TUSCALOOSA CLIMATE NORMALS FOR TOMORROW
                         NORMAL    RECORD    YEAR
 MAXIMUM TEMPERATURE (F)   92       103      2000
                                             1980
 MINIMUM TEMPERATURE (F)   71        60      1967
                                             1964


SUNRISE AND SUNSET
JULY 13 2014..........SUNRISE   551 AM CDT   SUNSET   801 PM CDT
JULY 14 2014..........SUNRISE   552 AM CDT   SUNSET   801 PM CDT


-  INDICATES NEGATIVE NUMBERS.
R  INDICATES RECORD WAS SET OR TIED.
MM INDICATES DATA IS MISSING.
T  INDICATES TRACE AMOUNT.




$$
