000
CDUS44 KBMX 010725
CLITCL


CLIMATE REPORT
NATIONAL WEATHER SERVICE BIRMINGHAM, AL
222 AM CDT SAT AUG 1 2015


...................................

...THE TUSCALOOSA CLIMATE SUMMARY FOR JULY 31 2015...

CLIMATE NORMAL PERIOD 1994 TO 1994
CLIMATE RECORD PERIOD 1994 TO 2015


WEATHER ITEM   OBSERVED TIME   RECORD YEAR NORMAL DEPARTURE LAST
                VALUE   (LST)  VALUE       VALUE  FROM      YEAR
                                                  NORMAL
..................................................................
TEMPERATURE (F)
 YESTERDAY
  MAXIMUM         94    341 PM 101    1986  92      2       87
  MINIMUM         71   1144 PM  62    1994  72     -1       67
  AVERAGE         83                        82      1       77

PRECIPITATION (IN)
  YESTERDAY        0.00          2.92 1975   0.12  -0.12     0.00
  MONTH TO DATE    2.92                      4.40  -1.48     0.92
  SINCE JUN 1      4.62                      9.17  -4.55     6.07
  SINCE JAN 1     30.20                     32.57  -2.37    31.11

..................................................................


WIND (MPH)
  HIGHEST WIND SPEED    22   HIGHEST WIND DIRECTION     N (20)
  HIGHEST GUST SPEED    27   HIGHEST GUST DIRECTION    NE (30)
  AVERAGE WIND SPEED     9.6


SKY COVER
  AVERAGE SKY COVER 0.0


WEATHER CONDITIONS
 THE FOLLOWING WEATHER WAS RECORDED YESTERDAY.
  NO SIGNIFICANT WEATHER WAS OBSERVED.


RELATIVE HUMIDITY (PERCENT)
 HIGHEST    73           500 AM
 LOWEST     26           300 PM
 AVERAGE    50

..........................................................


THE TUSCALOOSA CLIMATE NORMALS FOR TODAY
                         NORMAL    RECORD    YEAR
 MAXIMUM TEMPERATURE (F)   92       102      2010
 MINIMUM TEMPERATURE (F)   72        63      1997


SUNRISE AND SUNSET
AUGUST  1 2015........SUNRISE   603 AM CDT   SUNSET   750 PM CDT
AUGUST  2 2015........SUNRISE   604 AM CDT   SUNSET   749 PM CDT


-  INDICATES NEGATIVE NUMBERS.
R  INDICATES RECORD WAS SET OR TIED.
MM INDICATES DATA IS MISSING.
T  INDICATES TRACE AMOUNT.




$$
