000
CDUS44 KBMX 052252
CLITCL


CLIMATE REPORT
NATIONAL WEATHER SERVICE BIRMINGHAM, AL
451 PM CST THU MAR 5 2015


...................................

...THE TUSCALOOSA CLIMATE SUMMARY FOR MARCH 5 2015...
VALID AS OF 0400 PM LOCAL TIME.

CLIMATE NORMAL PERIOD 1994 TO 1994
CLIMATE RECORD PERIOD 1994 TO 2015


WEATHER ITEM   OBSERVED TIME   RECORD YEAR NORMAL DEPARTURE LAST
                VALUE   (LST)  VALUE       VALUE  FROM      YEAR
                                                  NORMAL
..................................................................
TEMPERATURE (F)
 TODAY
  MAXIMUM         49   1200 AM  83    1974  66    -17       64
                                      1955
  MINIMUM         31    205 PM  18    1960  42    -11       32
  AVERAGE         40                        54    -14       48

PRECIPITATION (IN)
  TODAY            0.54          3.04 1983   0.17   0.37     0.00
  MONTH TO DATE    1.08                      0.83   0.25     0.37
  SINCE MAR 1      1.08                      0.83   0.25     0.37
  SINCE JAN 1     11.83                     11.50   0.33     8.09

SNOWFALL (IN)
  TODAY           MM                         0.1   MM
  MONTH TO DATE    0.0                       0.1   -0.1
  SINCE MAR 1      0.0                       0.1   -0.1
  SINCE JUL 1      0.0                       0.5   -0.5
  SNOW DEPTH       0

DEGREE DAYS

 COOLING
  TODAY            0                         0      0
  MONTH TO DATE    0                         0      0
  SINCE MAR 1      0                         0      0
  SINCE JAN 1      0                         5     -5
..................................................................


WIND (MPH)
  HIGHEST WIND SPEED    20   HIGHEST WIND DIRECTION    NW (330)
  HIGHEST GUST SPEED    26   HIGHEST GUST DIRECTION    NW (320)
  AVERAGE WIND SPEED    12.4


SKY COVER
  AVERAGE SKY COVER 0.9


WEATHER CONDITIONS
 THE FOLLOWING WEATHER WAS RECORDED TODAY.
  HEAVY RAIN
  RAIN
  LIGHT RAIN
  FOG


RELATIVE HUMIDITY (PERCENT)
 HIGHEST    93           100 AM
 LOWEST     75           400 PM
 AVERAGE    84

..........................................................


THE TUSCALOOSA CLIMATE NORMALS FOR TOMORROW
                         NORMAL    RECORD    YEAR
 MAXIMUM TEMPERATURE (F)   66        83      1974
 MINIMUM TEMPERATURE (F)   42        18      1960


SUNRISE AND SUNSET
MARCH  5 2015.........SUNRISE   614 AM CST   SUNSET   550 PM CST
MARCH  6 2015.........SUNRISE   613 AM CST   SUNSET   551 PM CST


-  INDICATES NEGATIVE NUMBERS.
R  INDICATES RECORD WAS SET OR TIED.
MM INDICATES DATA IS MISSING.
T  INDICATES TRACE AMOUNT.




$$
