000
CDUS44 KBMX 290933
CLITCL


CLIMATE REPORT
NATIONAL WEATHER SERVICE BIRMINGHAM, AL
431 AM CDT FRI AUG 29 2014


...................................

...THE TUSCALOOSA CLIMATE SUMMARY FOR AUGUST 28 2014...

CLIMATE NORMAL PERIOD 1981 TO 2010
CLIMATE RECORD PERIOD 1948 TO 2014


WEATHER ITEM   OBSERVED TIME   RECORD YEAR NORMAL DEPARTURE LAST
                VALUE   (LST)  VALUE       VALUE  FROM      YEAR
                                                  NORMAL
..................................................................
TEMPERATURE (F)
 YESTERDAY
  MAXIMUM         96    238 PM 105    2000  91      5       89
  MINIMUM         66    536 AM  57    1952  70     -4       66
  AVERAGE         81                        80      1       78

PRECIPITATION (IN)
  YESTERDAY        0.00          1.59 2010   0.10  -0.10     0.00
  MONTH TO DATE    2.44                      2.99  -0.55     4.02
  SINCE JUN 1      8.51                     12.16  -3.65    16.86
  SINCE JAN 1     33.55                     35.56  -2.01    38.82

..................................................................


WIND (MPH)
  HIGHEST WIND SPEED    13   HIGHEST WIND DIRECTION    SW (210)
  HIGHEST GUST SPEED    17   HIGHEST GUST DIRECTION     S (200)
  AVERAGE WIND SPEED     2.4


SKY COVER
  AVERAGE SKY COVER 0.0


WEATHER CONDITIONS
 THE FOLLOWING WEATHER WAS RECORDED YESTERDAY.
  NO SIGNIFICANT WEATHER WAS OBSERVED.


RELATIVE HUMIDITY (PERCENT)
 HIGHEST    93           300 AM
 LOWEST     24           200 PM
 AVERAGE    59

..........................................................


THE TUSCALOOSA CLIMATE NORMALS FOR TODAY
                         NORMAL    RECORD    YEAR
 MAXIMUM TEMPERATURE (F)   91       107      2000
 MINIMUM TEMPERATURE (F)   69        56      1992
                                             1986


SUNRISE AND SUNSET
AUGUST 29 2014........SUNRISE   623 AM CDT   SUNSET   719 PM CDT
AUGUST 30 2014........SUNRISE   623 AM CDT   SUNSET   718 PM CDT


-  INDICATES NEGATIVE NUMBERS.
R  INDICATES RECORD WAS SET OR TIED.
MM INDICATES DATA IS MISSING.
T  INDICATES TRACE AMOUNT.




$$
