000
CDUS44 KBMX 190908
CLITCL


CLIMATE REPORT
NATIONAL WEATHER SERVICE BIRMINGHAM, AL
307 AM CST THU JAN 19 2017


...................................

...THE TUSCALOOSA CLIMATE SUMMARY FOR JANUARY 18 2017...

CLIMATE NORMAL PERIOD 1981 TO 2010
CLIMATE RECORD PERIOD 1948 TO 2017


WEATHER ITEM   OBSERVED TIME   RECORD YEAR NORMAL DEPARTURE LAST
                VALUE   (LST)  VALUE       VALUE  FROM      YEAR
                                                  NORMAL
..................................................................
TEMPERATURE (F)
 YESTERDAY
  MAXIMUM         67    407 PM  74    1950  55     12       37
  MINIMUM         56   1010 PM   8    1977  34     22       24
  AVERAGE         62                        44     18       31

PRECIPITATION (IN)
  YESTERDAY        0.00          3.15 1987   0.17  -0.17     0.00
  MONTH TO DATE    3.41                      2.90   0.51     0.40
  SINCE DEC 1      6.32                      7.52  -1.20     8.67
  SINCE JAN 1      3.41                      2.90   0.51     0.40

SNOWFALL (IN)
  YESTERDAY        0.0                       0.0    0.0
  MONTH TO DATE    0.0                       0.2   -0.2
  SINCE DEC 1      0.0                       0.2   -0.2
  SINCE JUL 1      0.0                       0.2   -0.2

DEGREE DAYS
 HEATING
  YESTERDAY        3                        21    -18
  MONTH TO DATE  222                       373   -151
  SINCE DEC 1    612                       937   -325
  SINCE JUL 1    871                      1374   -503
..................................................................


WIND (MPH)
  HIGHEST WIND SPEED     8   HIGHEST WIND DIRECTION    NE (40)
  HIGHEST GUST SPEED     9   HIGHEST GUST DIRECTION     E (90)
  AVERAGE WIND SPEED     3.2


SKY COVER
  AVERAGE SKY COVER 0.8


WEATHER CONDITIONS
 THE FOLLOWING WEATHER WAS RECORDED YESTERDAY.
  FOG


RELATIVE HUMIDITY (PERCENT)
 HIGHEST   100           100 AM
 LOWEST     78           300 PM
 AVERAGE    89

..........................................................


THE TUSCALOOSA CLIMATE NORMALS FOR TODAY
                         NORMAL    RECORD    YEAR
 MAXIMUM TEMPERATURE (F)   56        79      1982
 MINIMUM TEMPERATURE (F)   34        -1      1977


SUNRISE AND SUNSET
JANUARY 19 2017.......SUNRISE   653 AM CST   SUNSET   510 PM CST
JANUARY 20 2017.......SUNRISE   652 AM CST   SUNSET   511 PM CST


-  INDICATES NEGATIVE NUMBERS.
R  INDICATES RECORD WAS SET OR TIED.
MM INDICATES DATA IS MISSING.
T  INDICATES TRACE AMOUNT.




$$
