000
CDUS44 KBMX 040800
CLITCL


CLIMATE REPORT
NATIONAL WEATHER SERVICE BIRMINGHAM, AL
300 AM CDT WED MAY 4 2016


...................................

...THE TUSCALOOSA CLIMATE SUMMARY FOR MAY 3 2016...

CLIMATE NORMAL PERIOD 1994 TO 1994
CLIMATE RECORD PERIOD 1948 TO 2016


WEATHER ITEM   OBSERVED TIME   RECORD YEAR NORMAL DEPARTURE LAST
                VALUE   (LST)  VALUE       VALUE  FROM      YEAR
                                                  NORMAL
..................................................................
TEMPERATURE (F)
 YESTERDAY
  MAXIMUM         76    140 PM  92    1952  80     -4       82
  MINIMUM         58   1159 PM  41    1961  56      2       50
  AVERAGE         67                        68     -1       66

PRECIPITATION (IN)
  YESTERDAY        T             1.53 2013   0.13  -0.13     0.00
  MONTH TO DATE    0.11                      0.37  -0.26     0.00
  SINCE MAR 1     10.22                      9.12   1.10    12.51
  SINCE JAN 1     19.82                     19.79   0.03    23.26

..................................................................


WIND (MPH)
  HIGHEST WIND SPEED    15   HIGHEST WIND DIRECTION    NW (310)
  HIGHEST GUST SPEED    18   HIGHEST GUST DIRECTION     W (280)
  AVERAGE WIND SPEED     6.2


SKY COVER
  AVERAGE SKY COVER 0.8


WEATHER CONDITIONS
 THE FOLLOWING WEATHER WAS RECORDED YESTERDAY.
  NO SIGNIFICANT WEATHER WAS OBSERVED.


RELATIVE HUMIDITY (PERCENT)
 HIGHEST   100          1200 AM
 LOWEST     46           400 PM
 AVERAGE    73

..........................................................


THE TUSCALOOSA CLIMATE NORMALS FOR TODAY
                         NORMAL    RECORD    YEAR
 MAXIMUM TEMPERATURE (F)   81        92      1959
                                             1955
 MINIMUM TEMPERATURE (F)   56        36      1976


SUNRISE AND SUNSET
MAY  4 2016...........SUNRISE   559 AM CDT   SUNSET   736 PM CDT
MAY  5 2016...........SUNRISE   558 AM CDT   SUNSET   736 PM CDT


-  INDICATES NEGATIVE NUMBERS.
R  INDICATES RECORD WAS SET OR TIED.
MM INDICATES DATA IS MISSING.
T  INDICATES TRACE AMOUNT.




$$
