000
CDUS42 KTAE 040620
CLITLH


CLIMATE REPORT
NATIONAL WEATHER SERVICE TALLAHASSEE FL
218 AM EDT FRI SEP 4 2015

...................................

...THE TALLAHASSEE CLIMATE SUMMARY FOR SEPTEMBER 3 2015...

CLIMATE NORMAL PERIOD 1981 TO 2010
CLIMATE RECORD PERIOD 1896 TO 2015


WEATHER ITEM   OBSERVED TIME   RECORD YEAR NORMAL DEPARTURE LAST
                VALUE   (LST)  VALUE       VALUE  FROM      YEAR
                                                  NORMAL
..................................................................
TEMPERATURE (F)
 YESTERDAY
  MAXIMUM         95    136 PM  98    1966  90      5       93
  MINIMUM         75    637 AM  62    1999  71      4       73
                                      1968
  AVERAGE         85                        81      4       83

PRECIPITATION (IN)
  YESTERDAY        0.01          3.93 1965   0.19  -0.18     0.00
  MONTH TO DATE    0.06                      0.56  -0.50     3.11
  SINCE SEP 1      0.06                      0.56  -0.50     3.11
  SINCE JAN 1     37.80                     44.47  -6.67    44.19

SNOWFALL (IN)
  YESTERDAY        0.0                       0.0    0.0

DEGREE DAYS
 HEATING
  YESTERDAY        0                                0
  MONTH TO DATE    0                                0
  SINCE SEP 1      0                                0
  SINCE JUL 1      0                                0

 COOLING
  YESTERDAY       20                                4
  MONTH TO DATE   57                                9
  SINCE SEP 1     57                                9
  SINCE JAN 1   2652                              651
..................................................................


WIND (MPH)
  HIGHEST WIND SPEED     7   HIGHEST WIND DIRECTION     N (360)
  HIGHEST GUST SPEED    MM   HIGHEST GUST DIRECTION    MM
  AVERAGE WIND SPEED     2.9




RELATIVE HUMIDITY (PERCENT)
 HIGHEST    94
 LOWEST     46
 AVERAGE    70

..........................................................


THE TALLAHASSEE CLIMATE NORMALS FOR TODAY
                         NORMAL    RECORD    YEAR
 MAXIMUM TEMPERATURE (F)   90        99      1962
 MINIMUM TEMPERATURE (F)   71        64      1946


SUNRISE AND SUNSET
SEPTEMBER  4 2015.....SUNRISE   716 AM EDT   SUNSET   757 PM EDT
SEPTEMBER  5 2015.....SUNRISE   716 AM EDT   SUNSET   756 PM EDT


-  INDICATES NEGATIVE NUMBERS.
R  INDICATES RECORD WAS SET OR TIED.
MM INDICATES DATA IS MISSING.
T  INDICATES TRACE AMOUNT.

$$
