000
CDUS42 KTAE 220715
CLITLH


CLIMATE REPORT
NATIONAL WEATHER SERVICE TALLAHASSEE FL
310 AM EDT FRI AUG 22 2014


...................................

...THE TALLAHASSEE CLIMATE SUMMARY FOR AUGUST 21 2014...

CLIMATE NORMAL PERIOD 1981 TO 2010
CLIMATE RECORD PERIOD 1896 TO 2014


WEATHER ITEM   OBSERVED TIME   RECORD YEAR NORMAL DEPARTURE LAST
                VALUE   (LST)  VALUE       VALUE  FROM      YEAR
                                                  NORMAL
..................................................................
TEMPERATURE (F)
 YESTERDAY
  MAXIMUM         99R   359 PM  99    1968  91      8
  MINIMUM         74    546 AM  60    1991  72      2
  AVERAGE         87                        82      5

PRECIPITATION (IN)
  YESTERDAY        0.00          1.60 1979   0.23  -0.23     0.02
  MONTH TO DATE    1.93                      5.30  -3.37     6.74
  SINCE JUN 1      8.66                     20.20 -11.54    29.02
  SINCE JAN 1     40.75                     41.86  -1.11    51.41

SNOWFALL (IN)
  YESTERDAY        0.0                       0.0    0.0

DEGREE DAYS
 HEATING
  YESTERDAY        0                                0
  MONTH TO DATE    0                                0
  SINCE JUN 1      0                                0
  SINCE JUL 1      0                                0

 COOLING
  YESTERDAY       22                                5
  MONTH TO DATE  413                               56
  SINCE JUN 1   1479                              136
  SINCE JAN 1   1968                              179
..................................................................


WIND (MPH)
  HIGHEST WIND SPEED    14   HIGHEST WIND DIRECTION    NW (300)
  HIGHEST GUST SPEED    32   HIGHEST GUST DIRECTION    SE (150)
  AVERAGE WIND SPEED     3.8




RELATIVE HUMIDITY (PERCENT)
 HIGHEST    87
 LOWEST     40
 AVERAGE    64

..........................................................


THE TALLAHASSEE CLIMATE NORMALS FOR TODAY
                         NORMAL    RECORD    YEAR
 MAXIMUM TEMPERATURE (F)   91       100      1980
 MINIMUM TEMPERATURE (F)   72        62      2001
                                             1997


SUNRISE AND SUNSET
AUGUST 22 2014........SUNRISE   708 AM EDT   SUNSET   812 PM EDT
AUGUST 23 2014........SUNRISE   709 AM EDT   SUNSET   811 PM EDT


-  INDICATES NEGATIVE NUMBERS.
R  INDICATES RECORD WAS SET OR TIED.
MM INDICATES DATA IS MISSING.
T  INDICATES TRACE AMOUNT.




$$
