000
CDUS42 KTAE 040634
CLITLH


CLIMATE REPORT
NATIONAL WEATHER SERVICE TALLAHASSEE FL
233 AM EDT WED MAY 4 2016


...................................

...THE TALLAHASSEE CLIMATE SUMMARY FOR MAY 3 2016...

CLIMATE NORMAL PERIOD 1981 TO 2010
CLIMATE RECORD PERIOD 1896 TO 2016


WEATHER ITEM   OBSERVED TIME   RECORD YEAR NORMAL DEPARTURE LAST
                VALUE   (LST)  VALUE       VALUE  FROM      YEAR
                                                  NORMAL
..................................................................
TEMPERATURE (F)
 YESTERDAY
  MAXIMUM         90    154 PM  94    2002  84      6       86
                                      1938
  MINIMUM         68    432 AM  42    1971  57     11       52
  AVERAGE         79                        71      8       69

PRECIPITATION (IN)
  YESTERDAY        0.03          3.06 1994   0.08  -0.05     0.00
  MONTH TO DATE    0.03                      0.25  -0.22     0.00
  SINCE MAR 1     13.02                      9.25   3.77     7.42
  SINCE JAN 1     21.72                     18.44   3.28    16.61

SNOWFALL (IN)
  YESTERDAY        0.0                       0.0    0.0

DEGREE DAYS
 HEATING
  YESTERDAY        0                               -1
  MONTH TO DATE    0                               -3
  SINCE MAR 1     98                             -152
  SINCE JUL 1    943                             -650

 COOLING
  YESTERDAY       14                                8
  MONTH TO DATE   41                               23
  SINCE MAR 1    296                              139
  SINCE JAN 1    299                              128
..................................................................


WIND (MPH)
  HIGHEST WIND SPEED    22   HIGHEST WIND DIRECTION     S (170)
  HIGHEST GUST SPEED    29   HIGHEST GUST DIRECTION     S (200)
  AVERAGE WIND SPEED     7.1




RELATIVE HUMIDITY (PERCENT)
 HIGHEST    97
 LOWEST     41
 AVERAGE    69

..........................................................


THE TALLAHASSEE CLIMATE NORMALS FOR TODAY
                         NORMAL    RECORD    YEAR
 MAXIMUM TEMPERATURE (F)   84        96      1930
 MINIMUM TEMPERATURE (F)   57        34      1971


SUNRISE AND SUNSET
MAY  4 2016...........SUNRISE   651 AM EDT   SUNSET   818 PM EDT
MAY  5 2016...........SUNRISE   650 AM EDT   SUNSET   818 PM EDT


-  INDICATES NEGATIVE NUMBERS.
R  INDICATES RECORD WAS SET OR TIED.
MM INDICATES DATA IS MISSING.
T  INDICATES TRACE AMOUNT.




$$
