000
CDUS42 KTAE 170630
CLITLH


CLIMATE REPORT
NATIONAL WEATHER SERVICE TALLAHASSEE FL
130 AM EST SUN DEC 17 2017


...................................

...THE TALLAHASSEE CLIMATE SUMMARY FOR DECEMBER 16 2017...

CLIMATE NORMAL PERIOD 1981 TO 2010
CLIMATE RECORD PERIOD 1896 TO 2017


WEATHER ITEM   OBSERVED TIME   RECORD YEAR NORMAL DEPARTURE LAST
                VALUE   (LST)  VALUE       VALUE  FROM      YEAR
                                                  NORMAL
..................................................................
TEMPERATURE (F)
 YESTERDAY
  MAXIMUM         64    449 PM  84    1971  65     -1       67
  MINIMUM         43   1154 PM  19    1985  41      2       41
                                      1968
  AVERAGE         54                        53      1       54

PRECIPITATION (IN)
  YESTERDAY        0.00          3.15 1911   0.12  -0.12     0.00
  MONTH TO DATE    1.30                      2.05  -0.75     3.40
  SINCE DEC 1      1.30                      2.05  -0.75     3.40
  SINCE JAN 1     54.50                     57.38  -2.88    59.02

SNOWFALL (IN)
  YESTERDAY        0.0                       0.0    0.0

DEGREE DAYS
 HEATING
  YESTERDAY       11                               -1
  MONTH TO DATE  185                                8
  SINCE DEC 1    185                                8
  SINCE JUL 1    357                              -56

 COOLING
  YESTERDAY        0                                0
  MONTH TO DATE    9                                1
  SINCE DEC 1      9                                1
  SINCE JAN 1   2947                              359
..................................................................


WIND (MPH)
  HIGHEST WIND SPEED    12   HIGHEST WIND DIRECTION     N (360)
  HIGHEST GUST SPEED    14   HIGHEST GUST DIRECTION     N (350)
  AVERAGE WIND SPEED     3.8




RELATIVE HUMIDITY (PERCENT)
 HIGHEST    76
 LOWEST     26
 AVERAGE    51

..........................................................


THE TALLAHASSEE CLIMATE NORMALS FOR TODAY
                         NORMAL    RECORD    YEAR
 MAXIMUM TEMPERATURE (F)   65        83      1971
 MINIMUM TEMPERATURE (F)   41        20      1968


SUNRISE AND SUNSET
DECEMBER 17 2017......SUNRISE   728 AM EST   SUNSET   539 PM EST
DECEMBER 18 2017......SUNRISE   729 AM EST   SUNSET   540 PM EST


-  INDICATES NEGATIVE NUMBERS.
R  INDICATES RECORD WAS SET OR TIED.
MM INDICATES DATA IS MISSING.
T  INDICATES TRACE AMOUNT.




$$
