000
CDUS42 KTAE 290701
CLITLH


CLIMATE REPORT
NATIONAL WEATHER SERVICE TALLAHASSEE FL
157 AM EST MON DEC 29 2014


...................................

...THE TALLAHASSEE CLIMATE SUMMARY FOR DECEMBER 28 2014...

CLIMATE NORMAL PERIOD 1981 TO 2010
CLIMATE RECORD PERIOD 1896 TO 2014


WEATHER ITEM   OBSERVED TIME   RECORD YEAR NORMAL DEPARTURE LAST
                VALUE   (LST)  VALUE       VALUE  FROM      YEAR
                                                  NORMAL
..................................................................
TEMPERATURE (F)
 YESTERDAY
  MAXIMUM         79    324 PM  81    1971  63     16
  MINIMUM         53    313 AM  18    2010  39     14
  AVERAGE         66                        51     15

PRECIPITATION (IN)
  YESTERDAY        0.00          1.42 1900   0.12  -0.12     0.04
  MONTH TO DATE    8.61                      3.53   5.08     3.49
  SINCE DEC 1      8.61                      3.53   5.08     3.49
  SINCE JAN 1     68.30                     58.86   9.44    65.37

SNOWFALL (IN)
  YESTERDAY        0.0                       0.0    0.0

DEGREE DAYS
 HEATING
  YESTERDAY        0                              -14
  MONTH TO DATE  238                             -100
  SINCE DEC 1    238                             -100
  SINCE JUL 1    589                               15

 COOLING
  YESTERDAY        1                                1
  MONTH TO DATE   12                                4
  SINCE DEC 1     12                                4
  SINCE JAN 1   2804                              216
..................................................................


WIND (MPH)
  HIGHEST WIND SPEED    16   HIGHEST WIND DIRECTION     S (200)
  HIGHEST GUST SPEED    22   HIGHEST GUST DIRECTION     S (200)
  AVERAGE WIND SPEED     5.1




RELATIVE HUMIDITY (PERCENT)
 HIGHEST    93
 LOWEST     54
 AVERAGE    74

..........................................................


THE TALLAHASSEE CLIMATE NORMALS FOR TODAY
                         NORMAL    RECORD    YEAR
 MAXIMUM TEMPERATURE (F)   63        80      1984
                                             1946
                                             1936
 MINIMUM TEMPERATURE (F)   39        12      1894


SUNRISE AND SUNSET
DECEMBER 29 2014......SUNRISE   733 AM EST   SUNSET   546 PM EST
DECEMBER 30 2014......SUNRISE   734 AM EST   SUNSET   546 PM EST


-  INDICATES NEGATIVE NUMBERS.
R  INDICATES RECORD WAS SET OR TIED.
MM INDICATES DATA IS MISSING.
T  INDICATES TRACE AMOUNT.




$$
