000
CDUS42 KTAE 260639
CLITLH


CLIMATE REPORT
NATIONAL WEATHER SERVICE TALLAHASSEE FL
238 AM EDT TUE MAY 26 2015


...................................

...THE TALLAHASSEE CLIMATE SUMMARY FOR MAY 25 2015...

CLIMATE NORMAL PERIOD 1981 TO 2010
CLIMATE RECORD PERIOD 1896 TO 2015


WEATHER ITEM   OBSERVED TIME   RECORD YEAR NORMAL DEPARTURE LAST
                VALUE   (LST)  VALUE       VALUE  FROM      YEAR
                                                  NORMAL
..................................................................
TEMPERATURE (F)
 YESTERDAY
  MAXIMUM         91    254 PM 100    1953  89      2       96
  MINIMUM         74    634 AM  48    1979  65      9       69
  AVERAGE         83                        77      6       83

PRECIPITATION (IN)
  YESTERDAY        0.00          2.54 1997   0.13  -0.13     0.01
  MONTH TO DATE    1.08                      2.53  -1.45     1.11
  SINCE MAR 1      8.50                     11.53  -3.03    23.80
  SINCE JAN 1     17.69                     20.72  -3.03    31.85

SNOWFALL (IN)
  YESTERDAY        0.0                       0.0    0.0

DEGREE DAYS
 HEATING
  YESTERDAY        0                                0
  MONTH TO DATE    0                               -3
  SINCE MAR 1     75                             -175
  SINCE JUL 1   1441                             -152

 COOLING
  YESTERDAY       18                                6
  MONTH TO DATE  328                              109
  SINCE MAR 1    723                              365
  SINCE JAN 1    730                              358
..................................................................


WIND (MPH)
  HIGHEST WIND SPEED    17   HIGHEST WIND DIRECTION     S (180)
  HIGHEST GUST SPEED    27   HIGHEST GUST DIRECTION     S (170)
  AVERAGE WIND SPEED     8.3




RELATIVE HUMIDITY (PERCENT)
 HIGHEST    87
 LOWEST     46
 AVERAGE    67

..........................................................


THE TALLAHASSEE CLIMATE NORMALS FOR TODAY
                         NORMAL    RECORD    YEAR
 MAXIMUM TEMPERATURE (F)   89       100      2012
 MINIMUM TEMPERATURE (F)   65        41      1979


SUNRISE AND SUNSET
MAY 26 2015...........SUNRISE   638 AM EDT   SUNSET   831 PM EDT
MAY 27 2015...........SUNRISE   638 AM EDT   SUNSET   832 PM EDT


-  INDICATES NEGATIVE NUMBERS.
R  INDICATES RECORD WAS SET OR TIED.
MM INDICATES DATA IS MISSING.
T  INDICATES TRACE AMOUNT.




$$
