000
CDUS42 KTAE 230642
CLITLH


CLIMATE REPORT
NATIONAL WEATHER SERVICE TALLAHASSEE FL
240 AM EDT TUE SEP 23 2014


...................................

...THE TALLAHASSEE CLIMATE SUMMARY FOR SEPTEMBER 22 2014...

CLIMATE NORMAL PERIOD 1981 TO 2010
CLIMATE RECORD PERIOD 1896 TO 2014


WEATHER ITEM   OBSERVED TIME   RECORD YEAR NORMAL DEPARTURE LAST
                VALUE   (LST)  VALUE       VALUE  FROM      YEAR
                                                  NORMAL
..................................................................
TEMPERATURE (F)
 YESTERDAY
  MAXIMUM         91    336 PM  97    1925  87      4
  MINIMUM         60    632 AM  49    1913  67     -7
  AVERAGE         76                        77     -1

PRECIPITATION (IN)
  YESTERDAY        0.00          7.86 2000   0.14  -0.14     0.13
  MONTH TO DATE    5.85                      3.58   2.27     2.76
  SINCE SEP 1      5.85                      3.58   2.27     2.76
  SINCE JAN 1     46.93                     47.49  -0.56    56.05

SNOWFALL (IN)
  YESTERDAY        0.0                       0.0    0.0

DEGREE DAYS
 HEATING
  YESTERDAY        0                                0
  MONTH TO DATE    0                                0
  SINCE SEP 1      0                                0
  SINCE JUL 1      0                                0

 COOLING
  YESTERDAY       11                               -1
  MONTH TO DATE  362                               50
  SINCE SEP 1    362                               50
  SINCE JAN 1   2533                              268
..................................................................


WIND (MPH)
  HIGHEST WIND SPEED    MM   HIGHEST WIND DIRECTION    MM
  HIGHEST GUST SPEED    MM   HIGHEST GUST DIRECTION    MM
  AVERAGE WIND SPEED     3.3




RELATIVE HUMIDITY (PERCENT)
 HIGHEST   100
 LOWEST     34
 AVERAGE    67

..........................................................


THE TALLAHASSEE CLIMATE NORMALS FOR TODAY
                         NORMAL    RECORD    YEAR
 MAXIMUM TEMPERATURE (F)   87        98      1925
 MINIMUM TEMPERATURE (F)   66        48      1983
                                             1982


SUNRISE AND SUNSET
SEPTEMBER 23 2014.....SUNRISE   726 AM EDT   SUNSET   733 PM EDT
SEPTEMBER 24 2014.....SUNRISE   727 AM EDT   SUNSET   731 PM EDT


-  INDICATES NEGATIVE NUMBERS.
R  INDICATES RECORD WAS SET OR TIED.
MM INDICATES DATA IS MISSING.
T  INDICATES TRACE AMOUNT.




$$
