000
CDUS42 KTAE 260637
CLITLH


CLIMATE REPORT
NATIONAL WEATHER SERVICE TALLAHASSEE FL
236 AM EDT TUE JUL 26 2016


...................................

...THE TALLAHASSEE CLIMATE SUMMARY FOR JULY 25 2016...

CLIMATE NORMAL PERIOD 1981 TO 2010
CLIMATE RECORD PERIOD 1896 TO 2016


WEATHER ITEM   OBSERVED TIME   RECORD YEAR NORMAL DEPARTURE LAST
                VALUE   (LST)  VALUE       VALUE  FROM      YEAR
                                                  NORMAL
..................................................................
TEMPERATURE (F)
 YESTERDAY
  MAXIMUM         94   1257 PM  99    2012  92      2       93
                                      1932
  MINIMUM         76    636 AM  66    1988  72      4       76
                                      1977
                                      1904
  AVERAGE         85                        82      3       85

PRECIPITATION (IN)
  YESTERDAY        0.05          3.26 1980   0.24  -0.19      T
  MONTH TO DATE    7.31                      5.71   1.60     5.75
  SINCE JUN 1     15.69                     13.44   2.25    12.74
  SINCE JAN 1     39.09                     35.10   3.99    31.27

SNOWFALL (IN)
  YESTERDAY        0.0                       0.0    0.0

DEGREE DAYS
 HEATING
  YESTERDAY        0                                0
  MONTH TO DATE    0                                0
  SINCE JUN 1      0                                0
  SINCE JUL 1      0                                0

 COOLING
  YESTERDAY       20                                3
  MONTH TO DATE  504                               79
  SINCE JUN 1   1052                              170
  SINCE JAN 1   1662                              334
..................................................................


WIND (MPH)
  HIGHEST WIND SPEED    24   HIGHEST WIND DIRECTION    SE (130)
  HIGHEST GUST SPEED    31   HIGHEST GUST DIRECTION     E (110)
  AVERAGE WIND SPEED     6.2




RELATIVE HUMIDITY (PERCENT)
 HIGHEST    94
 LOWEST     46
 AVERAGE    70

..........................................................


THE TALLAHASSEE CLIMATE NORMALS FOR TODAY
                         NORMAL    RECORD    YEAR
 MAXIMUM TEMPERATURE (F)   92        99      1983
 MINIMUM TEMPERATURE (F)   72        66      1915


SUNRISE AND SUNSET
JULY 26 2016..........SUNRISE   652 AM EDT   SUNSET   835 PM EDT
JULY 27 2016..........SUNRISE   653 AM EDT   SUNSET   835 PM EDT


-  INDICATES NEGATIVE NUMBERS.
R  INDICATES RECORD WAS SET OR TIED.
MM INDICATES DATA IS MISSING.
T  INDICATES TRACE AMOUNT.




$$
