000
CDUS44 KBMX 242147
CLITOI


CLIMATE REPORT
NATIONAL WEATHER SERVICE BIRMINGHAM, AL
447 PM CDT SAT JUN 24 2017


...................................

...THE TROY CLIMATE SUMMARY FOR JUNE 24 2017...
VALID TODAY AS OF 0400 PM LOCAL TIME.

CLIMATE NORMAL PERIOD 1981 TO 2010
CLIMATE RECORD PERIOD 9999 TO 9999


WEATHER ITEM   OBSERVED TIME   RECORD YEAR NORMAL DEPARTURE LAST
                VALUE   (LST)  VALUE       VALUE  FROM      YEAR
                                                  NORMAL
..................................................................
TEMPERATURE (F)
 TODAY
  MAXIMUM         89    209 PM  MM      MM  91     -2       94
  MINIMUM         72   1225 AM  MM      MM  68      4       66
  AVERAGE         81                        79      2       80

PRECIPITATION (IN)
  TODAY            0.05                      0.17  -0.12     0.00
  MONTH TO DATE    7.80                      3.89   3.91     3.38
  SINCE JUN 1      7.80                      3.89   3.91     3.38
  SINCE JAN 1     40.30                     26.72  13.58    22.72

DEGREE DAYS
 COOLING
  TODAY           16                        14      2       15
  MONTH TO DATE  285                       299    -14      339
  SINCE JUN 1    285                       299    -14      339
  SINCE JAN 1    689                       586    103      754
..................................................................


WIND (MPH)
  HIGHEST WIND SPEED    15   HIGHEST WIND DIRECTION    NW (300)
  HIGHEST GUST SPEED    23   HIGHEST GUST DIRECTION     W (290)
  AVERAGE WIND SPEED     6.4


SKY COVER
  AVERAGE SKY COVER 0.8


WEATHER CONDITIONS
 THE FOLLOWING WEATHER WAS RECORDED TODAY.
  THUNDERSTORM
  RAIN
  LIGHT RAIN
  FOG


RELATIVE HUMIDITY (PERCENT)
 HIGHEST   100          1200 AM
 LOWEST     63           300 PM
 AVERAGE    82

..........................................................


THE TROY CLIMATE NORMALS FOR TOMORROW
                         NORMAL    RECORD    YEAR
 MAXIMUM TEMPERATURE (F)   91        MM        MM
 MINIMUM TEMPERATURE (F)   68        MM        MM


SUNRISE AND SUNSET
JUNE 24 2017..........SUNRISE   540 AM CDT   SUNSET   753 PM CDT
JUNE 25 2017..........SUNRISE   540 AM CDT   SUNSET   754 PM CDT


-  INDICATES NEGATIVE NUMBERS.
R  INDICATES RECORD WAS SET OR TIED.
MM INDICATES DATA IS MISSING.
T  INDICATES TRACE AMOUNT.




$$
