000
CDUS44 KBMX 300743
CLITOI


CLIMATE REPORT
NATIONAL WEATHER SERVICE BIRMINGHAM, AL
237 AM CDT SUN AUG 30 2015


...................................

...THE TROY CLIMATE SUMMARY FOR AUGUST 29 2015...

CLIMATE NORMAL PERIOD 1981 TO 2010
CLIMATE RECORD PERIOD 9999 TO 9999


WEATHER ITEM   OBSERVED TIME   RECORD YEAR NORMAL DEPARTURE LAST
                VALUE   (LST)  VALUE       VALUE  FROM      YEAR
                                                  NORMAL
..................................................................
TEMPERATURE (F)
 YESTERDAY
  MAXIMUM         89    132 PM  MM      MM  90     -1       95
  MINIMUM         71   1108 PM  MM      MM  69      2       64
  AVERAGE         80                        80      0       80

PRECIPITATION (IN)
  YESTERDAY        0.24                      0.10   0.14      T
  MONTH TO DATE    3.39                      4.42  -1.03     2.87
  SINCE JUN 1     10.19                     14.92  -4.73     7.78
  SINCE JAN 1     30.01                     37.75  -7.74    37.84

DEGREE DAYS
 COOLING
  YESTERDAY       15                        14      1       15
  MONTH TO DATE  476                       449     27      459
  SINCE JUN 1   1512                      1322    190     1352
  SINCE JAN 1   1995                      1609    386     1674
..................................................................


WIND (MPH)
  HIGHEST WIND SPEED    18   HIGHEST WIND DIRECTION     E (100)
  HIGHEST GUST SPEED    23   HIGHEST GUST DIRECTION     E (80)
  AVERAGE WIND SPEED     4.4


SKY COVER
  AVERAGE SKY COVER 0.4


WEATHER CONDITIONS
 THE FOLLOWING WEATHER WAS RECORDED YESTERDAY.
  THUNDERSTORM
  HEAVY RAIN
  RAIN
  LIGHT RAIN
  FOG


RELATIVE HUMIDITY (PERCENT)
 HIGHEST    93           500 AM
 LOWEST     57           100 PM
 AVERAGE    75

..........................................................


THE TROY CLIMATE NORMALS FOR TODAY
                         NORMAL    RECORD    YEAR
 MAXIMUM TEMPERATURE (F)   90        MM        MM
 MINIMUM TEMPERATURE (F)   68        MM        MM


SUNRISE AND SUNSET
AUGUST 30 2015........SUNRISE   618 AM CDT   SUNSET   711 PM CDT
AUGUST 31 2015........SUNRISE   619 AM CDT   SUNSET   710 PM CDT


-  INDICATES NEGATIVE NUMBERS.
R  INDICATES RECORD WAS SET OR TIED.
MM INDICATES DATA IS MISSING.
T  INDICATES TRACE AMOUNT.




$$
