000
CDUS44 KBMX 020946
CLITOI


CLIMATE REPORT
NATIONAL WEATHER SERVICE BIRMINGHAM, AL
446 AM CDT TUE SEP 2 2014


...................................

...THE TROY CLIMATE SUMMARY FOR SEPTEMBER 1 2014...

CLIMATE NORMAL PERIOD 1981 TO 2010
CLIMATE RECORD PERIOD 9999 TO 9999


WEATHER ITEM   OBSERVED TIME   RECORD YEAR NORMAL DEPARTURE LAST
                VALUE   (LST)  VALUE       VALUE  FROM      YEAR
                                                  NORMAL
..................................................................
TEMPERATURE (F)
 YESTERDAY
  MAXIMUM         95    314 PM  MM      MM  90      5       95
  MINIMUM         70    519 AM  MM      MM  68      2       71
  AVERAGE         83                        79      4       83

PRECIPITATION (IN)
  YESTERDAY        0.00                      0.13  -0.13      T
  MONTH TO DATE    0.00                      0.13  -0.13      T
  SINCE SEP 1      0.00                      0.13  -0.13      T
  SINCE JAN 1     38.00                     38.08  -0.08    45.61

DEGREE DAYS
 COOLING
  YESTERDAY       18                        14      4       18
  MONTH TO DATE   18                        14      4       18
  SINCE SEP 1     18                        14      4       18
  SINCE JAN 1   1730                      1648     82     1665
..................................................................


WIND (MPH)
  HIGHEST WIND SPEED    12   HIGHEST WIND DIRECTION    SW (220)
  HIGHEST GUST SPEED    15   HIGHEST GUST DIRECTION     S (200)
  AVERAGE WIND SPEED     2.9


SKY COVER
  AVERAGE SKY COVER 0.1


WEATHER CONDITIONS
 THE FOLLOWING WEATHER WAS RECORDED YESTERDAY.
  NO SIGNIFICANT WEATHER WAS OBSERVED.


RELATIVE HUMIDITY (PERCENT)
 HIGHEST    97           500 AM
 LOWEST     41           100 PM
 AVERAGE    69

..........................................................


THE TROY CLIMATE NORMALS FOR TODAY
                         NORMAL    RECORD    YEAR
 MAXIMUM TEMPERATURE (F)   90        MM        MM
 MINIMUM TEMPERATURE (F)   68        MM        MM


SUNRISE AND SUNSET
SEPTEMBER  2 2014.....SUNRISE   620 AM CDT   SUNSET   707 PM CDT
SEPTEMBER  3 2014.....SUNRISE   621 AM CDT   SUNSET   705 PM CDT


-  INDICATES NEGATIVE NUMBERS.
R  INDICATES RECORD WAS SET OR TIED.
MM INDICATES DATA IS MISSING.
T  INDICATES TRACE AMOUNT.




$$
