000
CDUS44 KBMX 291023
CLITOI


CLIMATE REPORT
NATIONAL WEATHER SERVICE BIRMINGHAM, AL
523 AM CDT FRI APR 29 2016


...................................

...THE TROY CLIMATE SUMMARY FOR APRIL 28 2016...

CLIMATE NORMAL PERIOD 1981 TO 2010
CLIMATE RECORD PERIOD 9999 TO 9999


WEATHER ITEM   OBSERVED TIME   RECORD YEAR NORMAL DEPARTURE LAST
                VALUE   (LST)  VALUE       VALUE  FROM      YEAR
                                                  NORMAL
..................................................................
TEMPERATURE (F)
 YESTERDAY
  MAXIMUM         82    434 PM  MM      MM  80      2       75
  MINIMUM         66    310 AM  MM      MM  53     13       57
  AVERAGE         74                        66      8       66

PRECIPITATION (IN)
  YESTERDAY        0.20                      0.08   0.12     0.06
  MONTH TO DATE    5.32                      3.82   1.50     7.16
  SINCE MAR 1     10.58                      9.85   0.73     9.74
  SINCE JAN 1     16.93                     18.98  -2.05    16.65

SNOWFALL (IN)
  YESTERDAY        0.0                      MM     MM        0.0
  MONTH TO DATE    0.0                      MM     MM        0.0
  SINCE MAR 1      0.0                      MM     MM        0.0
  SINCE JUL 1      T                        MM     MM        0.0
  SNOW DEPTH       0

DEGREE DAYS
 HEATING
  YESTERDAY        0                         2     -2        0
  MONTH TO DATE   51                       110    -59       16
  SINCE MAR 1    184                       392   -208      162
  SINCE JUL 1   1489                      2311   -822     2163

 COOLING
  YESTERDAY        9                         3      6        1
  MONTH TO DATE   59                        51      8      144
  SINCE MAR 1    137                        65     72      204
  SINCE JAN 1    144                        70     74      206
..................................................................


WIND (MPH)
  HIGHEST WIND SPEED    13   HIGHEST WIND DIRECTION    SW (210)
  HIGHEST GUST SPEED    17   HIGHEST GUST DIRECTION    SW (210)
  AVERAGE WIND SPEED     3.2


SKY COVER
  AVERAGE SKY COVER 0.6


WEATHER CONDITIONS
 THE FOLLOWING WEATHER WAS RECORDED YESTERDAY.
  HEAVY RAIN
  RAIN
  LIGHT RAIN
  FOG
  FOG W/VISIBILITY <= 1/4 MILE


RELATIVE HUMIDITY (PERCENT)
 HIGHEST    97           600 AM
 LOWEST     69           500 PM
 AVERAGE    83

..........................................................


THE TROY CLIMATE NORMALS FOR TODAY
                         NORMAL    RECORD    YEAR
 MAXIMUM TEMPERATURE (F)   80        MM        MM
 MINIMUM TEMPERATURE (F)   53        MM        MM


SUNRISE AND SUNSET
APRIL 29 2016.........SUNRISE   600 AM CDT   SUNSET   723 PM CDT
APRIL 30 2016.........SUNRISE   559 AM CDT   SUNSET   724 PM CDT


-  INDICATES NEGATIVE NUMBERS.
R  INDICATES RECORD WAS SET OR TIED.
MM INDICATES DATA IS MISSING.
T  INDICATES TRACE AMOUNT.




$$
