000
CDUS44 KBMX 032220
CLITOI


CLIMATE REPORT
NATIONAL WEATHER SERVICE BIRMINGHAM, AL
516 PM CDT FRI JUL 3 2015


...................................

...THE TROY CLIMATE SUMMARY FOR JULY 3 2015...
VALID AS OF 0400 PM LOCAL TIME.

CLIMATE NORMAL PERIOD 1981 TO 2010
CLIMATE RECORD PERIOD 9999 TO 9999


WEATHER ITEM   OBSERVED TIME   RECORD YEAR NORMAL DEPARTURE LAST
                VALUE   (LST)  VALUE       VALUE  FROM      YEAR
                                                  NORMAL
..................................................................
TEMPERATURE (F)
 TODAY
  MAXIMUM         93    102 PM  MM      MM  91      2       91
  MINIMUM         75    406 AM  MM      MM  69      6       66
  AVERAGE         84                        80      4       79

PRECIPITATION (IN)
  TODAY            0.00                      0.19  -0.19     0.00
  MONTH TO DATE    T                         0.59  -0.59     0.00
  SINCE JUN 1      4.11                      5.42  -1.31     2.79
  SINCE JAN 1     23.93                     28.25  -4.32    32.85

DEGREE DAYS
 COOLING
  TODAY           19                        15      4       14
  MONTH TO DATE   50                        45      5       50
  SINCE JUN 1    509                       433     76      483
  SINCE JAN 1    992                       720    272      805
..................................................................


WIND (MPH)
  HIGHEST WIND SPEED    17   HIGHEST WIND DIRECTION     W (250)
  HIGHEST GUST SPEED    27   HIGHEST GUST DIRECTION    SW (230)
  AVERAGE WIND SPEED     7.2


SKY COVER
  AVERAGE SKY COVER 0.3


WEATHER CONDITIONS
 THE FOLLOWING WEATHER WAS RECORDED TODAY.
  THUNDERSTORM


RELATIVE HUMIDITY (PERCENT)
 HIGHEST    94           200 AM
 LOWEST     49          1200 PM
 AVERAGE    72

..........................................................


THE TROY CLIMATE NORMALS FOR TOMORROW
                         NORMAL    RECORD    YEAR
 MAXIMUM TEMPERATURE (F)   91        MM        MM
 MINIMUM TEMPERATURE (F)   69        MM        MM


SUNRISE AND SUNSET
JULY  3 2015..........SUNRISE   543 AM CDT   SUNSET   754 PM CDT
JULY  4 2015..........SUNRISE   543 AM CDT   SUNSET   754 PM CDT


-  INDICATES NEGATIVE NUMBERS.
R  INDICATES RECORD WAS SET OR TIED.
MM INDICATES DATA IS MISSING.
T  INDICATES TRACE AMOUNT.




$$
