000
CDUS41 KCLE 202124
CLITOL


CLIMATE REPORT
NATIONAL WEATHER SERVICE CLEVELAND OH
524 PM EDT SAT SEP 20 2014


...................................

...THE TOLEDO OH CLIMATE SUMMARY FOR SEPTEMBER 20 2014...
VALID TODAY AS OF 0500 PM LOCAL TIME.

CLIMATE NORMAL PERIOD 1981 TO 2010
CLIMATE RECORD PERIOD 1873 TO 2014


WEATHER ITEM   OBSERVED TIME   RECORD YEAR NORMAL DEPARTURE LAST
                VALUE   (LST)  VALUE       VALUE  FROM      YEAR
                                                  NORMAL
..................................................................
TEMPERATURE (F)
 TODAY
  MAXIMUM         81    254 PM  93    1895  74      7       85
  MINIMUM         49   1203 AM  33    1962  51     -2       66
                                      1956
  AVERAGE         65                        62      3       76

PRECIPITATION (IN)
  TODAY            0.00                      0.10  -0.10     0.22
  MONTH TO DATE    4.99                      1.88   3.11     1.46
  SINCE SEP 1      4.99                      1.88   3.11     1.46
  SINCE JAN 1     26.18                     25.20   0.98    28.25

SNOWFALL (IN)
  TODAY            0.0                       0.0    0.0      0.0
  MONTH TO DATE    0.0                       0.0    0.0      0.0
  SINCE SEP 1      0.0                       0.0    0.0      0.0
  SINCE JUL 1      0.0                       0.0    0.0      0.0
  SNOW DEPTH       0

DEGREE DAYS
 HEATING
  TODAY            0                         5     -5        0
  MONTH TO DATE   81                        47     34       55
  SINCE SEP 1     81                        47     34       55
  SINCE JUL 1     95                        61     34       84

 COOLING
  TODAY            0                         2     -2       11
  MONTH TO DATE   55                        69    -14       90
  SINCE SEP 1     55                        69    -14       90
  SINCE JAN 1    653                       771   -118      772
..................................................................


WIND (MPH)
  HIGHEST WIND SPEED    21   HIGHEST WIND DIRECTION    SW (230)
  HIGHEST GUST SPEED    26   HIGHEST GUST DIRECTION     S (200)


SKY COVER
  POSSIBLE SUNSHINE  MM
  AVERAGE SKY COVER 0.0


WEATHER CONDITIONS
 THE FOLLOWING WEATHER WAS RECORDED TODAY.
  FOG


RELATIVE HUMIDITY (PERCENT)
 HIGHEST   100          1200 AM
 LOWEST     45           300 PM
 AVERAGE    73

..........................................................


THE TOLEDO OH CLIMATE NORMALS FOR TOMORROW
                         NORMAL    RECORD    YEAR
 MAXIMUM TEMPERATURE (F)   73        93      1970
                                             1895
 MINIMUM TEMPERATURE (F)   51        30      1962


SUNRISE AND SUNSET
SEPTEMBER 20 2014.....SUNRISE   721 AM EDT   SUNSET   736 PM EDT
SEPTEMBER 21 2014.....SUNRISE   722 AM EDT   SUNSET   734 PM EDT


-  INDICATES NEGATIVE NUMBERS.
R  INDICATES RECORD WAS SET OR TIED.
MM INDICATES DATA IS MISSING.
T  INDICATES TRACE AMOUNT.




$$
