000
CDUS41 KCLE 162115
CLITOL


CLIMATE REPORT
NATIONAL WEATHER SERVICE CLEVELAND OH
512 PM EDT WED APR 16 2014


...................................

...THE TOLEDO OH CLIMATE SUMMARY FOR APRIL 16 2014...
VALID TODAY AS OF 0500 PM LOCAL TIME.

CLIMATE NORMAL PERIOD 1981 TO 2010
CLIMATE RECORD PERIOD 1873 TO 2014


WEATHER ITEM   OBSERVED TIME   RECORD YEAR NORMAL DEPARTURE LAST
                VALUE   (LST)  VALUE       VALUE  FROM      YEAR
                                                  NORMAL
..................................................................
TEMPERATURE (F)
 TODAY
  MAXIMUM         44    351 PM  88    2002  60    -16       60
  MINIMUM         19R   635 AM  20    1875  39    -20       46
  AVERAGE         32                        50    -18       53

PRECIPITATION (IN)
  TODAY            0.00                      0.11  -0.11     0.51
  MONTH TO DATE    2.20                      1.69   0.51     2.69
  SINCE MAR 1      3.59                      4.17  -0.58     3.42
  SINCE JAN 1     10.77                      8.29   2.48     9.86

SNOWFALL (IN)
  TODAY            0.0                       0.0    0.0      0.0
  MONTH TO DATE    1.0                       1.0    0.0       T
  SINCE MAR 1     12.8                       6.7    6.1      1.4
  SINCE JUL 1     86.3                      37.2   49.1     22.1
  SNOW DEPTH       0

DEGREE DAYS
 HEATING
  TODAY           33                        16     17       12
  MONTH TO DATE  297                       294      3      339
  SINCE MAR 1   1415                      1144    271     1310
  SINCE JUL 1   6741                      5720   1021     5766

 COOLING
  TODAY            0                         0      0        0
  MONTH TO DATE    2                         0      2        0
  SINCE MAR 1      2                         0      2        0
  SINCE JAN 1      2                         0      2        0
..................................................................


WIND (MPH)
  HIGHEST WIND SPEED    15   HIGHEST WIND DIRECTION    SE (130)
  HIGHEST GUST SPEED    23   HIGHEST GUST DIRECTION    SE (130)


SKY COVER
  POSSIBLE SUNSHINE  MM
  AVERAGE SKY COVER 0.0


WEATHER CONDITIONS
 THE FOLLOWING WEATHER WAS RECORDED TODAY.
  NO SIGNIFICANT WEATHER WAS OBSERVED.


RELATIVE HUMIDITY (PERCENT)
 HIGHEST    84           700 AM
 LOWEST     34           100 PM
 AVERAGE    59

..........................................................


THE TOLEDO OH CLIMATE NORMALS FOR TOMORROW
                         NORMAL    RECORD    YEAR
 MAXIMUM TEMPERATURE (F)   61        86      2002
                                             1896
 MINIMUM TEMPERATURE (F)   39        14      1875


SUNRISE AND SUNSET
APRIL 16 2014.........SUNRISE   654 AM EDT   SUNSET   817 PM EDT
APRIL 17 2014.........SUNRISE   652 AM EDT   SUNSET   818 PM EDT


-  INDICATES NEGATIVE NUMBERS.
R  INDICATES RECORD WAS SET OR TIED.
MM INDICATES DATA IS MISSING.
T  INDICATES TRACE AMOUNT.




$$
