000
CDUS41 KCLE 062112
CLITOL


CLIMATE REPORT
NATIONAL WEATHER SERVICE CLEVELAND OH
511 PM EDT FRI MAY 6 2016


...................................

...THE TOLEDO OH CLIMATE SUMMARY FOR MAY 6 2016...
VALID TODAY AS OF 0500 PM LOCAL TIME.

CLIMATE NORMAL PERIOD 1981 TO 2010
CLIMATE RECORD PERIOD 1873 TO 2016


WEATHER ITEM   OBSERVED TIME   RECORD YEAR NORMAL DEPARTURE LAST
                VALUE   (LST)  VALUE       VALUE  FROM      YEAR
                                                  NORMAL
..................................................................
TEMPERATURE (F)
 TODAY
  MAXIMUM         71    359 PM  90    1949  68      3       70
  MINIMUM         41    545 AM  26    1968  45     -4       51
  AVERAGE         56                        57     -1       61

PRECIPITATION (IN)
  TODAY            0.00                      0.11  -0.11     0.00
  MONTH TO DATE    0.48                      0.66  -0.18     0.20
  SINCE MAR 1      9.58                      6.33   3.25     4.23
  SINCE JAN 1     12.80                     10.45   2.35     7.85

SNOWFALL (IN)
  TODAY            0.0                       0.1   -0.1      0.0
  MONTH TO DATE    0.0                       0.1   -0.1      0.0
  SINCE MAR 1     11.4                       7.1    4.3      5.4
  SINCE JUL 1     26.4                      37.6  -11.2     45.7
  SNOW DEPTH       0

DEGREE DAYS
 HEATING
  TODAY            9                         9      0        4
  MONTH TO DATE   72                        58     14       26
  SINCE MAR 1   1294                      1384    -90     1499
  SINCE JUL 1   5192                      5960   -768     6755

 COOLING
  TODAY            0                         1     -1        0
  MONTH TO DATE    0                         3     -3        2
  SINCE MAR 1      0                        11    -11        2
  SINCE JAN 1      0                        11    -11        2
..................................................................


WIND (MPH)
  HIGHEST WIND SPEED    13   HIGHEST WIND DIRECTION     N (10)
  HIGHEST GUST SPEED    16   HIGHEST GUST DIRECTION     W (270)


SKY COVER
  POSSIBLE SUNSHINE  MM
  AVERAGE SKY COVER 0.0


WEATHER CONDITIONS
 THE FOLLOWING WEATHER WAS RECORDED TODAY.
  NO SIGNIFICANT WEATHER WAS OBSERVED.


RELATIVE HUMIDITY (PERCENT)
 HIGHEST    83           300 AM
 LOWEST     31           300 PM
 AVERAGE    57

..........................................................


THE TOLEDO OH CLIMATE NORMALS FOR TOMORROW
                         NORMAL    RECORD    YEAR
 MAXIMUM TEMPERATURE (F)   68        87      1936
                                             1926
 MINIMUM TEMPERATURE (F)   46        25      1974


SUNRISE AND SUNSET
MAY  6 2016...........SUNRISE   625 AM EDT   SUNSET   839 PM EDT
MAY  7 2016...........SUNRISE   624 AM EDT   SUNSET   840 PM EDT


-  INDICATES NEGATIVE NUMBERS.
R  INDICATES RECORD WAS SET OR TIED.
MM INDICATES DATA IS MISSING.
T  INDICATES TRACE AMOUNT.




$$
