627
CDUS45 KCYS 242130
CLITOR


CLIMATE REPORT
NATIONAL WEATHER SERVICE CHEYENNE WY
330 PM MDT WED AUG 24 2016


...................................

...THE TORRINGTON WY AIRPORT CLIMATE SUMMARY FOR AUGUST 24 2016...
VALID AS OF 0300 PM LOCAL TIME.

CLIMATE NORMAL PERIOD 1981 TO 2010
CLIMATE RECORD PERIOD 1998 TO 2016


WEATHER ITEM   OBSERVED TIME   RECORD YEAR NORMAL DEPARTURE LAST
                VALUE   (LST)  VALUE       VALUE  FROM      YEAR
                                                  NORMAL
..................................................................
TEMPERATURE (F)
 TODAY
  MAXIMUM         76    159 PM  99    2000  86    -10       86
  MINIMUM         54   1216 AM  44    2015  53      1       44
  AVERAGE         65                        70     -5       65

PRECIPITATION (IN)
  TODAY            0.00          0.33 2002   0.02  -0.02     0.00
  MONTH TO DATE    1.08                      1.07   0.01     0.22
  SINCE JAN 1      9.89                     10.76  -0.87    15.65

DEGREE DAYS
 HEATING
  TODAY            0                         1     -1        0
  MONTH TO DATE   13                         3     10       26
  SINCE JUN 1     20                        84    -64       37
  SINCE JUL 1     13                         9      4       34

 COOLING
  TODAY            0                         5     -5        0
  MONTH TO DATE  169                       184    -15      179
  SINCE JUN 1    737                       582    155      551
  SINCE JAN 1    737                       600    137      551
..................................................................


WIND (MPH)
  HIGHEST WIND SPEED    18   HIGHEST WIND DIRECTION    SE (130)
  HIGHEST GUST SPEED    23   HIGHEST GUST DIRECTION    SE (130)
  AVERAGE WIND SPEED    11.0


SKY COVER
  AVERAGE SKY COVER 0.1


WEATHER CONDITIONS
 THE FOLLOWING WEATHER WAS RECORDED TODAY.
  NO SIGNIFICANT WEATHER WAS OBSERVED.


RELATIVE HUMIDITY (PERCENT)
 HIGHEST    51          1200 AM
 LOWEST     32           800 AM
 AVERAGE    42

..........................................................


THE TORRINGTON WY AIRPORT CLIMATE NORMALS FOR TOMORROW
                         NORMAL    RECORD    YEAR
 MAXIMUM TEMPERATURE (F)   86       100      2011
 MINIMUM TEMPERATURE (F)   53        49      2014


SUNRISE AND SUNSET
AUGUST 24 2016........SUNRISE   614 AM MDT   SUNSET   742 PM MDT
AUGUST 25 2016........SUNRISE   615 AM MDT   SUNSET   741 PM MDT


-  INDICATES NEGATIVE NUMBERS.
R  INDICATES RECORD WAS SET OR TIED.
MM INDICATES DATA IS MISSING.
T  INDICATES TRACE AMOUNT.




$$
