000
CDUS42 KTBW 242119
CLITPA


CLIMATE REPORT
NATIONAL WEATHER SERVICE TAMPA BAY FL
518 PM EDT FRI MAR 24 2017


...................................

...THE TAMPA CLIMATE SUMMARY FOR MARCH 24 2017...
VALID TODAY AS OF 0500 PM LOCAL TIME.

CLIMATE NORMAL PERIOD 1981 TO 2010
CLIMATE RECORD PERIOD 1890 TO 2017


WEATHER ITEM   OBSERVED TIME   RECORD YEAR NORMAL DEPARTURE LAST
                VALUE   (LST)  VALUE       VALUE  FROM      YEAR
                                                  NORMAL
..................................................................
TEMPERATURE (F)
 TODAY
  MAXIMUM         82    321 PM  91    1949  77      5       83
  MINIMUM         63    701 AM  36    1968  59      4       64
  AVERAGE         73                        68      5       74

PRECIPITATION (IN)
  TODAY            0.00          1.28 1955   0.10  -0.10     0.07
  MONTH TO DATE    0.97                      2.36  -1.39     0.63
  SINCE MAR 1      0.97                      2.36  -1.39     0.63
  SINCE JAN 1      3.93                      7.40  -3.47     9.34

DEGREE DAYS
 HEATING
  TODAY            0                         1     -1        0
  MONTH TO DATE   28                        50    -22       15
  SINCE MAR 1     28                        50    -22       15
  SINCE JUL 1    164                       521   -357      323

 COOLING
  TODAY            8                         4      4        9
  MONTH TO DATE  114                        90     24      147
  SINCE MAR 1    114                        90     24      147
  SINCE JAN 1    367                       203    164      225
..................................................................


WIND (MPH)
  RESULTANT WIND SPEED   7   RESULTANT WIND DIRECTION   E (80)
  HIGHEST WIND SPEED    17   HIGHEST WIND DIRECTION     E (110)
  HIGHEST GUST SPEED    24   HIGHEST GUST DIRECTION     E (110)
  AVERAGE WIND SPEED     7.6


SKY COVER
  POSSIBLE SUNSHINE  MM
  AVERAGE SKY COVER 0.2


WEATHER CONDITIONS
 THE FOLLOWING WEATHER WAS RECORDED TODAY.
  NO SIGNIFICANT WEATHER WAS OBSERVED.


RELATIVE HUMIDITY (PERCENT)
 HIGHEST    84           500 AM
 LOWEST     33           400 PM

..........................................................


THE TAMPA CLIMATE NORMALS FOR TOMORROW
                         NORMAL    RECORD    YEAR
 MAXIMUM TEMPERATURE (F)   77        92      1907
 MINIMUM TEMPERATURE (F)   59        36      1968


SUNRISE AND SUNSET
MARCH 24 2017.........SUNRISE   729 AM EDT   SUNSET   744 PM EDT
MARCH 25 2017.........SUNRISE   728 AM EDT   SUNSET   744 PM EDT


-  INDICATES NEGATIVE NUMBERS.
R  INDICATES RECORD WAS SET OR TIED.
MM INDICATES DATA IS MISSING.
T  INDICATES TRACE AMOUNT.




$$


&&
------------------------------------------------------------------
******************** SUPPLEMENTAL DATA ***************************

...RUSKIN                HIGH 81    LOW 60    PCPN 0.00
...SARASOTA/BRADENTON    HIGH 83    LOW 61    PCPN 0.00
...LAKELAND*             HIGH MM    LOW MM    PCPN MM
...ST. PETERSBURG        HIGH 76    LOW 64    PCPN 0.00

*LAKELAND DATA IS FROM 4:30 PM THURSDAY TO 4:30 PM FRIDAY
AND MAY REFLECT YESTERDAYS RAINFALL AND HIGH TEMPERATURE.
