000
CDUS42 KTBW 290832
CLITPA


CLIMATE REPORT
NATIONAL WEATHER SERVICE TAMPA BAY FL
429 AM EDT FRI JUL 29 2016


...................................

...THE TAMPA CLIMATE SUMMARY FOR JULY 28 2016...

CLIMATE NORMAL PERIOD 1981 TO 2010
CLIMATE RECORD PERIOD 1890 TO 2016


WEATHER ITEM   OBSERVED TIME   RECORD YEAR NORMAL DEPARTURE LAST
                VALUE   (LST)  VALUE       VALUE  FROM      YEAR
                                                  NORMAL
..................................................................
TEMPERATURE (F)
 YESTERDAY
  MAXIMUM         93    339 PM  97    1996  90      3       86
  MINIMUM         77    239 AM  69    1926  76      1       77
  AVERAGE         85                        83      2       82

PRECIPITATION (IN)
  YESTERDAY        0.07          4.89 1960   0.23  -0.16     0.74
  MONTH TO DATE    5.00                      6.41  -1.41     9.80
  SINCE JUN 1     16.48                     13.09   3.39    16.03
  SINCE JAN 1     32.38                     25.29   7.09    36.92

DEGREE DAYS
 HEATING
  YESTERDAY        0                         0      0        0
  MONTH TO DATE    0                         0      0        0
  SINCE JUN 1      0                         0      0        0
  SINCE JUL 1      0                         0      0        0

 COOLING
  YESTERDAY       20                        18      2       17
  MONTH TO DATE  564                       504     60      522
  SINCE JUN 1   1115                      1020     95     1065
  SINCE JAN 1   2135                      1897    238     2286
..................................................................


WIND (MPH)
  RESULTANT WIND SPEED   3   RESULTANT WIND DIRECTION   W (260)
  HIGHEST WIND SPEED    13   HIGHEST WIND DIRECTION     W (270)
  HIGHEST GUST SPEED    19   HIGHEST GUST DIRECTION     W (260)
  AVERAGE WIND SPEED     4.9


SKY COVER
  POSSIBLE SUNSHINE  MM
  AVERAGE SKY COVER 0.4


WEATHER CONDITIONS
 THE FOLLOWING WEATHER WAS RECORDED YESTERDAY.
  THUNDERSTORM
  LIGHT RAIN
  FOG


RELATIVE HUMIDITY (PERCENT)
 HIGHEST    94           100 AM
 LOWEST     52           300 PM
 AVERAGE    73

..........................................................


THE TAMPA CLIMATE NORMALS FOR TODAY
                         NORMAL    RECORD    YEAR
 MAXIMUM TEMPERATURE (F)   90        97      1993
 MINIMUM TEMPERATURE (F)   76        67      1919


SUNRISE AND SUNSET
JULY 29 2016..........SUNRISE   651 AM EDT   SUNSET   821 PM EDT
JULY 30 2016..........SUNRISE   652 AM EDT   SUNSET   821 PM EDT


-  INDICATES NEGATIVE NUMBERS.
R  INDICATES RECORD WAS SET OR TIED.
MM INDICATES DATA IS MISSING.
T  INDICATES TRACE AMOUNT.




$$


&&
------------------------------------------------------------------
******************** SUPPLEMENTAL DATA ***************************

...RUSKIN                HIGH 95    LOW 76    PCPN 0.00
...SARASOTA/BRADENTON    HIGH 95    LOW 79    PCPN 0.00
...ST. PETERSBURG        HIGH 92    LOW 79    PCPN TRACE
...GULF WATER TEMPERATURE AT CLEARWATER BEACH 90 DEGREES
