000
CDUS42 KTBW 022124
CLITPA


CLIMATE REPORT
NATIONAL WEATHER SERVICE TAMPA BAY FL
517 PM EDT THU JUL 2 2015


...................................

...THE TAMPA CLIMATE SUMMARY FOR JULY 2 2015...
VALID TODAY AS OF 0500 PM LOCAL TIME.

CLIMATE NORMAL PERIOD 1981 TO 2010
CLIMATE RECORD PERIOD 1890 TO 2015


WEATHER ITEM   OBSERVED TIME   RECORD YEAR NORMAL DEPARTURE LAST
                VALUE   (LST)  VALUE       VALUE  FROM      YEAR
                                                  NORMAL
..................................................................
TEMPERATURE (F)
 TODAY
  MAXIMUM         92    128 PM  96    1902  90      2       90
  MINIMUM         79   1253 PM  69    1955  76      3       76
                                      1903
  AVERAGE         86                        83      3       83

PRECIPITATION (IN)
  TODAY            T             2.63 1909   0.26  -0.26      T
  MONTH TO DATE    T                         0.51  -0.51     0.74
  SINCE JUN 1      6.23                      7.19  -0.96     2.51
  SINCE JAN 1     27.12                     19.39   7.73    21.84

DEGREE DAYS
 HEATING
  TODAY            0                         0      0        0
  MONTH TO DATE    0                         0      0        0
  SINCE JUN 1      0                         0      0        0
  SINCE JUL 1      0                         0      0        0

 COOLING
  TODAY           21                        18      3       18
  MONTH TO DATE   42                        36      6       38
  SINCE JUN 1    585                       552     33      564
  SINCE JAN 1   1806                      1429    377     1387
..................................................................


WIND (MPH)
  RESULTANT WIND SPEED   1   RESULTANT WIND DIRECTION  SW (220)
  HIGHEST WIND SPEED    18   HIGHEST WIND DIRECTION     W (250)
  HIGHEST GUST SPEED    23   HIGHEST GUST DIRECTION     W (280)
  AVERAGE WIND SPEED     3.3


SKY COVER
  POSSIBLE SUNSHINE  MM
  AVERAGE SKY COVER 0.5


WEATHER CONDITIONS
 THE FOLLOWING WEATHER WAS RECORDED TODAY.
  THUNDERSTORM
  LIGHT RAIN


RELATIVE HUMIDITY (PERCENT)
 HIGHEST    79           500 AM
 LOWEST     52          1200 PM

..........................................................


THE TAMPA CLIMATE NORMALS FOR TOMORROW
                         NORMAL    RECORD    YEAR
 MAXIMUM TEMPERATURE (F)   90        96      1998
 MINIMUM TEMPERATURE (F)   76        69      1922


SUNRISE AND SUNSET
JULY  2 2015..........SUNRISE   638 AM EDT   SUNSET   831 PM EDT
JULY  3 2015..........SUNRISE   638 AM EDT   SUNSET   830 PM EDT


-  INDICATES NEGATIVE NUMBERS.
R  INDICATES RECORD WAS SET OR TIED.
MM INDICATES DATA IS MISSING.
T  INDICATES TRACE AMOUNT.




$$


&&
------------------------------------------------------------------
******************** SUPPLEMENTAL DATA ***************************

...RUSKIN                HIGH 93    LOW 72    PCPN 0.08
...SARASOTA/BRADENTON    HIGH 92    LOW 73    PCPN 0.00
...LAKELAND              HIGH 94    LOW 75    PCPN 0.33
...ST. PETERSBURG        HIGH 91    LOW 81    PCPN 0.00

...GULF WATER TEMPERATURE AT CLEARWATER BEACH 88
