000
CDUS42 KTBW 202117
CLITPA


CLIMATE REPORT
NATIONAL WEATHER SERVICE TAMPA BAY FL
515 PM EDT FRI OCT 20 2017


...................................

...THE TAMPA CLIMATE SUMMARY FOR OCTOBER 20 2017...
VALID TODAY AS OF 0500 PM LOCAL TIME.

CLIMATE NORMAL PERIOD 1981 TO 2010
CLIMATE RECORD PERIOD 1890 TO 2017


WEATHER ITEM   OBSERVED TIME   RECORD YEAR NORMAL DEPARTURE LAST
                VALUE   (LST)  VALUE       VALUE  FROM      YEAR
                                                  NORMAL
..................................................................
TEMPERATURE (F)
 TODAY
  MAXIMUM         88    248 PM  91    1993  84      4       88
  MINIMUM         73    723 AM  45    1964  67      6       68
  AVERAGE         81                        75      6       78

PRECIPITATION (IN)
  TODAY            0.00          1.52 1959   0.06  -0.06     0.00
  MONTH TO DATE    2.71                      1.67   1.04     1.55
  SINCE SEP 1      9.37                      7.97   1.40     5.69
  SINCE JAN 1     42.99                     41.69   1.30    52.12

DEGREE DAYS
 HEATING
  TODAY            0                         0      0        0
  MONTH TO DATE    0                         0      0        0
  SINCE SEP 1      0                         0      0        0
  SINCE JUL 1      0                         0      0        0

 COOLING
  TODAY           16                        10      6       13
  MONTH TO DATE  351                       251    100      308
  SINCE SEP 1    909                       752    157      878
  SINCE JAN 1   3991                      3267    724     3664
..................................................................


WIND (MPH)
  RESULTANT WIND SPEED   8   RESULTANT WIND DIRECTION  NE (50)
  HIGHEST WIND SPEED    16   HIGHEST WIND DIRECTION    NE (40)
  HIGHEST GUST SPEED    22   HIGHEST GUST DIRECTION     E (80)
  AVERAGE WIND SPEED     8.2


SKY COVER
  POSSIBLE SUNSHINE  MM
  AVERAGE SKY COVER 0.4


WEATHER CONDITIONS
 THE FOLLOWING WEATHER WAS RECORDED TODAY.
  NO SIGNIFICANT WEATHER WAS OBSERVED.


RELATIVE HUMIDITY (PERCENT)
 HIGHEST    87           100 AM
 LOWEST     46           100 PM

..........................................................


THE TAMPA CLIMATE NORMALS FOR TOMORROW
                         NORMAL    RECORD    YEAR
 MAXIMUM TEMPERATURE (F)   83        91      1993
                                             1990
 MINIMUM TEMPERATURE (F)   67        40      1964


SUNRISE AND SUNSET
OCTOBER 20 2017.......SUNRISE   734 AM EDT   SUNSET   656 PM EDT
OCTOBER 21 2017.......SUNRISE   734 AM EDT   SUNSET   655 PM EDT


-  INDICATES NEGATIVE NUMBERS.
R  INDICATES RECORD WAS SET OR TIED.
MM INDICATES DATA IS MISSING.
T  INDICATES TRACE AMOUNT.




$$


&&
------------------------------------------------------------------
******************** SUPPLEMENTAL DATA ***************************

...RUSKIN                HIGH 87    LOW 70    PCPN 0.00
...SARASOTA/BRADENTON    HIGH 87    LOW 72    PCPN 0.00
...LAKELAND*             HIGH 87    LOW 76    PCPN 0.00
...ST. PETERSBURG        HIGH 84    LOW 73    PCPN 0.00
...GULF WATER TEMPERATURE AT CLEARWATER BEACH 79 DEGREES

*LAKELAND DATA IS FROM 4:30 PM THURSDAY TO 4:30 PM FRIDAY
AND MAY REFLECT YESTERDAYS RAINFALL AND HIGH TEMPERATURE.
