464
CDUS42 KTBW 092215
CLITPA


CLIMATE REPORT
NATIONAL WEATHER SERVICE TAMPA BAY FL
513 PM EST TUE FEB 9 2016


...................................

...THE TAMPA CLIMATE SUMMARY FOR FEBRUARY 9 2016...
VALID TODAY AS OF 0500 PM LOCAL TIME.

CLIMATE NORMAL PERIOD 1981 TO 2010
CLIMATE RECORD PERIOD 1890 TO 2016


WEATHER ITEM   OBSERVED TIME   RECORD YEAR NORMAL DEPARTURE LAST
                VALUE   (LST)  VALUE       VALUE  FROM      YEAR
                                                  NORMAL
..................................................................
TEMPERATURE (F)
 TODAY
  MAXIMUM         62    316 PM  85    1939  72    -10       71
  MINIMUM         51    748 AM  23    1895  54     -3       57
  AVERAGE         57                        63     -6       64

PRECIPITATION (IN)
  TODAY            0.01          1.98 1936   0.10  -0.09     0.92
  MONTH TO DATE    1.31                      0.91   0.40     2.80
  SINCE DEC 1      7.98                      5.61   2.37     6.12
  SINCE JAN 1      7.49                      3.14   4.35     4.55

DEGREE DAYS
 HEATING
  TODAY            8                         4      4        1
  MONTH TO DATE   52                        43      9       32
  SINCE DEC 1    231                       364   -133      248
  SINCE JUL 1    236                       408   -172      336

 COOLING
  TODAY            0                         2     -2        0
  MONTH TO DATE   29                        18     11        1
  SINCE DEC 1    334                       148    186      152
  SINCE JAN 1     59                        68     -9       57
..................................................................


WIND (MPH)
  RESULTANT WIND SPEED  15   RESULTANT WIND DIRECTION  NW (300)
  HIGHEST WIND SPEED    26   HIGHEST WIND DIRECTION     W (270)
  HIGHEST GUST SPEED    34   HIGHEST GUST DIRECTION     W (280)
  AVERAGE WIND SPEED    16.4


SKY COVER
  POSSIBLE SUNSHINE  MM
  AVERAGE SKY COVER 0.8


WEATHER CONDITIONS
 THE FOLLOWING WEATHER WAS RECORDED TODAY.
  NO SIGNIFICANT WEATHER WAS OBSERVED.


RELATIVE HUMIDITY (PERCENT)
 HIGHEST    64          1200 AM
 LOWEST     43           400 AM

..........................................................


THE TAMPA CLIMATE NORMALS FOR TOMORROW
                         NORMAL    RECORD    YEAR
 MAXIMUM TEMPERATURE (F)   72        84      1932
 MINIMUM TEMPERATURE (F)   54        31      1895


SUNRISE AND SUNSET
FEBRUARY  9 2016......SUNRISE   713 AM EST   SUNSET   616 PM EST
FEBRUARY 10 2016......SUNRISE   712 AM EST   SUNSET   617 PM EST


-  INDICATES NEGATIVE NUMBERS.
R  INDICATES RECORD WAS SET OR TIED.
MM INDICATES DATA IS MISSING.
T  INDICATES TRACE AMOUNT.




$$


&&
------------------------------------------------------------------
******************** SUPPLEMENTAL DATA ***************************

...RUSKIN                HIGH 62    LOW 52    PCPN 0.00
...SARASOTA/BRADENTON    HIGH 64    LOW 54    PCPN TRACE
...LAKELAND              HIGH 64    LOW 54    PCPN TRACE
...ST. PETERSBURG        HIGH 62    LOW 53    PCPN TRACE
...GULF WATER TEMPERATURE AT CLEARWATER BEACH 56 DEGREES
