000
CDUS42 KTBW 272118
CLITPA


CLIMATE REPORT
NATIONAL WEATHER SERVICE TAMPA BAY FL
516 PM EDT SAT AUG 27 2016


...................................

...THE TAMPA CLIMATE SUMMARY FOR AUGUST 27 2016...
VALID TODAY AS OF 0500 PM LOCAL TIME.

CLIMATE NORMAL PERIOD 1981 TO 2010
CLIMATE RECORD PERIOD 1890 TO 2016


WEATHER ITEM   OBSERVED TIME   RECORD YEAR NORMAL DEPARTURE LAST
                VALUE   (LST)  VALUE       VALUE  FROM      YEAR
                                                  NORMAL
..................................................................
TEMPERATURE (F)
 TODAY
  MAXIMUM         94    317 PM  95    1947  90      4       87
  MINIMUM         79    355 PM  67    1921  76      3       77
  AVERAGE         87                        83      4       82

PRECIPITATION (IN)
  TODAY            0.00          2.90 1949   0.24  -0.24     0.01
  MONTH TO DATE    6.86                      6.78   0.08    14.89
  SINCE JUN 1     24.68                     20.53   4.15    32.96
  SINCE JAN 1     40.58                     32.73   7.85    53.85

DEGREE DAYS
 HEATING
  TODAY            0                         0      0        0
  MONTH TO DATE    0                         0      0        0
  SINCE JUN 1      0                         0      0        0
  SINCE JUL 1      0                         0      0        0

 COOLING
  TODAY           22                        18      4       17
  MONTH TO DATE  521                       486     35      506
  SINCE JUN 1   1696                      1560    136     1622
  SINCE JAN 1   2716                      2437    279     2843
..................................................................


WIND (MPH)
  RESULTANT WIND SPEED   6   RESULTANT WIND DIRECTION   E (70)
  HIGHEST WIND SPEED    22   HIGHEST WIND DIRECTION    SE (120)
  HIGHEST GUST SPEED    34   HIGHEST GUST DIRECTION    SE (130)
  AVERAGE WIND SPEED     6.7


SKY COVER
  POSSIBLE SUNSHINE  MM
  AVERAGE SKY COVER 0.7


WEATHER CONDITIONS
 THE FOLLOWING WEATHER WAS RECORDED TODAY.
  THUNDERSTORM


RELATIVE HUMIDITY (PERCENT)
 HIGHEST    85          1200 AM
 LOWEST     52           200 PM

..........................................................


THE TAMPA CLIMATE NORMALS FOR TOMORROW
                         NORMAL    RECORD    YEAR
 MAXIMUM TEMPERATURE (F)   90        97      1960
 MINIMUM TEMPERATURE (F)   76        68      1984


SUNRISE AND SUNSET
AUGUST 27 2016........SUNRISE   707 AM EDT   SUNSET   756 PM EDT
AUGUST 28 2016........SUNRISE   707 AM EDT   SUNSET   755 PM EDT


-  INDICATES NEGATIVE NUMBERS.
R  INDICATES RECORD WAS SET OR TIED.
MM INDICATES DATA IS MISSING.
T  INDICATES TRACE AMOUNT.




$$


&&
------------------------------------------------------------------
******************** SUPPLEMENTAL DATA ***************************

...GULF WATER TEMPERATURE AT CLEARWATER BEACH 87 DEGREES
