000
CDUS42 KTBW 032117
CLITPA


CLIMATE REPORT
NATIONAL WEATHER SERVICE TAMPA BAY FL
514 PM EDT WED JUN 3 2015


...................................

...THE TAMPA CLIMATE SUMMARY FOR JUNE 3 2015...
VALID TODAY AS OF 0500 PM LOCAL TIME.

CLIMATE NORMAL PERIOD 1981 TO 2010
CLIMATE RECORD PERIOD 1890 TO 2015


WEATHER ITEM   OBSERVED TIME   RECORD YEAR NORMAL DEPARTURE LAST
                VALUE   (LST)  VALUE       VALUE  FROM      YEAR
                                                  NORMAL
..................................................................
TEMPERATURE (F)
 TODAY
  MAXIMUM         88    312 PM  98    1918  89     -1       86
  MINIMUM         70    215 AM  61    1965  74     -4       72
  AVERAGE         79                        82     -3       79

PRECIPITATION (IN)
  TODAY            0.00          2.37 1932   0.13  -0.13     0.00
  MONTH TO DATE    0.24                      0.40  -0.16     0.01
  SINCE JUN 1      0.24                      0.40  -0.16     0.01
  SINCE JAN 1     21.13                     12.60   8.53    19.34

DEGREE DAYS
 HEATING
  TODAY            0                         0      0        0
  MONTH TO DATE    0                         0      0        0
  SINCE JUN 1      0                         0      0        0
  SINCE JUL 1    467                       538    -71      444

 COOLING
  TODAY           14                        16     -2       14
  MONTH TO DATE   39                        48     -9       45
  SINCE JUN 1     39                        48     -9       45
  SINCE JAN 1   1260                       925    335      868
..................................................................


WIND (MPH)
  RESULTANT WIND SPEED   2   RESULTANT WIND DIRECTION   E (90)
  HIGHEST WIND SPEED     8   HIGHEST WIND DIRECTION     S (180)
  HIGHEST GUST SPEED    13   HIGHEST GUST DIRECTION     E (110)
  AVERAGE WIND SPEED     3.0


SKY COVER
  POSSIBLE SUNSHINE  MM
  AVERAGE SKY COVER 0.7


WEATHER CONDITIONS
 THE FOLLOWING WEATHER WAS RECORDED TODAY.
  NO SIGNIFICANT WEATHER WAS OBSERVED.


RELATIVE HUMIDITY (PERCENT)
 HIGHEST    84          1200 AM
 LOWEST     43           400 PM

..........................................................


THE TAMPA CLIMATE NORMALS FOR TOMORROW
                         NORMAL    RECORD    YEAR
 MAXIMUM TEMPERATURE (F)   90        95      2008
                                             1904
                                             1891
 MINIMUM TEMPERATURE (F)   74        64      1956
                                             1955
                                             1892


SUNRISE AND SUNSET
JUNE  3 2015..........SUNRISE   634 AM EDT   SUNSET   823 PM EDT
JUNE  4 2015..........SUNRISE   634 AM EDT   SUNSET   823 PM EDT


-  INDICATES NEGATIVE NUMBERS.
R  INDICATES RECORD WAS SET OR TIED.
MM INDICATES DATA IS MISSING.
T  INDICATES TRACE AMOUNT.




$$


&&
------------------------------------------------------------------
******************** SUPPLEMENTAL DATA ***************************

...RUSKIN                HIGH 88    LOW 68    PCPN T
...SARASOTA/BRADENTON    HIGH 86    LOW 69    PCPN 0.00
...LAKELAND              HIGH  M    LOW  M    PCPN M
...ST. PETERSBURG        HIGH 87    LOW 73    PCPN 0.00
...GULF WATER TEMPERATURE AT CLEARWATER BEACH 83
