000
CDUS42 KTBW 302113
CLITPA


CLIMATE REPORT
NATIONAL WEATHER SERVICE TAMPA BAY FL
511 PM EDT TUE SEP 30 2014


...................................

...THE TAMPA CLIMATE SUMMARY FOR SEPTEMBER 30 2014...
VALID TODAY AS OF 0500 PM LOCAL TIME.

CLIMATE NORMAL PERIOD 1981 TO 2010
CLIMATE RECORD PERIOD 1890 TO 2014


WEATHER ITEM   OBSERVED TIME   RECORD YEAR NORMAL DEPARTURE LAST
                VALUE   (LST)  VALUE       VALUE  FROM      YEAR
                                                  NORMAL
..................................................................
TEMPERATURE (F)
 TODAY
  MAXIMUM         87    154 PM  93    2005  87      0       87
                                      1986
                                      1961
  MINIMUM         75    404 AM  62    1947  72      3       73
                                      1920
  AVERAGE         81                        80      1       80

PRECIPITATION (IN)
  TODAY            0.09          2.72 1987   0.15  -0.06     0.00
  MONTH TO DATE    9.57                      6.30   3.27     7.37
  SINCE SEP 1      9.57                      6.30   3.27     7.37
  SINCE JAN 1     49.52                     40.02   9.50    49.89

DEGREE DAYS
 HEATING
  TODAY            0                         0      0        0
  MONTH TO DATE    0                         0      0        0
  SINCE SEP 1      0                         0      0        0
  SINCE JUL 1      0                         0      0        0

 COOLING
  TODAY           16                        15      1       15
  MONTH TO DATE  489                       501    -12      515
  SINCE SEP 1    489                       501    -12      515
  SINCE JAN 1   3006                      3016    -10     3152
..................................................................


WIND (MPH)
  RESULTANT WIND SPEED   3   RESULTANT WIND DIRECTION  SW (240)
  HIGHEST WIND SPEED    17   HIGHEST WIND DIRECTION    NW (310)
  HIGHEST GUST SPEED    22   HIGHEST GUST DIRECTION     W (270)
  AVERAGE WIND SPEED     6.1


SKY COVER
  POSSIBLE SUNSHINE  MM
  AVERAGE SKY COVER 0.7


WEATHER CONDITIONS
 THE FOLLOWING WEATHER WAS RECORDED TODAY.
  RAIN
  LIGHT RAIN
  FOG
  HAZE


RELATIVE HUMIDITY (PERCENT)
 HIGHEST    94          1200 AM
 LOWEST     68           200 PM

..........................................................


THE TAMPA CLIMATE NORMALS FOR TOMORROW
                         NORMAL    RECORD    YEAR
 MAXIMUM TEMPERATURE (F)   87        92      2002
                                             1990
                                             1988
 MINIMUM TEMPERATURE (F)   72        52      1920


SUNRISE AND SUNSET
SEPTEMBER 30 2014.....SUNRISE   722 AM EDT   SUNSET   717 PM EDT
OCTOBER  1 2014.......SUNRISE   723 AM EDT   SUNSET   716 PM EDT


-  INDICATES NEGATIVE NUMBERS.
R  INDICATES RECORD WAS SET OR TIED.
MM INDICATES DATA IS MISSING.
T  INDICATES TRACE AMOUNT.




$$


&&
------------------------------------------------------------------
******************** SUPPLEMENTAL DATA ***************************

...RUSKIN                HIGH 86    LOW 73    PCPN 0.17
...SARASOTA/BRADENTON    HIGH 86    LOW 74    PCPN 0.19
...LAKELAND              HIGH 83    LOW 73    PCPN 1.35
...ST. PETERSBURG        HIGH 84    LOW 75    PCPN 0.07
...GULF WATER TEMPERATURE AT CLEARWATER BEACH 82
