000
CDUS45 KLKN 210927
CLITPH


CLIMATE REPORT
NATIONAL WEATHER SERVICE ELKO NV
226 AM PDT THU AUG 21 2014


...................................

...THE TONOPAH AIRPORT NV CLIMATE SUMMARY FOR AUGUST 20 2014...

CLIMATE NORMAL PERIOD 1981 TO 2010
CLIMATE RECORD PERIOD 1954 TO 2014


WEATHER ITEM   OBSERVED TIME   RECORD YEAR NORMAL DEPARTURE LAST
                VALUE   (LST)  VALUE       VALUE  FROM      YEAR
                                                  NORMAL
..................................................................
TEMPERATURE (F)
 YESTERDAY
  MAXIMUM         83    357 PM  95    2009  89     -6       93
                                      1960
  MINIMUM         54    510 AM  41    1990  55     -1       64
  AVERAGE         69                        72     -3       79

PRECIPITATION (IN)
  YESTERDAY        0.00          0.42 2004   0.02  -0.02     0.16
  MONTH TO DATE    0.77                      0.33   0.44     0.16
  SINCE OCT 1      3.48                      4.68  -1.20     3.24
  SINCE JAN 1      3.02                      3.59  -0.57     2.02

DEGREE DAYS
 HEATING
  YESTERDAY        0                         0      0        0
  MONTH TO DATE    0                         0      0        0
  SINCE JUN 1     15                        52    -37        3
  SINCE JUL 1      0                         2     -2        0

 COOLING
  YESTERDAY        4                         7     -3       14
  MONTH TO DATE  144                       172    -28      155
  SINCE JUN 1    762                       620    142      806
  SINCE JAN 1    796                       647    149      829
..................................................................


WIND (MPH)
  HIGHEST WIND SPEED    23   HIGHEST WIND DIRECTION     S (180)
  HIGHEST GUST SPEED    28   HIGHEST GUST DIRECTION    SE (150)
  AVERAGE WIND SPEED    10.3



WEATHER CONDITIONS
 THE FOLLOWING WEATHER WAS RECORDED YESTERDAY.
  NO SIGNIFICANT WEATHER WAS OBSERVED.


RELATIVE HUMIDITY (PERCENT)
 HIGHEST    55           600 AM
 LOWEST     10          1200 PM
 AVERAGE    33

..........................................................


THE TONOPAH AIRPORT NV CLIMATE NORMALS FOR TODAY
                         NORMAL    RECORD    YEAR
 MAXIMUM TEMPERATURE (F)   89        96      2009
 MINIMUM TEMPERATURE (F)   55        38      1959


SUNRISE AND SUNSET
AUGUST 21 2014........SUNRISE   609 AM PDT   SUNSET   734 PM PDT
AUGUST 22 2014........SUNRISE   610 AM PDT   SUNSET   732 PM PDT


-  INDICATES NEGATIVE NUMBERS.
R  INDICATES RECORD WAS SET OR TIED.
MM INDICATES DATA IS MISSING.
T  INDICATES TRACE AMOUNT.




$$
