705
CDUS45 KLKN 240932
CLITPH


CLIMATE REPORT
NATIONAL WEATHER SERVICE ELKO NV
231 AM PDT THU AUG 24 2017


...................................

...THE TONOPAH AIRPORT NV CLIMATE SUMMARY FOR AUGUST 23 2017...

CLIMATE NORMAL PERIOD 1981 TO 2010
CLIMATE RECORD PERIOD 1954 TO 2017


WEATHER ITEM   OBSERVED TIME   RECORD YEAR NORMAL DEPARTURE LAST
                VALUE   (LST)  VALUE       VALUE  FROM      YEAR
                                                  NORMAL
..................................................................
TEMPERATURE (F)
 YESTERDAY
  MAXIMUM         90    214 PM  96    1993  89      1       91
  MINIMUM         56    540 AM  40    1978  54      2       54
                                      1968
  AVERAGE         73                        71      2       73

PRECIPITATION (IN)
  YESTERDAY        0.00          1.10 1955   0.02  -0.02     0.00
  MONTH TO DATE    0.19                      0.38  -0.19      T
  SINCE OCT 1      3.63                      4.73  -1.10     5.74
  SINCE JAN 1      3.10                      3.64  -0.54     2.36

DEGREE DAYS
 HEATING
  YESTERDAY        0                         0      0        0
  MONTH TO DATE    0                         0      0        0
  SINCE JUN 1     31                        52    -21       10
  SINCE JUL 1      0                         2     -2        0

 COOLING
  YESTERDAY        8                         7      1        8
  MONTH TO DATE  253                       193     60      240
  SINCE JUN 1    978                       641    337      889
  SINCE JAN 1   1011                       668    343      897
..................................................................


WIND (MPH)
  HIGHEST WIND SPEED    16   HIGHEST WIND DIRECTION     S (200)
  HIGHEST GUST SPEED    26   HIGHEST GUST DIRECTION    SW (220)
  AVERAGE WIND SPEED     6.6



WEATHER CONDITIONS
 THE FOLLOWING WEATHER WAS RECORDED YESTERDAY.
  NO SIGNIFICANT WEATHER WAS OBSERVED.


RELATIVE HUMIDITY (PERCENT)
 HIGHEST    56           100 AM
 LOWEST     11           400 PM
 AVERAGE    34

..........................................................


THE TONOPAH AIRPORT NV CLIMATE NORMALS FOR TODAY
                         NORMAL    RECORD    YEAR
 MAXIMUM TEMPERATURE (F)   88        97      1985
 MINIMUM TEMPERATURE (F)   54        37      1963


SUNRISE AND SUNSET
AUGUST 24 2017........SUNRISE   612 AM PDT   SUNSET   729 PM PDT
AUGUST 25 2017........SUNRISE   612 AM PDT   SUNSET   728 PM PDT


-  INDICATES NEGATIVE NUMBERS.
R  INDICATES RECORD WAS SET OR TIED.
MM INDICATES DATA IS MISSING.
T  INDICATES TRACE AMOUNT.




$$
