000
CDUS45 KLKN 280930
CLITPH


CLIMATE REPORT
NATIONAL WEATHER SERVICE ELKO NV
226 AM PDT WED JUN 28 2017


...................................

...THE TONOPAH AIRPORT NV CLIMATE SUMMARY FOR JUNE 27 2017...

CLIMATE NORMAL PERIOD 1981 TO 2010
CLIMATE RECORD PERIOD 1954 TO 2017


WEATHER ITEM   OBSERVED TIME   RECORD YEAR NORMAL DEPARTURE LAST
                VALUE   (LST)  VALUE       VALUE  FROM      YEAR
                                                  NORMAL
..................................................................
TEMPERATURE (F)
 YESTERDAY
  MAXIMUM         92    426 PM 100    2015  89      3       99
  MINIMUM         60    504 AM  36    1996  55      5       62
  AVERAGE         76                        72      4       81

PRECIPITATION (IN)
  YESTERDAY        0.00          0.01 1987   0.01  -0.01     0.00
  MONTH TO DATE    T                         0.27  -0.27     0.07
  SINCE OCT 1      2.78                      3.89  -1.11     5.62
  SINCE JAN 1      2.25                      2.80  -0.55     2.24

DEGREE DAYS
 HEATING
  YESTERDAY        0                         0      0        0
  MONTH TO DATE   31                        48    -17       10
  SINCE JUN 1     31                        48    -17       10
  SINCE JUL 1   5010                      5459   -449     5148

 COOLING
  YESTERDAY       11                         7      4       16
  MONTH TO DATE  258                       122    136      226
  SINCE JUN 1    258                       122    136      226
  SINCE JAN 1    291                       149    142      234
..................................................................


WIND (MPH)
  HIGHEST WIND SPEED    23   HIGHEST WIND DIRECTION     N (340)
  HIGHEST GUST SPEED    30   HIGHEST GUST DIRECTION    NW (330)
  AVERAGE WIND SPEED    11.6



WEATHER CONDITIONS
 THE FOLLOWING WEATHER WAS RECORDED YESTERDAY.
  NO SIGNIFICANT WEATHER WAS OBSERVED.


RELATIVE HUMIDITY (PERCENT)
 HIGHEST    20           500 AM
 LOWEST      5           400 PM
 AVERAGE    13

..........................................................


THE TONOPAH AIRPORT NV CLIMATE NORMALS FOR TODAY
                         NORMAL    RECORD    YEAR
 MAXIMUM TEMPERATURE (F)   89       101      2013
                                             1956
 MINIMUM TEMPERATURE (F)   55        41      1978


SUNRISE AND SUNSET
JUNE 28 2017..........SUNRISE   528 AM PDT   SUNSET   815 PM PDT
JUNE 29 2017..........SUNRISE   529 AM PDT   SUNSET   815 PM PDT


-  INDICATES NEGATIVE NUMBERS.
R  INDICATES RECORD WAS SET OR TIED.
MM INDICATES DATA IS MISSING.
T  INDICATES TRACE AMOUNT.




$$
