000
CDUS45 KLKN 230927
CLITPH


CLIMATE REPORT
NATIONAL WEATHER SERVICE ELKO NV
226 AM PDT TUE SEP 23 2014


...................................

...THE TONOPAH AIRPORT NV CLIMATE SUMMARY FOR SEPTEMBER 22 2014...

CLIMATE NORMAL PERIOD 1981 TO 2010
CLIMATE RECORD PERIOD 1954 TO 2014


WEATHER ITEM   OBSERVED TIME   RECORD YEAR NORMAL DEPARTURE LAST
                VALUE   (LST)  VALUE       VALUE  FROM      YEAR
                                                  NORMAL
..................................................................
TEMPERATURE (F)
 YESTERDAY
  MAXIMUM         80    349 PM  88    1992  78      2       64
  MINIMUM         52    615 AM  33    1986  46      6       43
  AVERAGE         66                        62      4       54

PRECIPITATION (IN)
  YESTERDAY        0.00          0.23 1990   0.02  -0.02      T
  MONTH TO DATE    0.65                      0.29   0.36     1.38
  SINCE OCT 1      4.13                      5.15  -1.02     5.25
  SINCE JAN 1      3.67                      4.06  -0.39     4.03

DEGREE DAYS
 HEATING
  YESTERDAY        0                         4     -4       11
  MONTH TO DATE    1                        44    -43       19
  SINCE SEP 1      1                        44    -43       19
  SINCE JUL 1      1                        50    -49       19

 COOLING
  YESTERDAY        1                         1      0        0
  MONTH TO DATE  129                        63     66      121
  SINCE SEP 1    129                        63     66      121
  SINCE JAN 1    992                       776    216     1042
..................................................................


WIND (MPH)
  HIGHEST WIND SPEED    15   HIGHEST WIND DIRECTION     S (190)
  HIGHEST GUST SPEED    18   HIGHEST GUST DIRECTION     S (190)
  AVERAGE WIND SPEED     7.0



WEATHER CONDITIONS
 THE FOLLOWING WEATHER WAS RECORDED YESTERDAY.
  NO SIGNIFICANT WEATHER WAS OBSERVED.


RELATIVE HUMIDITY (PERCENT)
 HIGHEST    77           200 AM
 LOWEST     23           300 PM
 AVERAGE    50

..........................................................


THE TONOPAH AIRPORT NV CLIMATE NORMALS FOR TODAY
                         NORMAL    RECORD    YEAR
 MAXIMUM TEMPERATURE (F)   78        88      2003
                                             1974
 MINIMUM TEMPERATURE (F)   46        35      2006


SUNRISE AND SUNSET
SEPTEMBER 23 2014.....SUNRISE   637 AM PDT   SUNSET   644 PM PDT
SEPTEMBER 24 2014.....SUNRISE   638 AM PDT   SUNSET   642 PM PDT


-  INDICATES NEGATIVE NUMBERS.
R  INDICATES RECORD WAS SET OR TIED.
MM INDICATES DATA IS MISSING.
T  INDICATES TRACE AMOUNT.




$$
