000
CDUS45 KLKN 080932
CLITPH


CLIMATE REPORT
NATIONAL WEATHER SERVICE ELKO NV
131 AM PST MON FEB 8 2016


...................................

...THE TONOPAH AIRPORT NV CLIMATE SUMMARY FOR FEBRUARY 7 2016...

CLIMATE NORMAL PERIOD 1981 TO 2010
CLIMATE RECORD PERIOD 1954 TO 2016


WEATHER ITEM   OBSERVED TIME   RECORD YEAR NORMAL DEPARTURE LAST
                VALUE   (LST)  VALUE       VALUE  FROM      YEAR
                                                  NORMAL
..................................................................
TEMPERATURE (F)
 YESTERDAY
  MAXIMUM         44    319 PM  68    1963  47     -3       62
  MINIMUM         13    709 AM  -9    1989  23    -10       33
  AVERAGE         29                        35     -6       48

PRECIPITATION (IN)
  YESTERDAY        0.00          0.09 1976   0.02  -0.02     0.00
  MONTH TO DATE    T                         0.12  -0.12     0.00
  SINCE OCT 1      4.35                      1.70   2.65     0.65
  SINCE JAN 1      0.97                      0.61   0.36     0.17

DEGREE DAYS
 HEATING
  YESTERDAY       36                        30      6       17
  MONTH TO DATE  333                       212    121      133
  SINCE DEC 1   2405                      2246    159     1789
  SINCE JUL 1   3479                      3463     16     2702

 COOLING
  YESTERDAY        0                         0      0        0
  MONTH TO DATE    0                         0      0        0
  SINCE DEC 1      0                         0      0        0
  SINCE JAN 1      0                         0      0        0
..................................................................


WIND (MPH)
  HIGHEST WIND SPEED    22   HIGHEST WIND DIRECTION     N (360)
  HIGHEST GUST SPEED    24   HIGHEST GUST DIRECTION     N (360)
  AVERAGE WIND SPEED     8.2



WEATHER CONDITIONS
 THE FOLLOWING WEATHER WAS RECORDED YESTERDAY.
  NO SIGNIFICANT WEATHER WAS OBSERVED.


RELATIVE HUMIDITY (PERCENT)
 HIGHEST    92           700 AM
 LOWEST     53           200 PM
 AVERAGE    73

..........................................................


THE TONOPAH AIRPORT NV CLIMATE NORMALS FOR TODAY
                         NORMAL    RECORD    YEAR
 MAXIMUM TEMPERATURE (F)   48        66      1996
 MINIMUM TEMPERATURE (F)   23        -3      1989


SUNRISE AND SUNSET
FEBRUARY  8 2016......SUNRISE   647 AM PST   SUNSET   519 PM PST
FEBRUARY  9 2016......SUNRISE   646 AM PST   SUNSET   520 PM PST


-  INDICATES NEGATIVE NUMBERS.
R  INDICATES RECORD WAS SET OR TIED.
MM INDICATES DATA IS MISSING.
T  INDICATES TRACE AMOUNT.




$$
