000
CDUS45 KLKN 300929
CLITPH


CLIMATE REPORT
NATIONAL WEATHER SERVICE ELKO NV
226 AM PDT TUE AUG 30 2016


...................................

...THE TONOPAH AIRPORT NV CLIMATE SUMMARY FOR AUGUST 29 2016...

CLIMATE NORMAL PERIOD 1981 TO 2010
CLIMATE RECORD PERIOD 1954 TO 2016


WEATHER ITEM   OBSERVED TIME   RECORD YEAR NORMAL DEPARTURE LAST
                VALUE   (LST)  VALUE       VALUE  FROM      YEAR
                                                  NORMAL
..................................................................
TEMPERATURE (F)
 YESTERDAY
  MAXIMUM         92    155 PM  97    1998  87      5       95
  MINIMUM         56    527 AM  41    1957  53      3       61
  AVERAGE         74                        70      4       78

PRECIPITATION (IN)
  YESTERDAY        0.00          0.36 2000   0.02  -0.02     0.00
  MONTH TO DATE    T                         0.48  -0.48     0.22
  SINCE OCT 1      5.74                      4.83   0.91     2.88
  SINCE JAN 1      2.36                      3.74  -1.38     2.40

DEGREE DAYS
 HEATING
  YESTERDAY        0                         0      0        0
  MONTH TO DATE    0                         0      0        0
  SINCE JUN 1     10                        52    -42        6
  SINCE JUL 1      0                         2     -2        0

 COOLING
  YESTERDAY        9                         5      4       13
  MONTH TO DATE  285                       228     57      306
  SINCE JUN 1    934                       676    258      866
  SINCE JAN 1    942                       703    239      889
..................................................................


WIND (MPH)
  HIGHEST WIND SPEED    14   HIGHEST WIND DIRECTION     S (170)
  HIGHEST GUST SPEED    19   HIGHEST GUST DIRECTION    SE (150)
  AVERAGE WIND SPEED     6.4



WEATHER CONDITIONS
 THE FOLLOWING WEATHER WAS RECORDED YESTERDAY.
  NO SIGNIFICANT WEATHER WAS OBSERVED.


RELATIVE HUMIDITY (PERCENT)
 HIGHEST    24           500 AM
 LOWEST      8           100 PM
 AVERAGE    16

..........................................................


THE TONOPAH AIRPORT NV CLIMATE NORMALS FOR TODAY
                         NORMAL    RECORD    YEAR
 MAXIMUM TEMPERATURE (F)   87        98      1998
                                             1996
 MINIMUM TEMPERATURE (F)   53        37      1957


SUNRISE AND SUNSET
AUGUST 30 2016........SUNRISE   617 AM PDT   SUNSET   720 PM PDT
AUGUST 31 2016........SUNRISE   618 AM PDT   SUNSET   718 PM PDT


-  INDICATES NEGATIVE NUMBERS.
R  INDICATES RECORD WAS SET OR TIED.
MM INDICATES DATA IS MISSING.
T  INDICATES TRACE AMOUNT.




$$
