000
CDUS45 KLKN 220926
CLITPH


CLIMATE REPORT
NATIONAL WEATHER SERVICE ELKO NV
226 AM PDT MON MAY 22 2017


...................................

...THE TONOPAH AIRPORT NV CLIMATE SUMMARY FOR MAY 21 2017...

CLIMATE NORMAL PERIOD 1981 TO 2010
CLIMATE RECORD PERIOD 1954 TO 2017


WEATHER ITEM   OBSERVED TIME   RECORD YEAR NORMAL DEPARTURE LAST
                VALUE   (LST)  VALUE       VALUE  FROM      YEAR
                                                  NORMAL
..................................................................
TEMPERATURE (F)
 YESTERDAY
  MAXIMUM         82    329 PM  90    2012  76      6       62
  MINIMUM         48    244 AM  27    1972  45      3       36
  AVERAGE         65                        60      5       49

PRECIPITATION (IN)
  YESTERDAY        0.00          0.18 1991   0.02  -0.02     0.00
  MONTH TO DATE    0.79                      0.34   0.45     0.15
  SINCE OCT 1      2.78                      3.43  -0.65     5.38
  SINCE JAN 1      2.25                      2.34  -0.09     2.00

DEGREE DAYS
 HEATING
  YESTERDAY        0                         6     -6       16
  MONTH TO DATE  157                       173    -16      166
  SINCE MAR 1   1110                      1324   -214     1145
  SINCE JUL 1   4975                      5366   -391     5072

 COOLING
  YESTERDAY        0                         1     -1        0
  MONTH TO DATE    4                         8     -4        1
  SINCE MAR 1      4                         9     -5        1
  SINCE JAN 1      4                         9     -5        1
..................................................................


WIND (MPH)
  HIGHEST WIND SPEED    18   HIGHEST WIND DIRECTION    NW (330)
  HIGHEST GUST SPEED    25   HIGHEST GUST DIRECTION    NW (330)
  AVERAGE WIND SPEED     9.4



WEATHER CONDITIONS
 THE FOLLOWING WEATHER WAS RECORDED YESTERDAY.
  NO SIGNIFICANT WEATHER WAS OBSERVED.


RELATIVE HUMIDITY (PERCENT)
 HIGHEST    39           300 AM
 LOWEST      9           300 PM
 AVERAGE    24

..........................................................


THE TONOPAH AIRPORT NV CLIMATE NORMALS FOR TODAY
                         NORMAL    RECORD    YEAR
 MAXIMUM TEMPERATURE (F)   76        92      2000
                                             1967
 MINIMUM TEMPERATURE (F)   45        31      2002
                                             1960


SUNRISE AND SUNSET
MAY 22 2017...........SUNRISE   532 AM PDT   SUNSET   758 PM PDT
MAY 23 2017...........SUNRISE   532 AM PDT   SUNSET   759 PM PDT


-  INDICATES NEGATIVE NUMBERS.
R  INDICATES RECORD WAS SET OR TIED.
MM INDICATES DATA IS MISSING.
T  INDICATES TRACE AMOUNT.




$$
