000
CDUS45 KLKN 250028
CLITPH


CLIMATE REPORT
NATIONAL WEATHER SERVICE ELKO NV
427 PM PST SAT JAN 24 2015


...................................

...THE TONOPAH AIRPORT NV CLIMATE SUMMARY FOR JANUARY 24 2015...
VALID TODAY AS OF 0400 PM LOCAL TIME.

CLIMATE NORMAL PERIOD 1981 TO 2010
CLIMATE RECORD PERIOD 1954 TO 2015


WEATHER ITEM   OBSERVED TIME   RECORD YEAR NORMAL DEPARTURE LAST
                VALUE   (LST)  VALUE       VALUE  FROM      YEAR
                                                  NORMAL
..................................................................
TEMPERATURE (F)
 TODAY
  MAXIMUM         59R   216 PM  58    2005  45     14       53
                                      1975
  MINIMUM         27    633 AM -15    1962  21      6       22
  AVERAGE         43                        33     10       38

PRECIPITATION (IN)
  TODAY            0.00          0.57 1999   0.02  -0.02     0.00
  MONTH TO DATE    T                         0.37  -0.37     0.00
  SINCE OCT 1      0.48                      1.46  -0.98     0.46
  SINCE JAN 1      T                         0.37  -0.37     0.00

DEGREE DAYS
 HEATING
  TODAY           22                        32    -10       27
  MONTH TO DATE  627                       787   -160      622
  SINCE DEC 1   1517                      1815   -298     1673
  SINCE JUL 1   2430                      3032   -602     2900

 COOLING
  TODAY            0                         0      0        0
  MONTH TO DATE    0                         0      0        0
  SINCE DEC 1      0                         0      0        0
  SINCE JAN 1      0                         0      0        0
..................................................................


WIND (MPH)
  HIGHEST WIND SPEED    23   HIGHEST WIND DIRECTION    NW (300)
  HIGHEST GUST SPEED    30   HIGHEST GUST DIRECTION    NW (320)



WEATHER CONDITIONS
 THE FOLLOWING WEATHER WAS RECORDED TODAY.
  NO SIGNIFICANT WEATHER WAS OBSERVED.


RELATIVE HUMIDITY (PERCENT)
 HIGHEST    69           400 AM
 LOWEST     17           300 PM
 AVERAGE    43

..........................................................


THE TONOPAH AIRPORT NV CLIMATE NORMALS FOR TOMORROW
                         NORMAL    RECORD    YEAR
 MAXIMUM TEMPERATURE (F)   46        60      2012
                                             1975
 MINIMUM TEMPERATURE (F)   21         5      2001
                                             1955


SUNRISE AND SUNSET
JANUARY 24 2015.......SUNRISE   659 AM PST   SUNSET   502 PM PST
JANUARY 25 2015.......SUNRISE   658 AM PST   SUNSET   503 PM PST


-  INDICATES NEGATIVE NUMBERS.
R  INDICATES RECORD WAS SET OR TIED.
MM INDICATES DATA IS MISSING.
T  INDICATES TRACE AMOUNT.




$$
