000
CDUS45 KLKN 240026
CLITPH


CLIMATE REPORT
NATIONAL WEATHER SERVICE ELKO NV
526 PM PDT SUN APR 23 2017


...................................

...THE TONOPAH AIRPORT NV CLIMATE SUMMARY FOR APRIL 23 2017...
VALID TODAY AS OF 0500 PM LOCAL TIME.

CLIMATE NORMAL PERIOD 1981 TO 2010
CLIMATE RECORD PERIOD 1954 TO 2017


WEATHER ITEM   OBSERVED TIME   RECORD YEAR NORMAL DEPARTURE LAST
                VALUE   (LST)  VALUE       VALUE  FROM      YEAR
                                                  NORMAL
..................................................................
TEMPERATURE (F)
 TODAY
  MAXIMUM         70    301 PM  84    2012  67      3       60
  MINIMUM         41    508 AM  20    1961  37      4       36
  AVERAGE         56                        52      4       48

PRECIPITATION (IN)
  TODAY            0.00          0.73 1988   0.02  -0.02     0.00
  MONTH TO DATE    0.17                      0.33  -0.16     0.22
  SINCE OCT 1      1.99                      3.00  -1.01     5.11
  SINCE JAN 1      1.46                      1.91  -0.45     1.73

DEGREE DAYS
 HEATING
  TODAY            9                        13     -4       17
  MONTH TO DATE  326                       380    -54      262
  SINCE MAR 1    857                      1065   -208      859
  SINCE JUL 1   4722                      5107   -385     4786

 COOLING
  TODAY            0                         0      0        0
  MONTH TO DATE    0                         0      0        0
  SINCE MAR 1      0                         0      0        0
  SINCE JAN 1      0                         0      0        0
..................................................................


WIND (MPH)
  HIGHEST WIND SPEED    30   HIGHEST WIND DIRECTION    NW (320)
  HIGHEST GUST SPEED    38   HIGHEST GUST DIRECTION    NW (330)



WEATHER CONDITIONS
 THE FOLLOWING WEATHER WAS RECORDED TODAY.
  NO SIGNIFICANT WEATHER WAS OBSERVED.


RELATIVE HUMIDITY (PERCENT)
 HIGHEST    MM
 LOWEST     MM
 AVERAGE    MM

..........................................................


THE TONOPAH AIRPORT NV CLIMATE NORMALS FOR TOMORROW
                         NORMAL    RECORD    YEAR
 MAXIMUM TEMPERATURE (F)   67        83      1996
 MINIMUM TEMPERATURE (F)   37        19      1964


SUNRISE AND SUNSET
APRIL 23 2017.........SUNRISE   602 AM PDT   SUNSET   732 PM PDT
APRIL 24 2017.........SUNRISE   600 AM PDT   SUNSET   733 PM PDT


-  INDICATES NEGATIVE NUMBERS.
R  INDICATES RECORD WAS SET OR TIED.
MM INDICATES DATA IS MISSING.
T  INDICATES TRACE AMOUNT.




$$
