000
CDUS45 KLKN 020930
CLITPH


CLIMATE REPORT
NATIONAL WEATHER SERVICE ELKO NV
230 AM PDT THU JUL 2 2015


...................................

...THE TONOPAH AIRPORT NV CLIMATE SUMMARY FOR JULY 1 2015...

CLIMATE NORMAL PERIOD 1981 TO 2010
CLIMATE RECORD PERIOD 1954 TO 2015


WEATHER ITEM   OBSERVED TIME   RECORD YEAR NORMAL DEPARTURE LAST
                VALUE   (LST)  VALUE       VALUE  FROM      YEAR
                                                  NORMAL
..................................................................
TEMPERATURE (F)
 YESTERDAY
  MAXIMUM         98    356 PM 102    2013  90      8      101
  MINIMUM         66    322 AM  40    1997  56     10       65
  AVERAGE         82                        73      9       83

PRECIPITATION (IN)
  YESTERDAY        0.03          0.97 1977   0.00   0.03      T
  MONTH TO DATE    0.03                      0.00   0.03      T
  SINCE OCT 1      2.58                      3.90  -1.32     1.38
  SINCE JAN 1      2.10                      2.81  -0.71     0.92

DEGREE DAYS
 HEATING
  YESTERDAY        0                         0      0        0
  MONTH TO DATE    0                         0      0        0
  SINCE JUN 1      6                        50    -44       15
  SINCE JUL 1      0                         0      0        0

 COOLING
  YESTERDAY       17                         8      9       18
  MONTH TO DATE   17                         8      9       18
  SINCE JUN 1    308                       153    155      234
  SINCE JAN 1    331                       180    151      268
..................................................................


WIND (MPH)
  HIGHEST WIND SPEED    33   HIGHEST WIND DIRECTION    NE (50)
  HIGHEST GUST SPEED    41   HIGHEST GUST DIRECTION    NE (40)
  AVERAGE WIND SPEED     9.8



WEATHER CONDITIONS
 THE FOLLOWING WEATHER WAS RECORDED YESTERDAY.
  THUNDERSTORM
  RAIN
  LIGHT RAIN


RELATIVE HUMIDITY (PERCENT)
 HIGHEST    52           300 AM
 LOWEST     15           400 PM
 AVERAGE    34

..........................................................


THE TONOPAH AIRPORT NV CLIMATE NORMALS FOR TODAY
                         NORMAL    RECORD    YEAR
 MAXIMUM TEMPERATURE (F)   90       102      2013
 MINIMUM TEMPERATURE (F)   56        44      1975


SUNRISE AND SUNSET
JULY  2 2015..........SUNRISE   530 AM PDT   SUNSET   815 PM PDT
JULY  3 2015..........SUNRISE   530 AM PDT   SUNSET   815 PM PDT


-  INDICATES NEGATIVE NUMBERS.
R  INDICATES RECORD WAS SET OR TIED.
MM INDICATES DATA IS MISSING.
T  INDICATES TRACE AMOUNT.




$$
