000
CDUS44 KMRX 312127
CLITRI


CLIMATE REPORT
NATIONAL WEATHER SERVICE MORRISTOWN TN
526 PM EDT MON AUG 31 2015


...................................

...THE TRI-CITIES      ASOS CLIMATE SUMMARY FOR AUGUST 31 2015...
VALID TODAY AS OF 0500 PM LOCAL TIME.

CLIMATE NORMAL PERIOD 1981 TO 2010
CLIMATE RECORD PERIOD 1934 TO 2015


WEATHER ITEM   OBSERVED TIME   RECORD YEAR NORMAL DEPARTURE LAST
                VALUE   (LST)  VALUE       VALUE  FROM      YEAR
                                                  NORMAL
..................................................................
TEMPERATURE (F)
 TODAY
  MAXIMUM         85    359 PM  98    1953  84      1       85
  MINIMUM         65    635 AM  47    1946  60      5       67
  AVERAGE         75                        72      3       76

PRECIPITATION (IN)
  TODAY            0.01          2.07 2006   0.10  -0.09     0.61
  MONTH TO DATE    6.01                      3.47   2.54     4.21
  SINCE JUN 1     14.25                     12.06   2.19    13.04
  SINCE JAN 1     29.16                     29.45  -0.29    25.04

SNOWFALL (IN)
  TODAY            0.0                       0.0    0.0      0.0
  MONTH TO DATE    0.0                       0.0    0.0      0.0
  SINCE JUN 1      0.0                       0.0    0.0      0.0
  SINCE JUL 1      0.0                       0.0    0.0      0.0
  SNOW DEPTH       0

DEGREE DAYS
 HEATING
  TODAY            0                         0      0        0
  MONTH TO DATE    0                         0      0        0
  SINCE JUN 1      0                        12    -12        0
  SINCE JUL 1      0                         1     -1        0

 COOLING
  TODAY           10                         7      3       11
  MONTH TO DATE  290                       274     16      269
  SINCE JUN 1    967                       779    188      823
  SINCE JAN 1   1133                       852    281      957
..................................................................


WIND (MPH)
  HIGHEST WIND SPEED     7   HIGHEST WIND DIRECTION     N (350)
  HIGHEST GUST SPEED     9   HIGHEST GUST DIRECTION     N (20)
  AVERAGE WIND SPEED     1.9


SKY COVER
  POSSIBLE SUNSHINE  MM
  AVERAGE SKY COVER 0.7


WEATHER CONDITIONS
 THE FOLLOWING WEATHER WAS RECORDED TODAY.
  LIGHT RAIN
  FOG


RELATIVE HUMIDITY (PERCENT)
 HIGHEST    93           600 AM
 LOWEST     44           400 PM
 AVERAGE    69

..........................................................


THE TRI-CITIES      ASOS CLIMATE NORMALS FOR TOMORROW
                         NORMAL    RECORD    YEAR
 MAXIMUM TEMPERATURE (F)   84        98      1953
 MINIMUM TEMPERATURE (F)   60        47      1999


SUNRISE AND SUNSET
AUGUST 31 2015........SUNRISE   700 AM EDT   SUNSET   759 PM EDT
SEPTEMBER  1 2015.....SUNRISE   701 AM EDT   SUNSET   758 PM EDT


-  INDICATES NEGATIVE NUMBERS.
R  INDICATES RECORD WAS SET OR TIED.
MM INDICATES DATA IS MISSING.
T  INDICATES TRACE AMOUNT.




$$
