000
CDUS44 KMRX 272218 RRA
CLITRI

CLIMATE REPORT
NATIONAL WEATHER SERVICE MORRISTOWN TN
518 PM EST TUE JAN 27 2015


...................................

...THE TRI-CITIES CLIMATE SUMMARY FOR JANUARY 27 2015...
VALID TODAY AS OF 0500 PM LOCAL TIME.

CLIMATE NORMAL PERIOD 1981 TO 2010
CLIMATE RECORD PERIOD 1934 TO 2015


WEATHER ITEM   OBSERVED TIME   RECORD YEAR NORMAL DEPARTURE LAST
                VALUE   (LST)  VALUE       VALUE  FROM      YEAR
                                                  NORMAL
..................................................................
TEMPERATURE (F)
 TODAY
  MAXIMUM         35    333 PM  67    1999  46    -11       46
  MINIMUM         28    607 AM   0    1987  25      3       18
                                      1940
  AVERAGE         32                        36     -4       32

PRECIPITATION (IN)
  TODAY            0.00          1.85 1998   0.11  -0.11      T
  MONTH TO DATE    2.24                      2.92  -0.68     1.69
  SINCE DEC 1      5.27                      6.29  -1.02     8.03
  SINCE JAN 1      2.24                      2.92  -0.68     1.69

SNOWFALL (IN)
  TODAY            0.0                       0.1   -0.1      0.0
  MONTH TO DATE    0.3                       4.1   -3.8      2.1
  SINCE DEC 1      0.3                       6.5   -6.2      2.1
  SINCE JUL 1      1.5                       6.8   -5.3      3.5
  SNOW DEPTH       0

DEGREE DAYS
 HEATING
  TODAY           33                        29      4       33
  MONTH TO DATE  786                       809    -23      936
  SINCE DEC 1   1517                      1652   -135     1676
  SINCE JUL 1   2500                      2538    -38     2567

 COOLING
  TODAY            0                         0      0        0
  MONTH TO DATE    0                         0      0        0
  SINCE DEC 1      0                         0      0        0
  SINCE JAN 1      0                         0      0        0
..................................................................


WIND (MPH)
  HIGHEST WIND SPEED    23   HIGHEST WIND DIRECTION     W (280)
  HIGHEST GUST SPEED    33   HIGHEST GUST DIRECTION    NW (320)
  AVERAGE WIND SPEED     6.6


SKY COVER
  POSSIBLE SUNSHINE  MM
  AVERAGE SKY COVER 0.9


WEATHER CONDITIONS
 THE FOLLOWING WEATHER WAS RECORDED TODAY.
  NO SIGNIFICANT WEATHER WAS OBSERVED.


RELATIVE HUMIDITY (PERCENT)
 HIGHEST    78           300 AM
 LOWEST     61           100 PM
 AVERAGE    70

..........................................................


THE TRI-CITIES CLIMATE NORMALS FOR TOMORROW
                         NORMAL    RECORD    YEAR
 MAXIMUM TEMPERATURE (F)   46        70      1970
 MINIMUM TEMPERATURE (F)   25        -5      1986


SUNRISE AND SUNSET
JANUARY 27 2015.......SUNRISE   735 AM EST   SUNSET   550 PM EST
JANUARY 28 2015.......SUNRISE   734 AM EST   SUNSET   551 PM EST


-  INDICATES NEGATIVE NUMBERS.
R  INDICATES RECORD WAS SET OR TIED.
MM INDICATES DATA IS MISSING.
T  INDICATES TRACE AMOUNT.




$$
