000
CDUS44 KMRX 210829
CLITRI


CLIMATE REPORT
NATIONAL WEATHER SERVICE MORRISTOWN TN
329 AM EST TUE NOV 21 2017


...................................

...THE TRI-CITIES      ASOS CLIMATE SUMMARY FOR NOVEMBER 20 2017...

CLIMATE NORMAL PERIOD 1981 TO 2010
CLIMATE RECORD PERIOD 1934 TO 2017


WEATHER ITEM   OBSERVED TIME   RECORD YEAR NORMAL DEPARTURE LAST
                VALUE   (LST)  VALUE       VALUE  FROM      YEAR
                                                  NORMAL
..................................................................
TEMPERATURE (F)
 YESTERDAY
  MAXIMUM         52    347 PM  75    1988  57     -5       44
  MINIMUM         23    704 AM  12    1951  33    -10       30
  AVERAGE         38                        45     -7       37

PRECIPITATION (IN)
  YESTERDAY        0.00          0.76 1950   0.12  -0.12     0.00
  MONTH TO DATE    1.00                      1.97  -0.97     0.16
  SINCE SEP 1      6.44                      7.06  -0.62     3.47
  SINCE JAN 1     41.25                     36.51   4.74    27.63

SNOWFALL (IN)
  YESTERDAY        0.0                       0.0    0.0      0.0
  MONTH TO DATE    0.0                       0.1   -0.1      0.0
  SINCE SEP 1      0.0                       0.2   -0.2      0.0
  SINCE JUL 1      0.0                       0.2   -0.2      0.0
  SNOW DEPTH       0

DEGREE DAYS
 HEATING
  YESTERDAY       27                        20      7       28
  MONTH TO DATE  294                       333    -39      285
  SINCE SEP 1    560                       667   -107      430
  SINCE JUL 1    560                       668   -108      430

 COOLING
  YESTERDAY        0                         0      0        0
  MONTH TO DATE    1                         0      1        2
  SINCE SEP 1    188                       128     60      259
  SINCE JAN 1   1142                       980    162     1492
..................................................................


WIND (MPH)
  HIGHEST WIND SPEED     7   HIGHEST WIND DIRECTION     W (280)
  HIGHEST GUST SPEED    10   HIGHEST GUST DIRECTION     W (290)
  AVERAGE WIND SPEED     1.0


SKY COVER
  POSSIBLE SUNSHINE  MM
  AVERAGE SKY COVER 0.2


WEATHER CONDITIONS
 THE FOLLOWING WEATHER WAS RECORDED YESTERDAY.
  FOG
  HAZE


RELATIVE HUMIDITY (PERCENT)
 HIGHEST   100           500 AM
 LOWEST     28           400 PM
 AVERAGE    64

..........................................................


THE TRI-CITIES      ASOS CLIMATE NORMALS FOR TODAY
                         NORMAL    RECORD    YEAR
 MAXIMUM TEMPERATURE (F)   56        76      1979
 MINIMUM TEMPERATURE (F)   33        17      2008
                                             1968


SUNRISE AND SUNSET
NOVEMBER 21 2017......SUNRISE   713 AM EST   SUNSET   517 PM EST
NOVEMBER 22 2017......SUNRISE   714 AM EST   SUNSET   517 PM EST


-  INDICATES NEGATIVE NUMBERS.
R  INDICATES RECORD WAS SET OR TIED.
MM INDICATES DATA IS MISSING.
T  INDICATES TRACE AMOUNT.




$$
