000
CDUS44 KMRX 160921
CLITRI


CLIMATE REPORT
NATIONAL WEATHER SERVICE MORRISTOWN TN
421 AM EST MON JAN 16 2017


...................................

...THE TRI-CITIES      ASOS CLIMATE SUMMARY FOR JANUARY 15 2017...

CLIMATE NORMAL PERIOD 1981 TO 2010
CLIMATE RECORD PERIOD 1934 TO 2017


WEATHER ITEM   OBSERVED TIME   RECORD YEAR NORMAL DEPARTURE LAST
                VALUE   (LST)  VALUE       VALUE  FROM      YEAR
                                                  NORMAL
..................................................................
TEMPERATURE (F)
 YESTERDAY
  MAXIMUM         59    247 PM  72    1950  45     14       41
  MINIMUM         53    808 AM  -4    1964  25     28       24
  AVERAGE         56                        35     21       33

PRECIPITATION (IN)
  YESTERDAY        T             2.38 2013   0.11  -0.11     0.45
  MONTH TO DATE    1.28                      1.59  -0.31     1.12
  SINCE DEC 1      6.64                      4.96   1.68     6.39
  SINCE JAN 1      1.28                      1.59  -0.31     1.12

SNOWFALL (IN)
  YESTERDAY        0.0                       0.2   -0.2      0.0
  MONTH TO DATE    3.7                       2.2    1.5       T
  SINCE DEC 1      3.7                       4.6   -0.9       T
  SINCE JUL 1      3.7                       4.9   -1.2       T
  SNOW DEPTH       0

DEGREE DAYS
 HEATING
  YESTERDAY        9                        30    -21       32
  MONTH TO DATE  342                       450   -108      454
  SINCE DEC 1   1120                      1293   -173      897
  SINCE JUL 1   1739                      2179   -440     1540

 COOLING
  YESTERDAY        0                         0      0        0
  MONTH TO DATE    0                         0      0        0
  SINCE DEC 1      0                         0      0        0
  SINCE JAN 1      0                         0      0        0
..................................................................


WIND (MPH)
  HIGHEST WIND SPEED    12   HIGHEST WIND DIRECTION     W (290)
  HIGHEST GUST SPEED    15   HIGHEST GUST DIRECTION    NW (300)
  AVERAGE WIND SPEED     3.9


SKY COVER
  POSSIBLE SUNSHINE  MM
  AVERAGE SKY COVER 1.0


WEATHER CONDITIONS
 THE FOLLOWING WEATHER WAS RECORDED YESTERDAY.
  LIGHT RAIN
  FOG


RELATIVE HUMIDITY (PERCENT)
 HIGHEST   100          1100 PM
 LOWEST     80           200 PM
 AVERAGE    90

..........................................................


THE TRI-CITIES      ASOS CLIMATE NORMALS FOR TODAY
                         NORMAL    RECORD    YEAR
 MAXIMUM TEMPERATURE (F)   45        72      1949
 MINIMUM TEMPERATURE (F)   25        -4      1964


SUNRISE AND SUNSET
JANUARY 16 2017.......SUNRISE   740 AM EST   SUNSET   539 PM EST
JANUARY 17 2017.......SUNRISE   740 AM EST   SUNSET   540 PM EST


-  INDICATES NEGATIVE NUMBERS.
R  INDICATES RECORD WAS SET OR TIED.
MM INDICATES DATA IS MISSING.
T  INDICATES TRACE AMOUNT.




$$
