000
CDUS44 KMRX 281356
CLITRI

CLIMATE REPORT
NATIONAL WEATHER SERVICE MORRISTOWN TN
856 AM EST FRI NOV 28 2014


...................................

...THE TRI-CITIES CLIMATE SUMMARY FOR NOVEMBER 27 2014...

CLIMATE NORMAL PERIOD 1981 TO 2010
CLIMATE RECORD PERIOD 1934 TO 2014


WEATHER ITEM   OBSERVED TIME   RECORD YEAR NORMAL DEPARTURE LAST
                VALUE   (LST)  VALUE       VALUE  FROM      YEAR
                                                  NORMAL
..................................................................
TEMPERATURE (F)
 YESTERDAY
  MAXIMUM         40   1258 AM  77    1990  54    -14       39
  MINIMUM         30   1159 PM  15    1977  32     -2       25
  AVERAGE         35                        43     -8       32

PRECIPITATION (IN)
  YESTERDAY        0.16          1.38 1959   0.11   0.05     0.19
  MONTH TO DATE    2.44                      2.74  -0.30     3.94
  SINCE SEP 1     10.06                      7.83   2.23     6.47
  SINCE JAN 1     35.10                     37.28  -2.18    51.34

SNOWFALL (IN)
  YESTERDAY        0.1                       0.0    0.1      1.4
  MONTH TO DATE    1.2                       0.1    1.1      1.4
  SINCE SEP 1      1.2                       0.2    1.0      1.4
  SINCE JUL 1      1.2                       0.2    1.0      1.4
  SNOW DEPTH       0

DEGREE DAYS
 HEATING
  YESTERDAY       30                        22      8       33
  MONTH TO DATE  649                       482    167      552
  SINCE SEP 1    911                       816     95      793
  SINCE JUL 1    911                       817     94      793

 COOLING
  YESTERDAY        0                         0      0        0
  MONTH TO DATE    0                         0      0        0
  SINCE SEP 1    184                       128     56      145
  SINCE JAN 1   1141                       980    161     1003
..................................................................


WIND (MPH)
  HIGHEST WIND SPEED    16   HIGHEST WIND DIRECTION     W (280)
  HIGHEST GUST SPEED    21   HIGHEST GUST DIRECTION     W (280)
  AVERAGE WIND SPEED     7.6


SKY COVER
  POSSIBLE SUNSHINE  MM
  AVERAGE SKY COVER  MM


WEATHER CONDITIONS
 THE FOLLOWING WEATHER WAS RECORDED YESTERDAY.
  RAIN
  LIGHT RAIN
  SNOW
  LIGHT SNOW
  FOG


RELATIVE HUMIDITY (PERCENT)
 HIGHEST   100           500 AM
 LOWEST     69           800 PM
 AVERAGE    85

..........................................................


THE TRI-CITIES CLIMATE NORMALS FOR TODAY
                         NORMAL    RECORD    YEAR
 MAXIMUM TEMPERATURE (F)   53        77      2001
 MINIMUM TEMPERATURE (F)   31        13      1938


SUNRISE AND SUNSET
NOVEMBER 28 2014......SUNRISE   720 AM EST   SUNSET   515 PM EST
NOVEMBER 29 2014......SUNRISE   721 AM EST   SUNSET   515 PM EST


-  INDICATES NEGATIVE NUMBERS.
R  INDICATES RECORD WAS SET OR TIED.
MM INDICATES DATA IS MISSING.
T  INDICATES TRACE AMOUNT.


&&

THE LOW TEMPERATURE SINCE MIDNIGHT HAS BEEN 25. THERE HAS BEEN NO
PRECIPITATION SINCE MIDNIGHT.

THIS SUPPLEMENTAL ISSUANCE OF THE CLIMATE PRODUCT THAT WILL BE
DISCONTINUED AS OF DECEMBER 1ST 2014. WE WILL CONTINUE TO ISSUE
CLIMATE PRODUCTS TWICE DAILY...BY 5 AM...AND BY 6 PM. OVERNIGHT LOW
TEMPERATURES AND PRECIPITATION CAN BE FOUND AT
WWW.SRH.NOAA.GOV/MRX/?N=MRXCLIUPDATE

$$
