000
CDUS46 KSGX 250016
CLITRM


CLIMATE REPORT
NATIONAL WEATHER SERVICE SAN DIEGO, CA
516 PM PDT FRI MAR 24 2017


...................................

...THE THERMAL AIRPORT CA CLIMATE SUMMARY FOR MARCH 24 2017...
VALID TODAY AS OF 0500 PM LOCAL TIME.

CLIMATE NORMAL PERIOD 1981 TO 2010
CLIMATE RECORD PERIOD 1950 TO 2017


WEATHER ITEM   OBSERVED TIME   RECORD YEAR NORMAL DEPARTURE LAST
                VALUE   (LST)  VALUE       VALUE  FROM      YEAR
                                                  NORMAL
..................................................................
TEMPERATURE (F)
 TODAY
  MAXIMUM         81    335 PM  98    1988  83     -2       89
  MINIMUM         47    605 AM  36    1995  48     -1       44
  AVERAGE         64                        66     -2       67

PRECIPITATION (IN)
  TODAY            0.00          0.04 1966   0.01  -0.01     0.00
  MONTH TO DATE    0.00                      0.34  -0.34      T
  SINCE OCT 1      3.69                      2.48   1.21     1.63
  SINCE JAN 1      2.01                      1.67   0.34     1.20

DEGREE DAYS
 HEATING
  TODAY            1                         2     -1        0
  MONTH TO DATE   34                        81    -47       16
  SINCE MAR 1     34                        81    -47       16
  SINCE JUL 1    899                      1146   -247     1041

 COOLING
  TODAY            0                         3     -3        2
  MONTH TO DATE  143                        41    102      112
  SINCE MAR 1    143                        41    102      112
  SINCE JAN 1    175                        53    122      177
..................................................................


WIND (MPH)
  RESULTANT WIND SPEED   1   RESULTANT WIND DIRECTION   N (350)
  HIGHEST WIND SPEED    16   HIGHEST WIND DIRECTION    NW (320)
  HIGHEST GUST SPEED    20   HIGHEST GUST DIRECTION    NW (310)
  AVERAGE WIND SPEED     6.6


SKY COVER
  POSSIBLE SUNSHINE  MM
  AVERAGE SKY COVER 0.0


WEATHER CONDITIONS
 THE FOLLOWING WEATHER WAS RECORDED TODAY.
  NO SIGNIFICANT WEATHER WAS OBSERVED.


RELATIVE HUMIDITY (PERCENT)
 HIGHEST    63           500 AM
 LOWEST     13           400 PM
 AVERAGE    38

..........................................................


THE THERMAL AIRPORT CA CLIMATE NORMALS FOR TOMORROW
                         NORMAL    RECORD    YEAR
 MAXIMUM TEMPERATURE (F)   83       100      1988
 MINIMUM TEMPERATURE (F)   49        39      2009


SUNRISE AND SUNSET
MARCH 24 2017.........SUNRISE   643 AM PDT   SUNSET   700 PM PDT
MARCH 25 2017.........SUNRISE   641 AM PDT   SUNSET   700 PM PDT


-  INDICATES NEGATIVE NUMBERS.
R  INDICATES RECORD WAS SET OR TIED.
MM INDICATES DATA IS MISSING.
T  INDICATES TRACE AMOUNT.




$$
