000
CDUS46 KSGX 250117
CLITRM


CLIMATE REPORT
NATIONAL WEATHER SERVICE SAN DIEGO, CA
517 PM PST FRI NOV 24 2017


...................................

...THE THERMAL AIRPORT CA CLIMATE SUMMARY FOR NOVEMBER 24 2017...
VALID TODAY AS OF 0500 PM LOCAL TIME.

CLIMATE NORMAL PERIOD 1981 TO 2010
CLIMATE RECORD PERIOD 1950 TO 2017


WEATHER ITEM   OBSERVED TIME   RECORD YEAR NORMAL DEPARTURE LAST
                VALUE   (LST)  VALUE       VALUE  FROM      YEAR
                                                  NORMAL
..................................................................
TEMPERATURE (F)
 TODAY
  MAXIMUM         87    103 PM  93    1959  75     12       79
  MINIMUM         49    446 AM  27    1999  39     10       37
  AVERAGE         68                        57     11       58

PRECIPITATION (IN)
  TODAY            0.00          0.89 1978   0.00   0.00     0.00
  MONTH TO DATE    0.00                      0.16  -0.16     0.01
  SINCE OCT 1      0.00                      0.39  -0.39     0.32
  SINCE JAN 1      3.36                      2.78   0.58     2.16

DEGREE DAYS
 HEATING
  TODAY            0                         8     -8        7
  MONTH TO DATE   13                       102    -89       49
  SINCE SEP 1     13                       113   -100       49
  SINCE JUL 1     13                       113   -100       49

 COOLING
  TODAY            3                         0      3        0
  MONTH TO DATE   61                        33     28       94
  SINCE SEP 1    991                       853    138      997
  SINCE JAN 1   4460                      3686    774     4334
..................................................................


WIND (MPH)
  RESULTANT WIND SPEED   0   RESULTANT WIND DIRECTION  NE (50)
  HIGHEST WIND SPEED     8   HIGHEST WIND DIRECTION     S (160)
  HIGHEST GUST SPEED    11   HIGHEST GUST DIRECTION    SE (140)
  AVERAGE WIND SPEED     2.9


SKY COVER
  POSSIBLE SUNSHINE  MM
  AVERAGE SKY COVER 0.0


WEATHER CONDITIONS
 THE FOLLOWING WEATHER WAS RECORDED TODAY.
  NO SIGNIFICANT WEATHER WAS OBSERVED.


RELATIVE HUMIDITY (PERCENT)
 HIGHEST    71           300 AM
 LOWEST     22           300 PM
 AVERAGE    47

..........................................................


THE THERMAL AIRPORT CA CLIMATE NORMALS FOR TOMORROW
                         NORMAL    RECORD    YEAR
 MAXIMUM TEMPERATURE (F)   75        90      1950
 MINIMUM TEMPERATURE (F)   39        27      2010
                                             1993


SUNRISE AND SUNSET
NOVEMBER 24 2017......SUNRISE   625 AM PST   SUNSET   438 PM PST
NOVEMBER 25 2017......SUNRISE   626 AM PST   SUNSET   437 PM PST


-  INDICATES NEGATIVE NUMBERS.
R  INDICATES RECORD WAS SET OR TIED.
MM INDICATES DATA IS MISSING.
T  INDICATES TRACE AMOUNT.




$$
