000
CDUS46 KSGX 011430
CLITRM


CLIMATE REPORT
NATIONAL WEATHER SERVICE SAN DIEGO, CA
729 AM PDT WED JUL 1 2015


...................................

...THE THERMAL AIRPORT CA CLIMATE SUMMARY FOR JUNE 30 2015...

CLIMATE NORMAL PERIOD 1981 TO 2010
CLIMATE RECORD PERIOD 1950 TO 2015


WEATHER ITEM   OBSERVED TIME   RECORD YEAR NORMAL DEPARTURE LAST
                VALUE   (LST)  VALUE       VALUE  FROM      YEAR
                                                  NORMAL
..................................................................
TEMPERATURE (F)
 YESTERDAY
  MAXIMUM        107    432 PM 122    1950 106      1      106
  MINIMUM         79    452 AM  62    1993  71      8       71
  AVERAGE         93                        89      4       89

PRECIPITATION (IN)
  YESTERDAY        T   R         0.00 2002   0.00   0.00     0.00
                                      2000
  MONTH TO DATE    T                         0.02  -0.02     0.00
  SINCE OCT 1      0.84                      2.63  -1.79     0.16
  SINCE JAN 1      0.69                      1.82  -1.13     0.08

SNOWFALL (IN)
  YESTERDAY        0.0
  MONTH TO DATE    0.0
  SINCE JUN 1      0.0
  SINCE JUL 1      0.0
  SNOW DEPTH       0

DEGREE DAYS
 HEATING
  YESTERDAY        0                         0      0        0
  MONTH TO DATE    0                         0      0        0
  SINCE JUN 1      0                         0      0        0
  SINCE JUL 1    764                      1181   -417      821

 COOLING
  YESTERDAY       28                        24      4       24
  MONTH TO DATE  673                       608     65      684
  SINCE JUN 1    673                       608     65      684
  SINCE JAN 1   1427                      1281    146     1506
..................................................................


WIND (MPH)
  RESULTANT WIND SPEED   3   RESULTANT WIND DIRECTION  SE (130)
  HIGHEST WIND SPEED    21   HIGHEST WIND DIRECTION    SE (140)
  HIGHEST GUST SPEED    27   HIGHEST GUST DIRECTION    SE (150)
  AVERAGE WIND SPEED     7.6


SKY COVER
  POSSIBLE SUNSHINE  MM
  AVERAGE SKY COVER 0.0


WEATHER CONDITIONS
 THE FOLLOWING WEATHER WAS RECORDED YESTERDAY.
  LIGHT RAIN
  HAZE


RELATIVE HUMIDITY (PERCENT)
 HIGHEST    71           500 AM
 LOWEST     23           600 PM
 AVERAGE    47

..........................................................


THE THERMAL AIRPORT CA CLIMATE NORMALS FOR TODAY
                         NORMAL    RECORD    YEAR
 MAXIMUM TEMPERATURE (F)  106       117      1996
 MINIMUM TEMPERATURE (F)   71        61      1995


SUNRISE AND SUNSET
JULY  1 2015..........SUNRISE   538 AM PDT   SUNSET   759 PM PDT
JULY  2 2015..........SUNRISE   538 AM PDT   SUNSET   759 PM PDT


-  INDICATES NEGATIVE NUMBERS.
R  INDICATES RECORD WAS SET OR TIED.
MM INDICATES DATA IS MISSING.
T  INDICATES TRACE AMOUNT.




$$
