000
CDUS46 KSGX 311417
CLITRM


CLIMATE REPORT
NATIONAL WEATHER SERVICE SAN DIEGO, CA
716 AM PDT MON AUG 31 2015


...................................

...THE THERMAL AIRPORT CA CLIMATE SUMMARY FOR AUGUST 30 2015...

CLIMATE NORMAL PERIOD 1981 TO 2010
CLIMATE RECORD PERIOD 1950 TO 2015


WEATHER ITEM   OBSERVED TIME   RECORD YEAR NORMAL DEPARTURE LAST
                VALUE   (LST)  VALUE       VALUE  FROM      YEAR
                                                  NORMAL
..................................................................
TEMPERATURE (F)
 YESTERDAY
  MAXIMUM        111    303 PM 117    1984 105      6      111
  MINIMUM         86    515 AM  62    2002  72     14       69
  AVERAGE         99                        88     11       90

PRECIPITATION (IN)
  YESTERDAY        0.00          0.08 2008   0.00   0.00     0.00
  MONTH TO DATE    0.00                      0.18  -0.18     0.32
  SINCE OCT 1      1.72                      2.95  -1.23     0.48
  SINCE JAN 1      1.57                      2.14  -0.57     0.40

DEGREE DAYS
 HEATING
  YESTERDAY        0                         0      0        0
  MONTH TO DATE    0                         0      0        0
  SINCE JUN 1      0                         0      0        0
  SINCE JUL 1      0                         0      0        0

 COOLING
  YESTERDAY       34                        23     11       25
  MONTH TO DATE  863                       743    120      749
  SINCE JUN 1   2341                      2137    204     2349
  SINCE JAN 1   3095                      2810    285     3171
..................................................................


WIND (MPH)
  RESULTANT WIND SPEED   6   RESULTANT WIND DIRECTION  NW (330)
  HIGHEST WIND SPEED    21   HIGHEST WIND DIRECTION     N (340)
  HIGHEST GUST SPEED    26   HIGHEST GUST DIRECTION     N (340)
  AVERAGE WIND SPEED     8.1


SKY COVER
  POSSIBLE SUNSHINE  MM
  AVERAGE SKY COVER 0.0


WEATHER CONDITIONS
 THE FOLLOWING WEATHER WAS RECORDED YESTERDAY.
  NO SIGNIFICANT WEATHER WAS OBSERVED.


RELATIVE HUMIDITY (PERCENT)
 HIGHEST    32          1100 PM
 LOWEST     11           100 PM
 AVERAGE    22

..........................................................


THE THERMAL AIRPORT CA CLIMATE NORMALS FOR TODAY
                         NORMAL    RECORD    YEAR
 MAXIMUM TEMPERATURE (F)  105       120      1950
 MINIMUM TEMPERATURE (F)   71        52      1999


SUNRISE AND SUNSET
AUGUST 31 2015........SUNRISE   618 AM PDT   SUNSET   712 PM PDT
SEPTEMBER  1 2015.....SUNRISE   618 AM PDT   SUNSET   710 PM PDT


-  INDICATES NEGATIVE NUMBERS.
R  INDICATES RECORD WAS SET OR TIED.
MM INDICATES DATA IS MISSING.
T  INDICATES TRACE AMOUNT.




$$
