000
CDUS46 KSGX 070119
CLITRM


CLIMATE REPORT
NATIONAL WEATHER SERVICE SAN DIEGO, CA
519 PM PST SAT FEB 6 2016


...................................

...THE THERMAL AIRPORT CA CLIMATE SUMMARY FOR FEBRUARY 6 2016...
VALID TODAY AS OF 0500 PM LOCAL TIME.

CLIMATE NORMAL PERIOD 1981 TO 2010
CLIMATE RECORD PERIOD 1950 TO 2016


WEATHER ITEM   OBSERVED TIME   RECORD YEAR NORMAL DEPARTURE LAST
                VALUE   (LST)  VALUE       VALUE  FROM      YEAR
                                                  NORMAL
..................................................................
TEMPERATURE (F)
 TODAY
  MAXIMUM         78    322 PM  94    1963  73      5       83
  MINIMUM         36    648 AM  23    2003  40     -4       43
  AVERAGE         57                        56      1       63

PRECIPITATION (IN)
  TODAY            0.00          0.96 1992   0.02  -0.02     0.00
  MONTH TO DATE    0.00                      0.12  -0.12     0.00
  SINCE OCT 1      1.63                      1.60   0.03     0.42
  SINCE JAN 1      1.20                      0.79   0.41     0.27

DEGREE DAYS
 HEATING
  TODAY            8                         9     -1        2
  MONTH TO DATE   80                        54     26       21
  SINCE DEC 1    804                       747     57      571
  SINCE JUL 1   1003                       914     89      680

 COOLING
  TODAY            0                         0      0        0
  MONTH TO DATE    0                         0      0        0
  SINCE DEC 1      0                         3     -3        3
  SINCE JAN 1      0                         2     -2        0
..................................................................


WIND (MPH)
  RESULTANT WIND SPEED   2   RESULTANT WIND DIRECTION   N (350)
  HIGHEST WIND SPEED     9   HIGHEST WIND DIRECTION    NW (330)
  HIGHEST GUST SPEED    11   HIGHEST GUST DIRECTION     W (290)
  AVERAGE WIND SPEED     3.7


SKY COVER
  POSSIBLE SUNSHINE  MM
  AVERAGE SKY COVER 0.0


WEATHER CONDITIONS
 THE FOLLOWING WEATHER WAS RECORDED TODAY.
  NO SIGNIFICANT WEATHER WAS OBSERVED.


RELATIVE HUMIDITY (PERCENT)
 HIGHEST    64           400 AM
 LOWEST      9           200 PM
 AVERAGE    37

..........................................................


THE THERMAL AIRPORT CA CLIMATE NORMALS FOR TOMORROW
                         NORMAL    RECORD    YEAR
 MAXIMUM TEMPERATURE (F)   74        95      1996
 MINIMUM TEMPERATURE (F)   40        24      2003


SUNRISE AND SUNSET
FEBRUARY  6 2016......SUNRISE   637 AM PST   SUNSET   520 PM PST
FEBRUARY  7 2016......SUNRISE   637 AM PST   SUNSET   521 PM PST


-  INDICATES NEGATIVE NUMBERS.
R  INDICATES RECORD WAS SET OR TIED.
MM INDICATES DATA IS MISSING.
T  INDICATES TRACE AMOUNT.




$$
