000
CDUS46 KSGX 270017
CLITRM


CLIMATE REPORT
NATIONAL WEATHER SERVICE SAN DIEGO, CA
517 PM PDT THU MAR 26 2015


...................................

...THE THERMAL AIRPORT CA CLIMATE SUMMARY FOR MARCH 26 2015...
VALID TODAY AS OF 0500 PM LOCAL TIME.

CLIMATE NORMAL PERIOD 1981 TO 2010
CLIMATE RECORD PERIOD 1950 TO 2015


WEATHER ITEM   OBSERVED TIME   RECORD YEAR NORMAL DEPARTURE LAST
                VALUE   (LST)  VALUE       VALUE  FROM      YEAR
                                                  NORMAL
..................................................................
TEMPERATURE (F)
 TODAY
  MAXIMUM         95    359 PM 102    1988  83     12       79
  MINIMUM         52    348 AM  39    1997  49      3       60
  AVERAGE         74                        66      8       70

PRECIPITATION (IN)
  TODAY            0.00          0.48 1992   0.00   0.00     0.00
  MONTH TO DATE    0.31                      0.35  -0.04      T
  SINCE OCT 1      0.77                      2.49  -1.72     0.16
  SINCE JAN 1      0.62                      1.68  -1.06     0.08

SNOWFALL (IN)
  TODAY            0.0
  MONTH TO DATE    0.0
  SINCE MAR 1      0.0
  SINCE JUL 1      0.0
  SNOW DEPTH       0

DEGREE DAYS
 HEATING
  TODAY            0                         2     -2        0
  MONTH TO DATE   44                        85    -41       23
  SINCE MAR 1     44                        85    -41       23
  SINCE JUL 1    749                      1150   -401      812

 COOLING
  TODAY            9                         3      6        5
  MONTH TO DATE  132                        47     85       90
  SINCE MAR 1    132                        47     85       90
  SINCE JAN 1    154                        59     95      100
..................................................................


WIND (MPH)
  RESULTANT WIND SPEED   3   RESULTANT WIND DIRECTION   N (360)
  HIGHEST WIND SPEED    14   HIGHEST WIND DIRECTION    NW (300)
  HIGHEST GUST SPEED    16   HIGHEST GUST DIRECTION    NW (300)
  AVERAGE WIND SPEED     5.2


SKY COVER
  POSSIBLE SUNSHINE  MM
  AVERAGE SKY COVER 0.0


WEATHER CONDITIONS
 THE FOLLOWING WEATHER WAS RECORDED TODAY.
  NO SIGNIFICANT WEATHER WAS OBSERVED.


RELATIVE HUMIDITY (PERCENT)
 HIGHEST    46           400 AM
 LOWEST      7           400 PM
 AVERAGE    27

..........................................................


THE THERMAL AIRPORT CA CLIMATE NORMALS FOR TOMORROW
                         NORMAL    RECORD    YEAR
 MAXIMUM TEMPERATURE (F)   83       100      1988
 MINIMUM TEMPERATURE (F)   49        35      1995


SUNRISE AND SUNSET
MARCH 26 2015.........SUNRISE   641 AM PDT   SUNSET   701 PM PDT
MARCH 27 2015.........SUNRISE   639 AM PDT   SUNSET   701 PM PDT


-  INDICATES NEGATIVE NUMBERS.
R  INDICATES RECORD WAS SET OR TIED.
MM INDICATES DATA IS MISSING.
T  INDICATES TRACE AMOUNT.




$$
