835
CDUS46 KSGX 241133
CLITRM


CLIMATE REPORT
NATIONAL WEATHER SERVICE SAN DIEGO, CA
433 AM PDT MON JUL 24 2017


...................................

...THE THERMAL AIRPORT CA CLIMATE SUMMARY FOR JULY 23 2017...

CLIMATE NORMAL PERIOD 1981 TO 2010
CLIMATE RECORD PERIOD 1950 TO 2017


WEATHER ITEM   OBSERVED TIME   RECORD YEAR NORMAL DEPARTURE LAST
                VALUE   (LST)  VALUE       VALUE  FROM      YEAR
                                                  NORMAL
..................................................................
TEMPERATURE (F)
 YESTERDAY
  MAXIMUM        107    251 PM 119    2014 107      0      110
  MINIMUM         78    509 AM  65    1993  75      3       76
  AVERAGE         93                        91      2       93

PRECIPITATION (IN)
  YESTERDAY        0.00          T    2005   0.00   0.00     0.00
                                      2005
                                      2006
  MONTH TO DATE    T                         0.09  -0.09     0.00
  SINCE OCT 1      3.69                      2.72   0.97     1.98
  SINCE JAN 1      2.01                      1.91   0.10     1.55

DEGREE DAYS
 HEATING
  YESTERDAY        0                         0      0        0
  MONTH TO DATE    0                         0      0        0
  SINCE JUN 1      0                         0      0        0
  SINCE JUL 1      0                         0      0        0

 COOLING
  YESTERDAY       28                        26      2       28
  MONTH TO DATE  661                       581     80      610
  SINCE JUN 1   1383                      1189    194     1371
  SINCE JAN 1   2357                      1862    495     2248
..................................................................


WIND (MPH)
  RESULTANT WIND SPEED   6   RESULTANT WIND DIRECTION  SE (140)
  HIGHEST WIND SPEED    18   HIGHEST WIND DIRECTION    SE (150)
  HIGHEST GUST SPEED    23   HIGHEST GUST DIRECTION    SE (140)
  AVERAGE WIND SPEED     7.4


SKY COVER
  POSSIBLE SUNSHINE  MM
  AVERAGE SKY COVER 0.1


WEATHER CONDITIONS
 THE FOLLOWING WEATHER WAS RECORDED YESTERDAY.
  HAZE


RELATIVE HUMIDITY (PERCENT)
 HIGHEST    69           400 AM
 LOWEST     27           400 PM
 AVERAGE    48

..........................................................


THE THERMAL AIRPORT CA CLIMATE NORMALS FOR TODAY
                         NORMAL    RECORD    YEAR
 MAXIMUM TEMPERATURE (F)  107       117      2000
 MINIMUM TEMPERATURE (F)   75        65      2008


SUNRISE AND SUNSET
JULY 24 2017..........SUNRISE   552 AM PDT   SUNSET   750 PM PDT
JULY 25 2017..........SUNRISE   552 AM PDT   SUNSET   750 PM PDT


-  INDICATES NEGATIVE NUMBERS.
R  INDICATES RECORD WAS SET OR TIED.
MM INDICATES DATA IS MISSING.
T  INDICATES TRACE AMOUNT.




$$
