000
CDUS46 KSGX 210129
CLITRM


CLIMATE REPORT
NATIONAL WEATHER SERVICE SAN DIEGO, CA
529 PM PST MON FEB 20 2017


...................................

...THE THERMAL AIRPORT CA CLIMATE SUMMARY FOR FEBRUARY 20 2017...
VALID TODAY AS OF 0500 PM LOCAL TIME.

CLIMATE NORMAL PERIOD 1981 TO 2010
CLIMATE RECORD PERIOD 1950 TO 2017


WEATHER ITEM   OBSERVED TIME   RECORD YEAR NORMAL DEPARTURE LAST
                VALUE   (LST)  VALUE       VALUE  FROM      YEAR
                                                  NORMAL
..................................................................
TEMPERATURE (F)
 TODAY
  MAXIMUM         70    333 PM  93    1995  76     -6       87
  MINIMUM         49    641 AM  27    1955  42      7       45
  AVERAGE         60                        59      1       66

PRECIPITATION (IN)
  TODAY            0.00          0.25 1980   0.02  -0.02     0.00
  MONTH TO DATE    0.37                      0.46  -0.09     0.00
  SINCE OCT 1      3.36                      1.94   1.42     1.63
  SINCE JAN 1      1.68                      1.13   0.55     1.20

DEGREE DAYS
 HEATING
  TODAY            5                         6     -1        0
  MONTH TO DATE   61                       160    -99       89
  SINCE DEC 1    689                       853   -164      813
  SINCE JUL 1    807                      1020   -213     1012

 COOLING
  TODAY            0                         0      0        1
  MONTH TO DATE   32                         0     32       47
  SINCE DEC 1     34                         3     31       47
  SINCE JAN 1     32                         2     30       47
..................................................................


WIND (MPH)
  RESULTANT WIND SPEED   1   RESULTANT WIND DIRECTION   E (100)
  HIGHEST WIND SPEED    14   HIGHEST WIND DIRECTION    NW (330)
  HIGHEST GUST SPEED    17   HIGHEST GUST DIRECTION    NW (320)
  AVERAGE WIND SPEED     5.1


SKY COVER
  POSSIBLE SUNSHINE  MM
  AVERAGE SKY COVER 0.1


WEATHER CONDITIONS
 THE FOLLOWING WEATHER WAS RECORDED TODAY.
  NO SIGNIFICANT WEATHER WAS OBSERVED.


RELATIVE HUMIDITY (PERCENT)
 HIGHEST    93           600 AM
 LOWEST     47           300 PM
 AVERAGE    70

..........................................................


THE THERMAL AIRPORT CA CLIMATE NORMALS FOR TOMORROW
                         NORMAL    RECORD    YEAR
 MAXIMUM TEMPERATURE (F)   76        89      1977
 MINIMUM TEMPERATURE (F)   43        28      1955


SUNRISE AND SUNSET
FEBRUARY 20 2017......SUNRISE   623 AM PST   SUNSET   534 PM PST
FEBRUARY 21 2017......SUNRISE   622 AM PST   SUNSET   535 PM PST


-  INDICATES NEGATIVE NUMBERS.
R  INDICATES RECORD WAS SET OR TIED.
MM INDICATES DATA IS MISSING.
T  INDICATES TRACE AMOUNT.




$$
