000
CDUS46 KPQR 311145
CLITTD


CLIMATE REPORT
NATIONAL WEATHER SERVICE PORTLAND OREGON
444 AM PDT MON AUG 31 2015


...................................

...THE TROUTDALE OR CLIMATE SUMMARY FOR AUGUST 30 2015...

CLIMATE NORMAL PERIOD 1981 TO 2010
CLIMATE RECORD PERIOD 1948 TO 2015


WEATHER ITEM   OBSERVED TIME   RECORD YEAR NORMAL DEPARTURE LAST
                VALUE   (LST)  VALUE       VALUE  FROM      YEAR
                                                  NORMAL
..................................................................
TEMPERATURE (F)
 YESTERDAY
  MAXIMUM         73    103 PM 102    1987  80     -7       72
  MINIMUM         57   1024 PM  42    1965  52      5       57
  AVERAGE         65                        66     -1       65

PRECIPITATION (IN)
  YESTERDAY        0.92                      0.04   0.88     0.06
  MONTH TO DATE    1.36                      0.81   0.55     0.12
  SINCE OCT 1     30.89                     45.07 -14.18    29.27
  SINCE JAN 1     15.93                     26.67 -10.74    21.68

DEGREE DAYS
 HEATING
  YESTERDAY        0                         2     -2        0
  MONTH TO DATE    0                        31    -31        0

 COOLING
  YESTERDAY        0                         3     -3        0
  MONTH TO DATE  211                       119     92      237
..................................................................


WIND (MPH)
  HIGHEST WIND SPEED    16   HIGHEST WIND DIRECTION     S (190)
  HIGHEST GUST SPEED    23   HIGHEST GUST DIRECTION    SW (220)
  AVERAGE WIND SPEED     6.3


SKY COVER
  POSSIBLE SUNSHINE  MM
  AVERAGE SKY COVER 0.8


WEATHER CONDITIONS
 THE FOLLOWING WEATHER WAS RECORDED YESTERDAY.
  HEAVY RAIN
  RAIN
  LIGHT RAIN
  FOG
  HAZE


RELATIVE HUMIDITY (PERCENT)
 HIGHEST    90           200 AM
 LOWEST     47           500 PM
 AVERAGE    69

..........................................................


THE TROUTDALE OR CLIMATE NORMALS FOR TODAY
                         NORMAL    RECORD    YEAR
 MAXIMUM TEMPERATURE (F)   80       103      1987
 MINIMUM TEMPERATURE (F)   52        44      2006


SUNRISE AND SUNSET
AUGUST 31 2015........SUNRISE   630 AM PDT   SUNSET   749 PM PDT
SEPTEMBER  1 2015.....SUNRISE   631 AM PDT   SUNSET   748 PM PDT


-  INDICATES NEGATIVE NUMBERS.
R  INDICATES RECORD WAS SET OR TIED.
MM INDICATES DATA IS MISSING.
T  INDICATES TRACE AMOUNT.




$$
