000
CDUS46 KPQR 211141
CLITTD


CLIMATE REPORT
NATIONAL WEATHER SERVICE PORTLAND OREGON
440 AM PDT FRI JUL 21 2017


...................................

...THE TROUTDALE OR CLIMATE SUMMARY FOR JULY 20 2017...

CLIMATE NORMAL PERIOD 1981 TO 2010
CLIMATE RECORD PERIOD 1948 TO 2017


WEATHER ITEM   OBSERVED TIME   RECORD YEAR NORMAL DEPARTURE LAST
                VALUE   (LST)  VALUE       VALUE  FROM      YEAR
                                                  NORMAL
..................................................................
TEMPERATURE (F)
 YESTERDAY
  MAXIMUM         77    318 PM 103    1994  83     -6       85
  MINIMUM         59    454 AM  42    1989  55      4       54
  AVERAGE         68                        69     -1       70

PRECIPITATION (IN)
  YESTERDAY        T                         0.02  -0.02     0.00
  MONTH TO DATE    T                         0.56  -0.56     0.44
  SINCE OCT 1     48.20                     44.08   4.12    39.73
  SINCE JAN 1     27.11                     25.68   1.43    19.91

DEGREE DAYS
 HEATING
  YESTERDAY        0                         1     -1        0
  MONTH TO DATE    0                        25    -25        6

 COOLING
  YESTERDAY        3                         4     -1        5
  MONTH TO DATE   80                        62     18       55
..................................................................


WIND (MPH)
  HIGHEST WIND SPEED    10   HIGHEST WIND DIRECTION     S (200)
  HIGHEST GUST SPEED    14   HIGHEST GUST DIRECTION     W (250)
  AVERAGE WIND SPEED     4.8


SKY COVER
  POSSIBLE SUNSHINE  MM
  AVERAGE SKY COVER 0.6


WEATHER CONDITIONS
 THE FOLLOWING WEATHER WAS RECORDED YESTERDAY.
  NO SIGNIFICANT WEATHER WAS OBSERVED.


RELATIVE HUMIDITY (PERCENT)
 HIGHEST    75           500 AM
 LOWEST     43           300 PM
 AVERAGE    59

..........................................................


THE TROUTDALE OR CLIMATE NORMALS FOR TODAY
                         NORMAL    RECORD    YEAR
 MAXIMUM TEMPERATURE (F)   83       105      2006
 MINIMUM TEMPERATURE (F)   55        47      1966


SUNRISE AND SUNSET
JULY 21 2017..........SUNRISE   542 AM PDT   SUNSET   850 PM PDT
JULY 22 2017..........SUNRISE   543 AM PDT   SUNSET   849 PM PDT


-  INDICATES NEGATIVE NUMBERS.
R  INDICATES RECORD WAS SET OR TIED.
MM INDICATES DATA IS MISSING.
T  INDICATES TRACE AMOUNT.




$$
