000
CDUS46 KPQR 220225
CLITTD


CLIMATE REPORT
NATIONAL WEATHER SERVICE PORTLAND OREGON
625 PM PST WED FEB 21 2018


...................................

...THE TROUTDALE OR CLIMATE SUMMARY FOR FEBRUARY 21 2018...
VALID TODAY AS OF 0600 PM LOCAL TIME.

CLIMATE NORMAL PERIOD 1981 TO 2010
CLIMATE RECORD PERIOD 1948 TO 2018


WEATHER ITEM   OBSERVED TIME   RECORD YEAR NORMAL DEPARTURE LAST
                VALUE   (LST)  VALUE       VALUE  FROM      YEAR
                                                  NORMAL
..................................................................
TEMPERATURE (F)
 TODAY
  MAXIMUM         38    254 PM  68    1958  51    -13       47
  MINIMUM         29    651 AM  26    1955  36     -7       36
  AVERAGE         34                        43     -9       42

PRECIPITATION (IN)
  TODAY            0.00                      0.18  -0.18     0.64
  MONTH TO DATE    1.34                      3.83  -2.49     7.64
  SINCE OCT 1     20.67                     28.41  -7.74    31.10
  SINCE JAN 1      6.33                     10.01  -3.68    10.01

DEGREE DAYS
 HEATING
  TODAY           31                        22      9       23
  MONTH TO DATE  419                       478    -59      484

 COOLING
  TODAY            0                         0      0        0
  MONTH TO DATE    0                         0      0        0
..................................................................


WIND (MPH)
  HIGHEST WIND SPEED    18   HIGHEST WIND DIRECTION     E (90)
  HIGHEST GUST SPEED    22   HIGHEST GUST DIRECTION     E (80)
  AVERAGE WIND SPEED     9.3


SKY COVER
  POSSIBLE SUNSHINE  MM
  AVERAGE SKY COVER 0.4


WEATHER CONDITIONS
 THE FOLLOWING WEATHER WAS RECORDED TODAY.
  NO SIGNIFICANT WEATHER WAS OBSERVED.


RELATIVE HUMIDITY (PERCENT)
 HIGHEST    85          1200 AM
 LOWEST     52           300 PM
 AVERAGE    69

..........................................................


THE TROUTDALE OR CLIMATE NORMALS FOR TOMORROW
                         NORMAL    RECORD    YEAR
 MAXIMUM TEMPERATURE (F)   51        64      2002
 MINIMUM TEMPERATURE (F)   36        28      1957


SUNRISE AND SUNSET
FEBRUARY 21 2018......SUNRISE   702 AM PST   SUNSET   546 PM PST
FEBRUARY 22 2018......SUNRISE   700 AM PST   SUNSET   547 PM PST


-  INDICATES NEGATIVE NUMBERS.
R  INDICATES RECORD WAS SET OR TIED.
MM INDICATES DATA IS MISSING.
T  INDICATES TRACE AMOUNT.




$$
