000
CDUS46 KPQR 131141
CLITTD


CLIMATE REPORT
NATIONAL WEATHER SERVICE PORTLAND OREGON
341 AM PST SAT FEB 13 2016


...................................

...THE TROUTDALE OR CLIMATE SUMMARY FOR FEBRUARY 12 2016...

CLIMATE NORMAL PERIOD 1981 TO 2010
CLIMATE RECORD PERIOD 1948 TO 2016


WEATHER ITEM   OBSERVED TIME   RECORD YEAR NORMAL DEPARTURE LAST
                VALUE   (LST)  VALUE       VALUE  FROM      YEAR
                                                  NORMAL
..................................................................
TEMPERATURE (F)
 YESTERDAY
  MAXIMUM         55    434 PM  64    2015  49      6       64
                                      2014
  MINIMUM         41   1027 PM  25    2009  35      6       41
                                      1968
  AVERAGE         48                        42      6       53

PRECIPITATION (IN)
  YESTERDAY        0.12                      0.19  -0.07     0.00
  MONTH TO DATE    0.68                      2.28  -1.60     2.36
  SINCE OCT 1     25.00                     26.86  -1.86    20.06
  SINCE JAN 1      5.18                      8.46  -3.28     5.10

DEGREE DAYS
 HEATING
  YESTERDAY       17                        23     -6       12
  MONTH TO DATE  196                       278    -82      171

 COOLING
  YESTERDAY        0                         0      0        0
  MONTH TO DATE    0                         0      0        0
..................................................................


WIND (MPH)
  HIGHEST WIND SPEED    26   HIGHEST WIND DIRECTION     E (90)
  HIGHEST GUST SPEED    33   HIGHEST GUST DIRECTION     E (90)
  AVERAGE WIND SPEED     9.9


SKY COVER
  POSSIBLE SUNSHINE  MM
  AVERAGE SKY COVER 0.7


WEATHER CONDITIONS
 THE FOLLOWING WEATHER WAS RECORDED YESTERDAY.
  RAIN
  LIGHT RAIN
  FOG


RELATIVE HUMIDITY (PERCENT)
 HIGHEST    96          1000 PM
 LOWEST     71          1200 AM
 AVERAGE    84

..........................................................


THE TROUTDALE OR CLIMATE NORMALS FOR TODAY
                         NORMAL    RECORD    YEAR
 MAXIMUM TEMPERATURE (F)   49        61      2015
                                             1976
 MINIMUM TEMPERATURE (F)   35        22      1949


SUNRISE AND SUNSET
FEBRUARY 13 2016......SUNRISE   715 AM PST   SUNSET   533 PM PST
FEBRUARY 14 2016......SUNRISE   714 AM PST   SUNSET   535 PM PST


-  INDICATES NEGATIVE NUMBERS.
R  INDICATES RECORD WAS SET OR TIED.
MM INDICATES DATA IS MISSING.
T  INDICATES TRACE AMOUNT.




$$
