000
CDUS41 KPHI 032133
CLITTN


CLIMATE REPORT
NATIONAL WEATHER SERVICE MOUNT HOLLY NJ
433 PM EST TUE MAR 3 2015


...................................

...THE TRENTON NJ CLIMATE SUMMARY FOR MARCH 3 2015...
VALID TODAY AS OF 0400 PM LOCAL TIME.

CLIMATE NORMAL PERIOD 1981 TO 2010
CLIMATE RECORD PERIOD 1865 TO 2015


WEATHER ITEM   OBSERVED TIME   RECORD YEAR NORMAL DEPARTURE LAST
                VALUE   (LST)  VALUE       VALUE  FROM      YEAR
                                                  NORMAL
..................................................................
TEMPERATURE (F)
 TODAY
  MAXIMUM         32    321 PM  72    1991  47    -15       32
  MINIMUM         20    536 AM   5    1868  29     -9       13
  AVERAGE         26                        38    -12       23

PRECIPITATION (IN)
  TODAY            T             1.30 1991   0.12  -0.12     0.01
  MONTH TO DATE    0.40                      0.35   0.05     0.05
  SINCE MAR 1      0.40                      0.35   0.05     0.05
  SINCE JAN 1      6.99                      5.82   1.17     7.71

SNOWFALL (IN)
  TODAY           MM            MM      MM  MM     MM       MM
  MONTH TO DATE   MM                        MM     MM       MM
  SINCE MAR 1     MM                        MM     MM       MM
  SINCE JUL 1     MM                        MM     MM       MM
  SNOW DEPTH      MM

DEGREE DAYS
 HEATING
  TODAY           39                        27     12       42
  MONTH TO DATE  112                        83     29      113
  SINCE MAR 1    112                        83     29      113
  SINCE JUL 1   4195                      3897    298     4199

 COOLING
  TODAY            0                         0      0        0
  MONTH TO DATE    0                         0      0        0
  SINCE MAR 1      0                         0      0        0
  SINCE JAN 1      0                         0      0        0
..................................................................


WIND (MPH)
  HIGHEST WIND SPEED    14   HIGHEST WIND DIRECTION     S (190)
  HIGHEST GUST SPEED    20   HIGHEST GUST DIRECTION     S (190)
  AVERAGE WIND SPEED     6.5


SKY COVER
  POSSIBLE SUNSHINE  MM
  AVERAGE SKY COVER 0.4


WEATHER CONDITIONS
 THE FOLLOWING WEATHER WAS RECORDED TODAY.
  LIGHT SNOW


RELATIVE HUMIDITY (PERCENT)
 HIGHEST    75           400 PM
 LOWEST     39          1200 AM
 AVERAGE    57

..........................................................


THE TRENTON NJ CLIMATE NORMALS FOR TOMORROW
                         NORMAL    RECORD    YEAR
 MAXIMUM TEMPERATURE (F)   47        74      1974
 MINIMUM TEMPERATURE (F)   29         1      1868


SUNRISE AND SUNSET
MARCH  3 2015.........SUNRISE   630 AM EST   SUNSET   553 PM EST
MARCH  4 2015.........SUNRISE   629 AM EST   SUNSET   554 PM EST


-  INDICATES NEGATIVE NUMBERS.
R  INDICATES RECORD WAS SET OR TIED.
MM INDICATES DATA IS MISSING.
T  INDICATES TRACE AMOUNT.




$$
