000
CDUS41 KPHI 220630
CLITTN


CLIMATE REPORT
NATIONAL WEATHER SERVICE MOUNT HOLLY NJ
229 AM EDT MON SEP 22 2014


...................................

...THE TRENTON NJ CLIMATE SUMMARY FOR SEPTEMBER 21 2014...

CLIMATE NORMAL PERIOD 1981 TO 2010
CLIMATE RECORD PERIOD 1865 TO 2014


WEATHER ITEM   OBSERVED TIME   RECORD YEAR NORMAL DEPARTURE LAST
                VALUE   (LST)  VALUE       VALUE  FROM      YEAR
                                                  NORMAL
..................................................................
TEMPERATURE (F)
 YESTERDAY
  MAXIMUM         78    346 PM  96    1895  74      4       80
  MINIMUM         64    616 AM  40    1962  54     10       51
                                      1956
  AVERAGE         71                        64      7       66

PRECIPITATION (IN)
  YESTERDAY        T             3.37 1966   0.15  -0.15     0.84
  MONTH TO DATE    0.71                      2.84  -2.13     1.40
  SINCE SEP 1      0.71                      2.84  -2.13     1.40
  SINCE JAN 1     32.17                     33.82  -1.65    33.75

SNOWFALL (IN)
  YESTERDAY       MM            MM      MM  MM     MM       MM
  MONTH TO DATE   MM                        MM     MM       MM
  SINCE SEP 1     MM                        MM     MM       MM
  SINCE JUL 1     MM                        MM     MM       MM
  SNOW DEPTH      MM

DEGREE DAYS
 HEATING
  YESTERDAY        0                         3     -3        0
  MONTH TO DATE   28                        22      6       47
  SINCE SEP 1     28                        22      6       47
  SINCE JUL 1     28                        25      3       47

 COOLING
  YESTERDAY        6                         2      4        1
  MONTH TO DATE  116                        87     29       91
  SINCE SEP 1    116                        87     29       91
  SINCE JAN 1    899                       943    -44     1041
..................................................................


WIND (MPH)
  HIGHEST WIND SPEED    10   HIGHEST WIND DIRECTION    SW (230)
  HIGHEST GUST SPEED    17   HIGHEST GUST DIRECTION    SW (220)
  AVERAGE WIND SPEED     2.9


SKY COVER
  POSSIBLE SUNSHINE  MM
  AVERAGE SKY COVER 0.7


WEATHER CONDITIONS
 THE FOLLOWING WEATHER WAS RECORDED YESTERDAY.
  LIGHT RAIN
  FOG
  HAZE


RELATIVE HUMIDITY (PERCENT)
 HIGHEST    93           200 AM
 LOWEST     64           300 PM
 AVERAGE    79

..........................................................


THE TRENTON NJ CLIMATE NORMALS FOR TODAY
                         NORMAL    RECORD    YEAR
 MAXIMUM TEMPERATURE (F)   74        97      1895
 MINIMUM TEMPERATURE (F)   54        35      1904


SUNRISE AND SUNSET
SEPTEMBER 22 2014.....SUNRISE   647 AM EDT   SUNSET   656 PM EDT
SEPTEMBER 23 2014.....SUNRISE   648 AM EDT   SUNSET   655 PM EDT


-  INDICATES NEGATIVE NUMBERS.
R  INDICATES RECORD WAS SET OR TIED.
MM INDICATES DATA IS MISSING.
T  INDICATES TRACE AMOUNT.




$$
