000
CDUS41 KPHI 132127
CLITTN


CLIMATE REPORT
NATIONAL WEATHER SERVICE MOUNT HOLLY NJ
427 PM EST WED DEC 13 2017


...................................

...THE TRENTON NJ CLIMATE SUMMARY FOR DECEMBER 13 2017...
VALID TODAY AS OF 0400 PM LOCAL TIME.

CLIMATE NORMAL PERIOD 1981 TO 2010
CLIMATE RECORD PERIOD 1865 TO 2017


WEATHER ITEM   OBSERVED TIME   RECORD YEAR NORMAL DEPARTURE LAST
                VALUE   (LST)  VALUE       VALUE  FROM      YEAR
                                                  NORMAL
..................................................................
TEMPERATURE (F)
 TODAY
  MAXIMUM         31    204 PM  70    2015  44    -13       43
  MINIMUM         20    712 AM   6    1988  28     -8       31
  AVERAGE         26                        36    -10       37

PRECIPITATION (IN)
  TODAY            0.00          2.30 1941   0.14  -0.14     0.00
                                      1909
  MONTH TO DATE    0.60                      1.79  -1.19     1.58
  SINCE DEC 1      0.60                      1.79  -1.19     1.58
  SINCE JAN 1     40.39                     44.53  -4.14    33.75

DEGREE DAYS
 HEATING
  TODAY           39                        29     10       28
  MONTH TO DATE  345                       350     -5      337
  SINCE DEC 1    345                       350     -5      337
  SINCE JUL 1   1131                      1326   -195     1147

 COOLING
  TODAY            0                         0      0        0
  MONTH TO DATE    0                         0      0        0
  SINCE DEC 1      0                         0      0        0
  SINCE JAN 1   1151                       965    186     1381
..................................................................


WIND (MPH)
  HIGHEST WIND SPEED    28   HIGHEST WIND DIRECTION     W (280)
  HIGHEST GUST SPEED    43   HIGHEST GUST DIRECTION    NW (310)
  AVERAGE WIND SPEED    16.2


SKY COVER
  POSSIBLE SUNSHINE  MM
  AVERAGE SKY COVER 0.1


WEATHER CONDITIONS
 THE FOLLOWING WEATHER WAS RECORDED TODAY.
  NO SIGNIFICANT WEATHER WAS OBSERVED.


RELATIVE HUMIDITY (PERCENT)
 HIGHEST    49           300 AM
 LOWEST     35          1100 AM
 AVERAGE    42

..........................................................


THE TRENTON NJ CLIMATE NORMALS FOR TOMORROW
                         NORMAL    RECORD    YEAR
 MAXIMUM TEMPERATURE (F)   43        68      2015
 MINIMUM TEMPERATURE (F)   28         8      2005


SUNRISE AND SUNSET
DECEMBER 13 2017......SUNRISE   713 AM EST   SUNSET   434 PM EST
DECEMBER 14 2017......SUNRISE   714 AM EST   SUNSET   434 PM EST


-  INDICATES NEGATIVE NUMBERS.
R  INDICATES RECORD WAS SET OR TIED.
MM INDICATES DATA IS MISSING.
T  INDICATES TRACE AMOUNT.




$$
