000
CDUS41 KPHI 220643
CLITTN


CLIMATE REPORT
NATIONAL WEATHER SERVICE MOUNT HOLLY NJ
141 AM EST WED FEB 22 2017


...................................

...THE TRENTON NJ CLIMATE SUMMARY FOR FEBRUARY 21 2017...

CLIMATE NORMAL PERIOD 1981 TO 2010
CLIMATE RECORD PERIOD 1865 TO 2017


WEATHER ITEM   OBSERVED TIME   RECORD YEAR NORMAL DEPARTURE LAST
                VALUE   (LST)  VALUE       VALUE  FROM      YEAR
                                                  NORMAL
..................................................................
TEMPERATURE (F)
 YESTERDAY
  MAXIMUM         51    310 PM  70    1930  44      7       57
  MINIMUM         31    716 AM   3    2015  27      4       38
  AVERAGE         41                        35      6       48

PRECIPITATION (IN)
  YESTERDAY        0.00          1.44 1951   0.08  -0.08     0.12
  MONTH TO DATE    0.99                      1.66  -0.67     2.12
  SINCE DEC 1      7.01                      8.52  -1.51     9.82
  SINCE JAN 1      4.36                      4.82  -0.46     5.41

DEGREE DAYS
 HEATING
  YESTERDAY       24                        30     -6       17
  MONTH TO DATE  559                       665   -106      653
  SINCE DEC 1   2311                      2635   -324     2176
  SINCE JUL 1   3121                      3611   -490     2922

 COOLING
  YESTERDAY        0                         0      0        0
  MONTH TO DATE    0                         0      0        0
  SINCE DEC 1      0                         0      0        2
  SINCE JAN 1      0                         0      0        0
..................................................................


WIND (MPH)
  HIGHEST WIND SPEED    13   HIGHEST WIND DIRECTION     S (180)
  HIGHEST GUST SPEED    18   HIGHEST GUST DIRECTION     W (290)
  AVERAGE WIND SPEED    MM


SKY COVER
  POSSIBLE SUNSHINE  MM
  AVERAGE SKY COVER  MM


WEATHER CONDITIONS
 THE FOLLOWING WEATHER WAS RECORDED YESTERDAY.
  NO SIGNIFICANT WEATHER WAS OBSERVED.


RELATIVE HUMIDITY (PERCENT)
 HIGHEST    MM
 LOWEST     MM
 AVERAGE    MM

..........................................................


THE TRENTON NJ CLIMATE NORMALS FOR TODAY
                         NORMAL    RECORD    YEAR
 MAXIMUM TEMPERATURE (F)   44        66      1997
 MINIMUM TEMPERATURE (F)   27         8      1963
                                             1918
                                             1911


SUNRISE AND SUNSET
FEBRUARY 22 2017......SUNRISE   643 AM EST   SUNSET   543 PM EST
FEBRUARY 23 2017......SUNRISE   641 AM EST   SUNSET   544 PM EST


-  INDICATES NEGATIVE NUMBERS.
R  INDICATES RECORD WAS SET OR TIED.
MM INDICATES DATA IS MISSING.
T  INDICATES TRACE AMOUNT.




$$
