000
CDUS41 KPHI 270628
CLITTN


CLIMATE REPORT
NATIONAL WEATHER SERVICE MOUNT HOLLY NJ
227 AM EDT THU APR 27 2017


...................................

...THE TRENTON NJ CLIMATE SUMMARY FOR APRIL 26 2017...

CLIMATE NORMAL PERIOD 1981 TO 2010
CLIMATE RECORD PERIOD 1865 TO 2017


WEATHER ITEM   OBSERVED TIME   RECORD YEAR NORMAL DEPARTURE LAST
                VALUE   (LST)  VALUE       VALUE  FROM      YEAR
                                                  NORMAL
..................................................................
TEMPERATURE (F)
 YESTERDAY
  MAXIMUM         65    242 PM  91    2009  65      0       84
  MINIMUM         54    144 AM  33    1919  44     10       48
  AVERAGE         60                        55      5       66

PRECIPITATION (IN)
  YESTERDAY        0.02          1.80 1982   0.10  -0.08     0.43
  MONTH TO DATE    2.44                      3.18  -0.74     1.36
  SINCE MAR 1      7.05                      7.32  -0.27     2.98
  SINCE JAN 1     11.79                     12.79  -1.00    10.18

DEGREE DAYS
 HEATING
  YESTERDAY        5                        11     -6        0
  MONTH TO DATE  255                       380   -125      346
  SINCE MAR 1   1043                      1112    -69      867
  SINCE JUL 1   4262                      4926   -664     3961

 COOLING
  YESTERDAY        0                         0      0        1
  MONTH TO DATE   10                         0     10        9
  SINCE MAR 1     10                         0     10       12
  SINCE JAN 1     10                         0     10       12
..................................................................


WIND (MPH)
  HIGHEST WIND SPEED    18   HIGHEST WIND DIRECTION    NE (60)
  HIGHEST GUST SPEED    24   HIGHEST GUST DIRECTION    NE (60)
  AVERAGE WIND SPEED     5.9


SKY COVER
  POSSIBLE SUNSHINE  MM
  AVERAGE SKY COVER 0.9


WEATHER CONDITIONS
 THE FOLLOWING WEATHER WAS RECORDED YESTERDAY.
  LIGHT RAIN
  FOG


RELATIVE HUMIDITY (PERCENT)
 HIGHEST   100           400 AM
 LOWEST     78           200 PM
 AVERAGE    89

..........................................................


THE TRENTON NJ CLIMATE NORMALS FOR TODAY
                         NORMAL    RECORD    YEAR
 MAXIMUM TEMPERATURE (F)   66        93      1915
 MINIMUM TEMPERATURE (F)   45        34      1967
                                             1933


SUNRISE AND SUNSET
APRIL 27 2017.........SUNRISE   604 AM EDT   SUNSET   751 PM EDT
APRIL 28 2017.........SUNRISE   602 AM EDT   SUNSET   752 PM EDT


-  INDICATES NEGATIVE NUMBERS.
R  INDICATES RECORD WAS SET OR TIED.
MM INDICATES DATA IS MISSING.
T  INDICATES TRACE AMOUNT.




$$
