000
CDUS41 KPHI 220600
CLITTN


CLIMATE REPORT
NATIONAL WEATHER SERVICE MOUNT HOLLY NJ
1257 AM EST THU FEB 22 2018


...................................

...THE TRENTON NJ CLIMATE SUMMARY FOR FEBRUARY 21 2018...

CLIMATE NORMAL PERIOD 1981 TO 2010
CLIMATE RECORD PERIOD 1865 TO 2018


WEATHER ITEM   OBSERVED TIME   RECORD YEAR NORMAL DEPARTURE LAST
                VALUE   (LST)  VALUE       VALUE  FROM      YEAR
                                                  NORMAL
..................................................................
TEMPERATURE (F)
 YESTERDAY
  MAXIMUM         78R   348 PM  70    1930  44     34       50
  MINIMUM         57   1159 PM   3    2015  27     30       31
  AVERAGE         68                        35     33       41

PRECIPITATION (IN)
  YESTERDAY        T             1.44 1951   0.08  -0.08     0.00
  MONTH TO DATE    4.51                      1.66   2.85     0.99
  SINCE DEC 1      8.19                      8.52  -0.33     7.01
  SINCE JAN 1      6.60                      4.82   1.78     4.36

DEGREE DAYS
 HEATING
  YESTERDAY        0                        30    -30       24
  MONTH TO DATE  538                       665   -127      559
  SINCE DEC 1   2564                      2635    -71     2311
  SINCE JUL 1   3350                      3611   -261     3121

 COOLING
  YESTERDAY        3                         0      3        0
  MONTH TO DATE    3                         0      3        0
  SINCE DEC 1      3                         0      3        0
  SINCE JAN 1      3                         0      3        0
..................................................................


WIND (MPH)
  HIGHEST WIND SPEED    21   HIGHEST WIND DIRECTION    SW (210)
  HIGHEST GUST SPEED    24   HIGHEST GUST DIRECTION    SW (210)
  AVERAGE WIND SPEED     9.8


SKY COVER
  POSSIBLE SUNSHINE  MM
  AVERAGE SKY COVER 0.6


WEATHER CONDITIONS
 THE FOLLOWING WEATHER WAS RECORDED YESTERDAY.
  LIGHT RAIN
  FOG


RELATIVE HUMIDITY (PERCENT)
 HIGHEST   100           100 AM
 LOWEST     56           400 PM
 AVERAGE    78

..........................................................


THE TRENTON NJ CLIMATE NORMALS FOR TODAY
                         NORMAL    RECORD    YEAR
 MAXIMUM TEMPERATURE (F)   44        66      1997
 MINIMUM TEMPERATURE (F)   27         8      1963
                                             1918
                                             1911


SUNRISE AND SUNSET
FEBRUARY 22 2018......SUNRISE   643 AM EST   SUNSET   543 PM EST
FEBRUARY 23 2018......SUNRISE   642 AM EST   SUNSET   544 PM EST


-  INDICATES NEGATIVE NUMBERS.
R  INDICATES RECORD WAS SET OR TIED.
MM INDICATES DATA IS MISSING.
T  INDICATES TRACE AMOUNT.




$$
