000
CDUS41 KPHI 240628
CLITTN


CLIMATE REPORT
NATIONAL WEATHER SERVICE MOUNT HOLLY NJ
126 AM EST TUE JAN 24 2017


...................................

...THE TRENTON NJ CLIMATE SUMMARY FOR JANUARY 23 2017...

CLIMATE NORMAL PERIOD 1981 TO 2010
CLIMATE RECORD PERIOD 1865 TO 2017


WEATHER ITEM   OBSERVED TIME   RECORD YEAR NORMAL DEPARTURE LAST
                VALUE   (LST)  VALUE       VALUE  FROM      YEAR
                                                  NORMAL
..................................................................
TEMPERATURE (F)
 YESTERDAY
  MAXIMUM         45    217 AM  72    1906  39      6       29
  MINIMUM         37   1159 PM  -3    1936  23     14       23
  AVERAGE         41                        31     10       26

PRECIPITATION (IN)
  YESTERDAY        1.11          2.30 1998   0.10   1.01     1.35
  MONTH TO DATE    3.15                      2.34   0.81     3.29
  SINCE DEC 1      5.80                      6.04  -0.24     7.70
  SINCE JAN 1      3.15                      2.34   0.81     3.29

DEGREE DAYS
 HEATING
  YESTERDAY       24                        34    -10       39
  MONTH TO DATE  662                       781   -119      770
  SINCE DEC 1   1536                      1700   -164     1257
  SINCE JUL 1   2346                      2676   -330     2003

 COOLING
  YESTERDAY        0                         0      0        0
  MONTH TO DATE    0                         0      0        0
  SINCE DEC 1      0                         0      0        2
  SINCE JAN 1      0                         0      0        0
..................................................................


WIND (MPH)
  HIGHEST WIND SPEED    32   HIGHEST WIND DIRECTION     E (70)
  HIGHEST GUST SPEED    47   HIGHEST GUST DIRECTION     E (70)
  AVERAGE WIND SPEED    21.6


SKY COVER
  POSSIBLE SUNSHINE  MM
  AVERAGE SKY COVER 1.0


WEATHER CONDITIONS
 THE FOLLOWING WEATHER WAS RECORDED YESTERDAY.
  HEAVY RAIN
  RAIN
  LIGHT RAIN
  FOG


RELATIVE HUMIDITY (PERCENT)
 HIGHEST    92          1200 AM
 LOWEST     85           100 PM
 AVERAGE    89

..........................................................


THE TRENTON NJ CLIMATE NORMALS FOR TODAY
                         NORMAL    RECORD    YEAR
 MAXIMUM TEMPERATURE (F)   39        70      1967
 MINIMUM TEMPERATURE (F)   23        -1      1907


SUNRISE AND SUNSET
JANUARY 24 2017.......SUNRISE   715 AM EST   SUNSET   508 PM EST
JANUARY 25 2017.......SUNRISE   714 AM EST   SUNSET   510 PM EST


-  INDICATES NEGATIVE NUMBERS.
R  INDICATES RECORD WAS SET OR TIED.
MM INDICATES DATA IS MISSING.
T  INDICATES TRACE AMOUNT.




$$
