000
CDUS41 KPHI 010634
CLITTN


CLIMATE REPORT
NATIONAL WEATHER SERVICE MOUNT HOLLY NJ
234 AM EDT MON SEP 1 2014


...................................

...THE TRENTON NJ CLIMATE SUMMARY FOR AUGUST 31 2014...

CLIMATE NORMAL PERIOD 1981 TO 2010
CLIMATE RECORD PERIOD 1865 TO 2014


WEATHER ITEM   OBSERVED TIME   RECORD YEAR NORMAL DEPARTURE LAST
                VALUE   (LST)  VALUE       VALUE  FROM      YEAR
                                                  NORMAL
..................................................................
TEMPERATURE (F)
 YESTERDAY
  MAXIMUM         89    202 PM  99    1953  81      8       86
  MINIMUM         70    501 AM  46    1912  62      8       70
  AVERAGE         80                        72      8       78

PRECIPITATION (IN)
  YESTERDAY        0.06          2.84 1911   0.12  -0.06     0.00
  MONTH TO DATE    3.46                      4.10  -0.64     3.93
  SINCE JUN 1     11.13                     13.46  -2.33    19.53
  SINCE JAN 1     31.46                     30.98   0.48    32.35

SNOWFALL (IN)
  YESTERDAY       MM            MM      MM  MM     MM       MM
  MONTH TO DATE   MM                        MM     MM       MM
  SINCE JUN 1     MM                        MM     MM       MM
  SINCE JUL 1     MM                        MM     MM       MM
  SNOW DEPTH      MM

DEGREE DAYS
 HEATING
  YESTERDAY        0                         0      0        0
  MONTH TO DATE    0                         0      0        0
  SINCE JUN 1      3                        27    -24        4
  SINCE JUL 1      0                         3     -3        0

 COOLING
  YESTERDAY       15                         7      8       13
  MONTH TO DATE  219                       279    -60      228
  SINCE JUN 1    739                       799    -60      860
  SINCE JAN 1    783                       856    -73      950
..................................................................


WIND (MPH)
  HIGHEST WIND SPEED    20   HIGHEST WIND DIRECTION    SW (210)
  HIGHEST GUST SPEED    24   HIGHEST GUST DIRECTION    SW (220)
  AVERAGE WIND SPEED     8.0


SKY COVER
  POSSIBLE SUNSHINE  MM
  AVERAGE SKY COVER 0.7


WEATHER CONDITIONS
 THE FOLLOWING WEATHER WAS RECORDED YESTERDAY.
  LIGHT RAIN
  FOG


RELATIVE HUMIDITY (PERCENT)
 HIGHEST    93          1000 PM
 LOWEST     55           200 PM
 AVERAGE    74

..........................................................


THE TRENTON NJ CLIMATE NORMALS FOR TODAY
                         NORMAL    RECORD    YEAR
 MAXIMUM TEMPERATURE (F)   81        97      2010
 MINIMUM TEMPERATURE (F)   62        50      1986
                                             1934


SUNRISE AND SUNSET
SEPTEMBER  1 2014.....SUNRISE   627 AM EDT   SUNSET   731 PM EDT
SEPTEMBER  2 2014.....SUNRISE   628 AM EDT   SUNSET   729 PM EDT


-  INDICATES NEGATIVE NUMBERS.
R  INDICATES RECORD WAS SET OR TIED.
MM INDICATES DATA IS MISSING.
T  INDICATES TRACE AMOUNT.




$$
