000
CDUS41 KPHI 172134
CLITTN


CLIMATE REPORT
NATIONAL WEATHER SERVICE MOUNT HOLLY NJ
531 PM EDT THU APR 17 2014


...................................

...THE TRENTON NJ CLIMATE SUMMARY FOR APRIL 17 2014...
VALID TODAY AS OF 0500 PM LOCAL TIME.

CLIMATE NORMAL PERIOD 1981 TO 2010
CLIMATE RECORD PERIOD 1865 TO 2014


WEATHER ITEM   OBSERVED TIME   RECORD YEAR NORMAL DEPARTURE LAST
                VALUE   (LST)  VALUE       VALUE  FROM      YEAR
                                                  NORMAL
..................................................................
TEMPERATURE (F)
 TODAY
  MAXIMUM         49    119 PM  93    2002  62    -13       72
  MINIMUM         32    538 AM  29    1908  42    -10       52
  AVERAGE         41                        52    -11       62

PRECIPITATION (IN)
  TODAY            0.00          1.37 1954   0.11  -0.11     0.01
  MONTH TO DATE    1.40                      2.19  -0.79     1.60
  SINCE MAR 1      4.73                      6.33  -1.60     4.19
  SINCE JAN 1     12.39                     11.80   0.59     8.81

SNOWFALL (IN)
  TODAY           MM            MM      MM  MM     MM       MM
  MONTH TO DATE   MM                        MM     MM       MM
  SINCE MAR 1     MM                        MM     MM       MM
  SINCE JUL 1     MM                        MM     MM       MM
  SNOW DEPTH      MM

DEGREE DAYS
 HEATING
  TODAY           24                        13     11        3
  MONTH TO DATE  234                       272    -38      231
  SINCE MAR 1   1107                      1004    103     1016
  SINCE JUL 1   5193                      4818    375     4617

 COOLING
  TODAY            0                         0      0        0
  MONTH TO DATE    6                         0      6       14
  SINCE MAR 1      6                         0      6       14
  SINCE JAN 1      6                         0      6       14
..................................................................


WIND (MPH)
  HIGHEST WIND SPEED    17   HIGHEST WIND DIRECTION    SE (130)
  HIGHEST GUST SPEED    22   HIGHEST GUST DIRECTION     E (90)
  AVERAGE WIND SPEED     9.6


SKY COVER
  POSSIBLE SUNSHINE  MM
  AVERAGE SKY COVER 0.2


WEATHER CONDITIONS
 THE FOLLOWING WEATHER WAS RECORDED TODAY.
  NO SIGNIFICANT WEATHER WAS OBSERVED.


RELATIVE HUMIDITY (PERCENT)
 HIGHEST    56           600 AM
 LOWEST     37          1000 AM
 AVERAGE    47

..........................................................


THE TRENTON NJ CLIMATE NORMALS FOR TOMORROW
                         NORMAL    RECORD    YEAR
 MAXIMUM TEMPERATURE (F)   62        93      1976
 MINIMUM TEMPERATURE (F)   42        29      1875


SUNRISE AND SUNSET
APRIL 17 2014.........SUNRISE   618 AM EDT   SUNSET   740 PM EDT
APRIL 18 2014.........SUNRISE   617 AM EDT   SUNSET   741 PM EDT


-  INDICATES NEGATIVE NUMBERS.
R  INDICATES RECORD WAS SET OR TIED.
MM INDICATES DATA IS MISSING.
T  INDICATES TRACE AMOUNT.




$$
