000
CDUS44 KTSA 312142
CLITUL

CLIMATE REPORT
NATIONAL WEATHER SERVICE TULSA OK
418 PM CDT MON AUG 31 2015


...................................

...THE TULSA OKLAHOMA CLIMATE SUMMARY FOR AUGUST 31 2015...
VALID TODAY AS OF 0400 PM LOCAL TIME.

CLIMATE NORMAL PERIOD 1981 TO 2010
CLIMATE RECORD PERIOD 1882 TO 2015


WEATHER ITEM   OBSERVED TIME   RECORD YEAR NORMAL DEPARTURE LAST
                VALUE   (LST)  VALUE       VALUE  FROM      YEAR
                                                  NORMAL
..................................................................
TEMPERATURE (F)
 TODAY
  MAXIMUM         92    259 PM 106    1951  90      2       97
  MINIMUM         69    243 AM  48    1915  68      1       74
  AVERAGE         81                        79      2       86

PRECIPITATION (IN)
  TODAY            0.00          2.20 1895   0.12  -0.12     0.00
  MONTH TO DATE    5.16                      2.90   2.26     0.98
  SINCE JUN 1     16.65                     10.98   5.67    10.07
  SINCE JAN 1     41.55                     27.48  14.07    18.52

DEGREE DAYS
 COOLING
  TODAY           16                        14      2       21
  MONTH TO DATE  451                       533    -82      561
  SINCE JUN 1   1534                      1467     67     1382
  SINCE JAN 1   1739                      1701     38     1653
..................................................................


WIND (MPH)
  HIGHEST WIND SPEED    18   HIGHEST WIND DIRECTION     S (200)
  HIGHEST GUST SPEED    22   HIGHEST GUST DIRECTION     S (190)
  AVERAGE WIND SPEED    10.4


SKY COVER
  POSSIBLE SUNSHINE  MM
  AVERAGE SKY COVER 0.1


WEATHER CONDITIONS
 THE FOLLOWING WEATHER WAS RECORDED TODAY.
  NO SIGNIFICANT WEATHER WAS OBSERVED.


RELATIVE HUMIDITY (PERCENT)
 HIGHEST    93          1200 AM
 LOWEST     44           100 PM
 AVERAGE    69

..........................................................


THE TULSA OKLAHOMA CLIMATE NORMALS FOR TOMORROW
                         NORMAL    RECORD    YEAR
 MAXIMUM TEMPERATURE (F)   90       108      2000
 MINIMUM TEMPERATURE (F)   68        48      1967


SUNRISE AND SUNSET
AUGUST 31 2015........SUNRISE   654 AM CDT   SUNSET   753 PM CDT
SEPTEMBER  1 2015.....SUNRISE   655 AM CDT   SUNSET   752 PM CDT


-  INDICATES NEGATIVE NUMBERS.
R  INDICATES RECORD WAS SET OR TIED.
MM INDICATES DATA IS MISSING.
T  INDICATES TRACE AMOUNT.




$$

&&
...........................................................

TULSA RECORD LOW MAX AND HIGH MIN TEMPERATURES FOR TOMORROW
                      RECORD        YEAR
  LOW MAXIMUM           69          1994
  HIGH MINIMUM          79          1936
...........................................................
ALL DATA MEASURED AT THE TULSA INTERNATIONAL AIRPORT...
EXCEPT SNOWFALL...WHICH IS MEASURED AT THE NWS OFFICE.
