000
CDUS44 KTSA 290702
CLITUL

CLIMATE REPORT
NATIONAL WEATHER SERVICE TULSA OK
201 AM CDT THU JUN 29 2017


...................................

...THE TULSA OKLAHOMA CLIMATE SUMMARY FOR JUNE 28 2017...

CLIMATE NORMAL PERIOD 1981 TO 2010
CLIMATE RECORD PERIOD 1882 TO 2017


WEATHER ITEM   OBSERVED TIME   RECORD YEAR NORMAL DEPARTURE LAST
                VALUE   (LST)  VALUE       VALUE  FROM      YEAR
                                                  NORMAL
..................................................................
TEMPERATURE (F)
 YESTERDAY
  MAXIMUM         92    357 PM 106    1925  91      1       97
                                      1918
  MINIMUM         73    600 AM  58    1985  71      2       73
                                      1974
  AVERAGE         83                        81      2       85

PRECIPITATION (IN)
  YESTERDAY        0.00          2.75 1977   0.14  -0.14     0.00
  MONTH TO DATE    1.62                      4.46  -2.84     0.72
  SINCE JUN 1      1.62                      4.46  -2.84     0.72
  SINCE JAN 1     25.55                     20.96   4.59    14.58

DEGREE DAYS
 COOLING
  YESTERDAY       18                        16      2       20
  MONTH TO DATE  369                       347     22      496
  SINCE JUN 1    369                       347     22      496
  SINCE JAN 1    656                       581     75      700
..................................................................


WIND (MPH)
  HIGHEST WIND SPEED    28   HIGHEST WIND DIRECTION     S (180)
  HIGHEST GUST SPEED    36   HIGHEST GUST DIRECTION     S (170)
  AVERAGE WIND SPEED    16.3


SKY COVER
  POSSIBLE SUNSHINE  MM
  AVERAGE SKY COVER 0.5


WEATHER CONDITIONS
 THE FOLLOWING WEATHER WAS RECORDED YESTERDAY.
  NO SIGNIFICANT WEATHER WAS OBSERVED.


RELATIVE HUMIDITY (PERCENT)
 HIGHEST    79           400 AM
 LOWEST     47           400 PM
 AVERAGE    63

..........................................................


THE TULSA OKLAHOMA CLIMATE NORMALS FOR TODAY
                         NORMAL    RECORD    YEAR
 MAXIMUM TEMPERATURE (F)   91       105      1925
 MINIMUM TEMPERATURE (F)   71        57      1923


SUNRISE AND SUNSET
JUNE 29 2017..........SUNRISE   609 AM CDT   SUNSET   845 PM CDT
JUNE 30 2017..........SUNRISE   610 AM CDT   SUNSET   845 PM CDT


-  INDICATES NEGATIVE NUMBERS.
R  INDICATES RECORD WAS SET OR TIED.
MM INDICATES DATA IS MISSING.
T  INDICATES TRACE AMOUNT.




$$

&&
...........................................................

THE TULSA PRECIPITATION NORMALS FOR TODAY
                       NORMAL    RECORD      YEAR
  TODAY                 0.13      1.99       1995
  MONTH TO DATE         4.59
  YEAR TO DATE         21.09
...........................................................
ALL DATA MEASURED AT THE TULSA INTERNATIONAL AIRPORT...
EXCEPT SNOWFALL...WHICH IS MEASURED AT THE NWS OFFICE.
