000
CDUS44 KTSA 220650
CLITUL

CLIMATE REPORT
NATIONAL WEATHER SERVICE TULSA OK
147 AM CDT TUE AUG 22 2017


...................................

...THE TULSA OKLAHOMA CLIMATE SUMMARY FOR AUGUST 21 2017...

CLIMATE NORMAL PERIOD 1981 TO 2010
CLIMATE RECORD PERIOD 1882 TO 2017


WEATHER ITEM   OBSERVED TIME   RECORD YEAR NORMAL DEPARTURE LAST
                VALUE   (LST)  VALUE       VALUE  FROM      YEAR
                                                  NORMAL
..................................................................
TEMPERATURE (F)
 YESTERDAY
  MAXIMUM         93    426 PM 106    1936  93      0       86
                                      1916
  MINIMUM         78    625 AM  54    1950  71      7       59
  AVERAGE         86                        82      4       73

PRECIPITATION (IN)
  YESTERDAY        0.00          3.21 1937   0.10  -0.10     0.00
  MONTH TO DATE    6.07                      1.88   4.19     2.15
  SINCE JUN 1     11.07                      9.96   1.11     6.68
  SINCE JAN 1     35.00                     26.46   8.54    20.54

DEGREE DAYS
 COOLING
  YESTERDAY       21                        17      4        8
  MONTH TO DATE  311                       378    -67      386
  SINCE JUN 1   1297                      1312    -15     1556
  SINCE JAN 1   1584                      1546     38     1760
..................................................................


WIND (MPH)
  HIGHEST WIND SPEED    20   HIGHEST WIND DIRECTION     S (180)
  HIGHEST GUST SPEED    27   HIGHEST GUST DIRECTION     S (170)
  AVERAGE WIND SPEED    12.5


SKY COVER
  POSSIBLE SUNSHINE  MM
  AVERAGE SKY COVER 0.3


WEATHER CONDITIONS
 THE FOLLOWING WEATHER WAS RECORDED YESTERDAY.
  NO SIGNIFICANT WEATHER WAS OBSERVED.


RELATIVE HUMIDITY (PERCENT)
 HIGHEST    85           200 AM
 LOWEST     52           300 PM
 AVERAGE    69

..........................................................


THE TULSA OKLAHOMA CLIMATE NORMALS FOR TODAY
                         NORMAL    RECORD    YEAR
 MAXIMUM TEMPERATURE (F)   93       106      1936
 MINIMUM TEMPERATURE (F)   71        50      1920


SUNRISE AND SUNSET
AUGUST 22 2017........SUNRISE   648 AM CDT   SUNSET   805 PM CDT
AUGUST 23 2017........SUNRISE   648 AM CDT   SUNSET   803 PM CDT


-  INDICATES NEGATIVE NUMBERS.
R  INDICATES RECORD WAS SET OR TIED.
MM INDICATES DATA IS MISSING.
T  INDICATES TRACE AMOUNT.




$$

&&
...........................................................

THE TULSA PRECIPITATION NORMALS FOR TODAY
                       NORMAL    RECORD      YEAR
  TODAY                 0.09      1.14       1971
  MONTH TO DATE         1.97
  YEAR TO DATE         26.55
...........................................................
ALL DATA MEASURED AT THE TULSA INTERNATIONAL AIRPORT...
EXCEPT SNOWFALL...WHICH IS MEASURED AT THE NWS OFFICE.
