000
CDUS44 KTSA 300653
CLITUL

CLIMATE REPORT
NATIONAL WEATHER SERVICE TULSA OK
153 AM CDT THU MAR 30 2017


...................................

...THE TULSA OKLAHOMA CLIMATE SUMMARY FOR MARCH 29 2017...

CLIMATE NORMAL PERIOD 1981 TO 2010
CLIMATE RECORD PERIOD 1882 TO 2017


WEATHER ITEM   OBSERVED TIME   RECORD YEAR NORMAL DEPARTURE LAST
                VALUE   (LST)  VALUE       VALUE  FROM      YEAR
                                                  NORMAL
..................................................................
TEMPERATURE (F)
 YESTERDAY
  MAXIMUM         74    158 PM  90    1967  67      7       74
                                      1963
  MINIMUM         50   1153 PM  24    1944  44      5       44
  AVERAGE         62                        55      7       59

PRECIPITATION (IN)
  YESTERDAY        0.37          2.15 1918   0.11   0.26     0.00
  MONTH TO DATE    1.77                      3.05  -1.28     2.10
  SINCE MAR 1      1.77                      3.05  -1.28     2.10
  SINCE JAN 1      6.37                      6.56  -0.19     3.30

SNOWFALL (IN)
  YESTERDAY       MM                                         0.0
  MONTH TO DATE    0.0                                       0.0
  SINCE MAR 1      0.0                                       0.0
  SINCE JUL 1      0.7                                       3.0

DEGREE DAYS
 HEATING
  YESTERDAY        3                        10     -7        6
  MONTH TO DATE  267                       417   -150      263
  SINCE MAR 1    267                       417   -150      263
  SINCE JUL 1   2488                      3328   -840     2595

 COOLING
  YESTERDAY        0                         1     -1        0
  MONTH TO DATE   40                         8     32        3
  SINCE MAR 1     40                         8     32        3
  SINCE JAN 1     56                         9     47        9
..................................................................


WIND (MPH)
  HIGHEST WIND SPEED    30   HIGHEST WIND DIRECTION     S (180)
  HIGHEST GUST SPEED    37   HIGHEST GUST DIRECTION     S (170)
  AVERAGE WIND SPEED    15.2


SKY COVER
  POSSIBLE SUNSHINE  MM
  AVERAGE SKY COVER 0.7


WEATHER CONDITIONS
 THE FOLLOWING WEATHER WAS RECORDED YESTERDAY.
  THUNDERSTORM
  HEAVY RAIN
  RAIN
  LIGHT RAIN
  FOG


RELATIVE HUMIDITY (PERCENT)
 HIGHEST   100           400 AM
 LOWEST     49           200 PM
 AVERAGE    75

..........................................................


THE TULSA OKLAHOMA CLIMATE NORMALS FOR TODAY
                         NORMAL    RECORD    YEAR
 MAXIMUM TEMPERATURE (F)   67        86      1981
 MINIMUM TEMPERATURE (F)   44        21      1964


SUNRISE AND SUNSET
MARCH 30 2017.........SUNRISE   712 AM CDT   SUNSET   744 PM CDT
MARCH 31 2017.........SUNRISE   711 AM CDT   SUNSET   745 PM CDT


-  INDICATES NEGATIVE NUMBERS.
R  INDICATES RECORD WAS SET OR TIED.
MM INDICATES DATA IS MISSING.
T  INDICATES TRACE AMOUNT.




$$

&&
...........................................................

THE TULSA PRECIPITATION NORMALS FOR TODAY
                       NORMAL    RECORD      YEAR
  TODAY                 0.12      1.78       1973
  MONTH TO DATE         3.17
  YEAR TO DATE          6.68
...........................................................
ALL DATA MEASURED AT THE TULSA INTERNATIONAL AIRPORT...
EXCEPT SNOWFALL...WHICH IS MEASURED AT THE NWS OFFICE.
