000
CDUS44 KTSA 301418
CLITUL

CLIMATE REPORT
NATIONAL WEATHER SERVICE TULSA OK
912 AM CDT TUE SEP 30 2014


...................................

...THE TULSA OKLAHOMA CLIMATE SUMMARY FOR SEPTEMBER 30 2014...
VALID AS OF 0900 AM LOCAL TIME.

CLIMATE NORMAL PERIOD 1981 TO 2010
CLIMATE RECORD PERIOD 1882 TO 2014


WEATHER ITEM   OBSERVED TIME   RECORD YEAR NORMAL DEPARTURE LAST
                VALUE   (LST)  VALUE       VALUE  FROM      YEAR
                                                  NORMAL
..................................................................
TEMPERATURE (F)
 TODAY
  MAXIMUM         70    759 AM  99    1979  78     -8       82
  MINIMUM         59    502 AM  35    1984  56      3       50
  AVERAGE         65                        67     -2       66

PRECIPITATION (IN)
  TODAY            0.00          1.85 1959   0.13  -0.13     0.00
  MONTH TO DATE    2.19                      4.26  -2.07     2.50
  SINCE SEP 1      2.19                      4.26  -2.07     2.50
  SINCE JAN 1     20.71                     31.74 -11.03    25.88

DEGREE DAYS
 HEATING
  TODAY            0                         2     -2        0
  MONTH TO DATE   12                        22    -10        1
  SINCE SEP 1     12                        24    -12        1
  SINCE JUL 1     13                        24    -11        1

 COOLING
  TODAY            0                         4     -4        1
  MONTH TO DATE  272                       264      8      348
  SINCE SEP 1    272                       264      8      348
  SINCE JAN 1   1925                      1965    -40     1977
..................................................................


WIND (MPH)
  HIGHEST WIND SPEED     6   HIGHEST WIND DIRECTION     S (170)
  HIGHEST GUST SPEED     8   HIGHEST GUST DIRECTION     S (160)
  AVERAGE WIND SPEED     3.3


SKY COVER
  POSSIBLE SUNSHINE  MM
  AVERAGE SKY COVER 0.2


WEATHER CONDITIONS
 THE FOLLOWING WEATHER WAS RECORDED TODAY.
  NO SIGNIFICANT WEATHER WAS OBSERVED.


RELATIVE HUMIDITY (PERCENT)
 HIGHEST    90           200 AM
 LOWEST     73          1200 AM
 AVERAGE    82

..........................................................


THE TULSA OKLAHOMA CLIMATE NORMALS FOR TOMORROW
                         NORMAL    RECORD    YEAR
 MAXIMUM TEMPERATURE (F)   78        97      1910
 MINIMUM TEMPERATURE (F)   56        38      1985
                                             1984
                                             1958


SUNRISE AND SUNSET
SEPTEMBER 30 2014.....SUNRISE   718 AM CDT   SUNSET   709 PM CDT
OCTOBER  1 2014.......SUNRISE   719 AM CDT   SUNSET   707 PM CDT


-  INDICATES NEGATIVE NUMBERS.
R  INDICATES RECORD WAS SET OR TIED.
MM INDICATES DATA IS MISSING.
T  INDICATES TRACE AMOUNT.




$$

&&
...........................................................

HOURLY TEMPERATURE DATA
 YESTERDAY
11AM NOON  1PM  2PM  3PM  4PM  5PM  6PM  7PM  8PM  9PM 10PM 11PM
  78   82   85   87   87   87   86   86   81   80   78   76   71

 TODAY
 MID  1AM  2AM  3AM  4AM  5AM  6AM  7AM  8AM  9AM
  71   70   69   63   65   65   60   62   64   70
...........................................................
ALL DATA MEASURED AT THE TULSA INTERNATIONAL AIRPORT...
EXCEPT SNOWFALL...WHICH IS MEASURED AT THE NWS OFFICE.
