000
CDUS44 KTSA 130657
CLITUL

CLIMATE REPORT
NATIONAL WEATHER SERVICE TULSA OK
1247 AM CST SAT FEB 13 2016


...................................

...THE TULSA OKLAHOMA CLIMATE SUMMARY FOR FEBRUARY 12 2016...

CLIMATE NORMAL PERIOD 1981 TO 2010
CLIMATE RECORD PERIOD 1882 TO 2016


WEATHER ITEM   OBSERVED TIME   RECORD YEAR NORMAL DEPARTURE LAST
                VALUE   (LST)  VALUE       VALUE  FROM      YEAR
                                                  NORMAL
..................................................................
TEMPERATURE (F)
 YESTERDAY
  MAXIMUM         52    354 PM  86    1962  52      0       39
  MINIMUM         26    707 AM   0    1905  30     -4       22
  AVERAGE         39                        41     -2       31

PRECIPITATION (IN)
  YESTERDAY        0.00          1.78 1978   0.06  -0.06     0.00
  MONTH TO DATE    0.11                      0.70  -0.59     0.11
  SINCE DEC 1      9.32                      4.85   4.47     2.83
  SINCE JAN 1      0.72                      2.36  -1.64     0.86

SNOWFALL (IN)
  YESTERDAY        0.0                                       0.0
  MONTH TO DATE    0.0                                        T
  SINCE DEC 1      3.0                                       2.0
  SINCE JUL 1      3.0                                       2.4

DEGREE DAYS
 HEATING
  YESTERDAY       26                        24      2       34
  MONTH TO DATE  258                       299    -41      289
  SINCE DEC 1   1645                      1936   -291     1798
  SINCE JUL 1   2120                      2572   -452     2499
..................................................................


WIND (MPH)
  HIGHEST WIND SPEED    20   HIGHEST WIND DIRECTION     N (360)
  HIGHEST GUST SPEED    25   HIGHEST GUST DIRECTION    NE (50)
  AVERAGE WIND SPEED     9.0


SKY COVER
  POSSIBLE SUNSHINE  MM
  AVERAGE SKY COVER 0.4


WEATHER CONDITIONS
 THE FOLLOWING WEATHER WAS RECORDED YESTERDAY.
  NO SIGNIFICANT WEATHER WAS OBSERVED.


RELATIVE HUMIDITY (PERCENT)
 HIGHEST    92           700 AM
 LOWEST     39           500 PM
 AVERAGE    66

..........................................................


THE TULSA OKLAHOMA CLIMATE NORMALS FOR TODAY
                         NORMAL    RECORD    YEAR
 MAXIMUM TEMPERATURE (F)   53        84      1962
 MINIMUM TEMPERATURE (F)   31       -15      1905


SUNRISE AND SUNSET
FEBRUARY 13 2016......SUNRISE   714 AM CST   SUNSET   602 PM CST
FEBRUARY 14 2016......SUNRISE   713 AM CST   SUNSET   603 PM CST


-  INDICATES NEGATIVE NUMBERS.
R  INDICATES RECORD WAS SET OR TIED.
MM INDICATES DATA IS MISSING.
T  INDICATES TRACE AMOUNT.




$$

&&
...........................................................

THE TULSA PRECIPITATION NORMALS FOR TODAY
                       NORMAL    RECORD      YEAR
  TODAY                 0.06      0.70       1946
  MONTH TO DATE         0.76
  YEAR TO DATE          2.42
...........................................................
ALL DATA MEASURED AT THE TULSA INTERNATIONAL AIRPORT...
EXCEPT SNOWFALL...WHICH IS MEASURED AT THE NWS OFFICE.
