000
CDUS44 KTSA 160647
CLITUL

CLIMATE REPORT
NATIONAL WEATHER SERVICE TULSA OK
147 AM CDT WED APR 16 2014


...................................

...THE TULSA OKLAHOMA CLIMATE SUMMARY FOR APRIL 15 2014...

CLIMATE NORMAL PERIOD 1981 TO 2010
CLIMATE RECORD PERIOD 1882 TO 2014


WEATHER ITEM   OBSERVED TIME   RECORD YEAR NORMAL DEPARTURE LAST
                VALUE   (LST)  VALUE       VALUE  FROM      YEAR
                                                  NORMAL
..................................................................
TEMPERATURE (F)
 YESTERDAY
  MAXIMUM         63    409 PM  93    1936  72     -9       74
  MINIMUM         30    416 AM  27    1928  49    -19       52
  AVERAGE         47                        60    -13       63

PRECIPITATION (IN)
  YESTERDAY        0.00          2.51 1941   0.12  -0.12      T
  MONTH TO DATE    0.56                      1.64  -1.08     2.01
  SINCE MAR 1      2.92                      4.93  -2.01     3.11
  SINCE JAN 1      3.37                      8.44  -5.07     7.83

SNOWFALL (IN)
  YESTERDAY        0.0                                       0.0
  MONTH TO DATE    T                                         0.0
  SINCE MAR 1      2.4                                        T
  SINCE JUL 1     12.4                                       3.7

DEGREE DAYS
 HEATING
  YESTERDAY       18                         6     12        2
  MONTH TO DATE  132                       120     12      162
  SINCE MAR 1    694                       558    136      697
  SINCE JUL 1   3995                      3469    526     3369

 COOLING
  YESTERDAY        0                         2     -2        0
  MONTH TO DATE   17                        19     -2        9
  SINCE MAR 1     18                        30    -12       13
  SINCE JAN 1     18                        31    -13       15
..................................................................


WIND (MPH)
  HIGHEST WIND SPEED    15   HIGHEST WIND DIRECTION     S (160)
  HIGHEST GUST SPEED    21   HIGHEST GUST DIRECTION     S (160)
  AVERAGE WIND SPEED     5.6


SKY COVER
  POSSIBLE SUNSHINE  MM
  AVERAGE SKY COVER 0.2


WEATHER CONDITIONS
 THE FOLLOWING WEATHER WAS RECORDED YESTERDAY.
  NO SIGNIFICANT WEATHER WAS OBSERVED.


RELATIVE HUMIDITY (PERCENT)
 HIGHEST    78           300 AM
 LOWEST     20           400 PM
 AVERAGE    49

..........................................................


THE TULSA OKLAHOMA CLIMATE NORMALS FOR TODAY
                         NORMAL    RECORD    YEAR
 MAXIMUM TEMPERATURE (F)   72        93      1982
 MINIMUM TEMPERATURE (F)   49        31      1953


SUNRISE AND SUNSET
APRIL 16 2014.........SUNRISE   649 AM CDT   SUNSET   758 PM CDT
APRIL 17 2014.........SUNRISE   648 AM CDT   SUNSET   759 PM CDT


-  INDICATES NEGATIVE NUMBERS.
R  INDICATES RECORD WAS SET OR TIED.
MM INDICATES DATA IS MISSING.
T  INDICATES TRACE AMOUNT.




$$

&&
...........................................................

THE TULSA PRECIPITATION NORMALS FOR TODAY
                       NORMAL    RECORD      YEAR
  TODAY                 0.12      1.38       1968
  MONTH TO DATE         1.76
  YEAR TO DATE          8.56
...........................................................
ALL DATA MEASURED AT THE TULSA INTERNATIONAL AIRPORT...
EXCEPT SNOWFALL...WHICH IS MEASURED AT THE NWS OFFICE.
