000
CDUS44 KMEG 170633
CLITUP


CLIMATE REPORT
NATIONAL WEATHER SERVICE MEMPHIS TN
133 AM CDT TUE OCT 17 2017


...................................

...THE TUPELO CLIMATE SUMMARY FOR OCTOBER 16 2017...

CLIMATE NORMAL PERIOD 1981 TO 2010
CLIMATE RECORD PERIOD 1930 TO 2017


WEATHER ITEM   OBSERVED TIME   RECORD YEAR NORMAL DEPARTURE LAST
                VALUE   (LST)  VALUE       VALUE  FROM      YEAR
                                                  NORMAL
..................................................................
TEMPERATURE (F)
 YESTERDAY
  MAXIMUM         67    348 PM  91    1935  75     -8       87
  MINIMUM         47   1159 PM  35    1943  51     -4       63
  AVERAGE         57                        63     -6       75

PRECIPITATION (IN)
  YESTERDAY        0.00          3.82 1932   0.13  -0.13     0.00
  MONTH TO DATE    0.65                      2.14  -1.49     0.41
  SINCE SEP 1      2.93                      5.58  -2.65     0.84
  SINCE JAN 1     38.98                     42.05  -3.07    36.69

SNOWFALL (IN)
  YESTERDAY        0.0           0.0  2002   0.0    0.0      0.0
                                      2001
  MONTH TO DATE    0.0                       0.0    0.0      0.0
  SINCE SEP 1      0.0                       0.0    0.0      0.0
  SINCE JUL 1      0.0                       0.0    0.0      0.0
  SNOW DEPTH       0

DEGREE DAYS
 HEATING
  YESTERDAY        8                         4      4        0
  MONTH TO DATE   13                        45    -32        0
  SINCE SEP 1     18                        57    -39        0
  SINCE JUL 1     18                        57    -39        0

 COOLING
  YESTERDAY        0                         2     -2       10
  MONTH TO DATE  122                        53     69       85
  SINCE SEP 1    400                       339     61      509
  SINCE JAN 1   2098                      2011     87     2432
..................................................................


WIND (MPH)
  HIGHEST WIND SPEED    22   HIGHEST WIND DIRECTION     N (350)
  HIGHEST GUST SPEED    27   HIGHEST GUST DIRECTION     N (340)
  AVERAGE WIND SPEED    11.9


SKY COVER
  POSSIBLE SUNSHINE  MM
  AVERAGE SKY COVER 0.0


WEATHER CONDITIONS
 THE FOLLOWING WEATHER WAS RECORDED YESTERDAY.
  NO SIGNIFICANT WEATHER WAS OBSERVED.


RELATIVE HUMIDITY (PERCENT)
 HIGHEST    89          1200 AM
 LOWEST     37           200 PM
 AVERAGE    63

..........................................................


THE TUPELO CLIMATE NORMALS FOR TODAY
                         NORMAL    RECORD    YEAR
 MAXIMUM TEMPERATURE (F)   75        90      1938
 MINIMUM TEMPERATURE (F)   50        28      1977


SUNRISE AND SUNSET
OCTOBER 17 2017.......SUNRISE   702 AM CDT   SUNSET   618 PM CDT
OCTOBER 18 2017.......SUNRISE   703 AM CDT   SUNSET   617 PM CDT


-  INDICATES NEGATIVE NUMBERS.
R  INDICATES RECORD WAS SET OR TIED.
MM INDICATES DATA IS MISSING.
T  INDICATES TRACE AMOUNT.




$$
