000
CDUS44 KMEG 272254
CLITUP


CLIMATE REPORT
NATIONAL WEATHER SERVICE MEMPHIS TN
453 PM CST FRI FEB 27 2015


...................................

...THE TUPELO CLIMATE SUMMARY FOR FEBRUARY 27 2015...
VALID TODAY AS OF 0400 PM LOCAL TIME.

CLIMATE NORMAL PERIOD 1981 TO 2010
CLIMATE RECORD PERIOD 1930 TO 2015


WEATHER ITEM   OBSERVED TIME   RECORD YEAR NORMAL DEPARTURE LAST
                VALUE   (LST)  VALUE       VALUE  FROM      YEAR
                                                  NORMAL
..................................................................
TEMPERATURE (F)
 TODAY
  MAXIMUM         40    423 PM  81    1981  60    -20       51
  MINIMUM         26    758 AM  14    1934  38    -12       19
  AVERAGE         33                        49    -16       35

PRECIPITATION (IN)
  TODAY            0.00          2.13 1989   0.19  -0.19     0.00
  MONTH TO DATE    4.92                      4.77   0.15     4.23
  SINCE DEC 1     14.24                     15.53  -1.29    12.18
  SINCE JAN 1      9.16                      9.25  -0.09     6.00

SNOWFALL (IN)
  TODAY            0.0

DEGREE DAYS
 HEATING
  TODAY           32                        16     16       30
  MONTH TO DATE  759                       519    240      598
  SINCE DEC 1   2059                      1893    166     2182
  SINCE JUL 1   2696                      2415    281     2805

 COOLING
  TODAY            0                         0      0        0
  MONTH TO DATE    0                         0      0        0
  SINCE DEC 1      0                         3     -3        9
  SINCE JAN 1      0                         1     -1        0
..................................................................


WIND (MPH)
  HIGHEST WIND SPEED    21   HIGHEST WIND DIRECTION    NE (40)
  HIGHEST GUST SPEED    24   HIGHEST GUST DIRECTION    NE (30)
  AVERAGE WIND SPEED    11.8


SKY COVER
  POSSIBLE SUNSHINE  MM
  AVERAGE SKY COVER 0.6


WEATHER CONDITIONS
 THE FOLLOWING WEATHER WAS RECORDED TODAY.
  NO SIGNIFICANT WEATHER WAS OBSERVED.


RELATIVE HUMIDITY (PERCENT)
 HIGHEST    75           100 AM
 LOWEST     37           300 PM
 AVERAGE    56

..........................................................


THE TUPELO CLIMATE NORMALS FOR TOMORROW
                         NORMAL    RECORD    YEAR
 MAXIMUM TEMPERATURE (F)   61        79      1981
 MINIMUM TEMPERATURE (F)   39        19      1935


SUNRISE AND SUNSET
FEBRUARY 27 2015......SUNRISE   627 AM CST   SUNSET   549 PM CST
FEBRUARY 28 2015......SUNRISE   625 AM CST   SUNSET   550 PM CST


-  INDICATES NEGATIVE NUMBERS.
R  INDICATES RECORD WAS SET OR TIED.
MM INDICATES DATA IS MISSING.
T  INDICATES TRACE AMOUNT.




$$
