000
CDUS44 KMEG 280645
CLITUP


CLIMATE REPORT
NATIONAL WEATHER SERVICE MEMPHIS TN
144 AM CDT TUE MAR 28 2017


...................................

...THE TUPELO CLIMATE SUMMARY FOR MARCH 27 2017...

CLIMATE NORMAL PERIOD 1981 TO 2010
CLIMATE RECORD PERIOD 1930 TO 2017


WEATHER ITEM   OBSERVED TIME   RECORD YEAR NORMAL DEPARTURE LAST
                VALUE   (LST)  VALUE       VALUE  FROM      YEAR
                                                  NORMAL
..................................................................
TEMPERATURE (F)
 YESTERDAY
  MAXIMUM         81    423 PM  83    1945  69     12       70
  MINIMUM         58   1244 AM  18    1955  45     13       56
  AVERAGE         70                        57     13       63

PRECIPITATION (IN)
  YESTERDAY        0.81          2.98 1994   0.15   0.66     0.07
  MONTH TO DATE    3.67                      4.23  -0.56     4.49
  SINCE MAR 1      3.67                      4.23  -0.56     4.49
  SINCE JAN 1     12.14                     13.67  -1.53    11.66

SNOWFALL (IN)
  YESTERDAY        0.0           T    1944   0.0    0.0      0.0
                                      1932
  MONTH TO DATE    T                         0.3   -0.3      0.0
  SINCE MAR 1      T                         0.3   -0.3      0.0
  SINCE JUL 1      T                         2.1   -2.1       T
  SNOW DEPTH       0

DEGREE DAYS
 HEATING
  YESTERDAY        0                         9     -9        2
  MONTH TO DATE  287                       322    -35      207
  SINCE MAR 1    287                       322    -35      207
  SINCE JUL 1   1905                      2753   -848     2144

 COOLING
  YESTERDAY        5                         1      4        0
  MONTH TO DATE   24                         5     19       22
  SINCE MAR 1     24                         5     19       22
  SINCE JAN 1     36                         7     29       22
..................................................................


WIND (MPH)
  HIGHEST WIND SPEED    26   HIGHEST WIND DIRECTION     S (180)
  HIGHEST GUST SPEED    36   HIGHEST GUST DIRECTION     S (180)
  AVERAGE WIND SPEED     9.2


SKY COVER
  POSSIBLE SUNSHINE  MM
  AVERAGE SKY COVER 0.5


WEATHER CONDITIONS
 THE FOLLOWING WEATHER WAS RECORDED YESTERDAY.
  THUNDERSTORM
  HEAVY RAIN
  RAIN
  LIGHT RAIN
  FOG
  HAZE


RELATIVE HUMIDITY (PERCENT)
 HIGHEST    93           700 AM
 LOWEST     49           400 PM
 AVERAGE    71

..........................................................


THE TUPELO CLIMATE NORMALS FOR TODAY
                         NORMAL    RECORD    YEAR
 MAXIMUM TEMPERATURE (F)   69        84      1997
 MINIMUM TEMPERATURE (F)   45        25      1978


SUNRISE AND SUNSET
MARCH 28 2017.........SUNRISE   647 AM CDT   SUNSET   713 PM CDT
MARCH 29 2017.........SUNRISE   646 AM CDT   SUNSET   714 PM CDT


-  INDICATES NEGATIVE NUMBERS.
R  INDICATES RECORD WAS SET OR TIED.
MM INDICATES DATA IS MISSING.
T  INDICATES TRACE AMOUNT.


$$
