000
CDUS44 KMEG 210637
CLITUP


CLIMATE REPORT
NATIONAL WEATHER SERVICE MEMPHIS TN
136 AM CDT TUE OCT 21 2014


...................................

...THE TUPELO CLIMATE SUMMARY FOR OCTOBER 20 2014...

CLIMATE NORMAL PERIOD 1981 TO 2010
CLIMATE RECORD PERIOD 1930 TO 2014


WEATHER ITEM   OBSERVED TIME   RECORD YEAR NORMAL DEPARTURE LAST
                VALUE   (LST)  VALUE       VALUE  FROM      YEAR
                                                  NORMAL
..................................................................
TEMPERATURE (F)
 YESTERDAY
  MAXIMUM         73    308 PM  88    1941  74     -1       68
  MINIMUM         43    626 AM  30    1981  49     -6       37
  AVERAGE         58                        62     -4       53

PRECIPITATION (IN)
  YESTERDAY        0.00          1.25 1938   0.13  -0.13     0.00
  MONTH TO DATE    4.90                      2.68   2.22     1.05
  SINCE SEP 1      8.13                      6.12   2.01     4.13
  SINCE JAN 1     44.06                     42.59   1.47    41.41

SNOWFALL (IN)
  YESTERDAY        0.0           0.0  2002   0.0    0.0      0.0
                                      2001
  MONTH TO DATE    0.0                       0.0    0.0      0.0
  SINCE SEP 1      0.0                       0.0    0.0      0.0
  SINCE JUL 1      0.0                       0.0    0.0      0.0
  SNOW DEPTH       0

DEGREE DAYS
 HEATING
  YESTERDAY        7                         5      2       12
  MONTH TO DATE   41                        64    -23       41
  SINCE SEP 1     42                        76    -34       41
  SINCE JUL 1     42                        76    -34       41

 COOLING
  YESTERDAY        0                         2     -2        0
  MONTH TO DATE   89                        61     28       93
  SINCE SEP 1    412                       347     65      424
  SINCE JAN 1   1959                      2019    -60     2019
..................................................................


WIND (MPH)
  HIGHEST WIND SPEED     9   HIGHEST WIND DIRECTION    NW (330)
  HIGHEST GUST SPEED    14   HIGHEST GUST DIRECTION     N (340)
  AVERAGE WIND SPEED     1.5


SKY COVER
  POSSIBLE SUNSHINE  MM
  AVERAGE SKY COVER 0.0


WEATHER CONDITIONS
 THE FOLLOWING WEATHER WAS RECORDED YESTERDAY.
  FOG


RELATIVE HUMIDITY (PERCENT)
 HIGHEST    93          1200 AM
 LOWEST     41           300 PM
 AVERAGE    67

..........................................................


THE TUPELO CLIMATE NORMALS FOR TODAY
                         NORMAL    RECORD    YEAR
 MAXIMUM TEMPERATURE (F)   74        90      1941
 MINIMUM TEMPERATURE (F)   49        27      1976


SUNRISE AND SUNSET
OCTOBER 21 2014.......SUNRISE   705 AM CDT   SUNSET   614 PM CDT
OCTOBER 22 2014.......SUNRISE   706 AM CDT   SUNSET   612 PM CDT


-  INDICATES NEGATIVE NUMBERS.
R  INDICATES RECORD WAS SET OR TIED.
MM INDICATES DATA IS MISSING.
T  INDICATES TRACE AMOUNT.




$$
