000
CDUS44 KMEG 212153
CLITUP


CLIMATE REPORT
NATIONAL WEATHER SERVICE MEMPHIS TN
452 PM CDT THU AUG 21 2014


...................................

...THE TUPELO CLIMATE SUMMARY FOR AUGUST 21 2014...
VALID TODAY AS OF 0400 PM LOCAL TIME.

CLIMATE NORMAL PERIOD 1981 TO 2010
CLIMATE RECORD PERIOD 1930 TO 2014


WEATHER ITEM   OBSERVED TIME   RECORD YEAR NORMAL DEPARTURE LAST
                VALUE   (LST)  VALUE       VALUE  FROM      YEAR
                                                  NORMAL
..................................................................
TEMPERATURE (F)
 TODAY
  MAXIMUM         95    337 PM 103    1980  91      4       90
  MINIMUM         73    255 AM  57    1976  70      3       72
  AVERAGE         84                        81      3       81

PRECIPITATION (IN)
  TODAY            0.00          1.87 1960   0.10  -0.10     0.02
  MONTH TO DATE    0.48                      2.51  -2.03     3.86
  SINCE JUN 1     14.88                     10.93   3.95     8.84
  SINCE JAN 1     35.05                     35.53  -0.48    37.27

SNOWFALL (IN)
  TODAY            0.0

DEGREE DAYS
 HEATING
  TODAY            0                         0      0        0
  MONTH TO DATE    0                         0      0        0
  SINCE JUN 1      0                         0      0        0
  SINCE JUL 1      0                         0      0        0

 COOLING
  TODAY           19                        16      3       16
  MONTH TO DATE  312                       340    -28      307
  SINCE JUN 1   1097                      1245   -148     1184
  SINCE JAN 1   1371                      1522   -151     1430
..................................................................


WIND (MPH)
  HIGHEST WIND SPEED    12   HIGHEST WIND DIRECTION     W (260)
  HIGHEST GUST SPEED    15   HIGHEST GUST DIRECTION     W (270)
  AVERAGE WIND SPEED     3.5


SKY COVER
  POSSIBLE SUNSHINE  MM
  AVERAGE SKY COVER 0.1


WEATHER CONDITIONS
 THE FOLLOWING WEATHER WAS RECORDED TODAY.
  NO SIGNIFICANT WEATHER WAS OBSERVED.


RELATIVE HUMIDITY (PERCENT)
 HIGHEST    93           300 AM
 LOWEST     46           100 PM
 AVERAGE    70

..........................................................


THE TUPELO CLIMATE NORMALS FOR TOMORROW
                         NORMAL    RECORD    YEAR
 MAXIMUM TEMPERATURE (F)   91       102      2007
 MINIMUM TEMPERATURE (F)   70        53      1973


SUNRISE AND SUNSET
AUGUST 21 2014........SUNRISE   621 AM CDT   SUNSET   735 PM CDT
AUGUST 22 2014........SUNRISE   621 AM CDT   SUNSET   734 PM CDT


-  INDICATES NEGATIVE NUMBERS.
R  INDICATES RECORD WAS SET OR TIED.
MM INDICATES DATA IS MISSING.
T  INDICATES TRACE AMOUNT.




$$
