000
CDUS44 KMEG 230738
CLITUP


CLIMATE REPORT
NATIONAL WEATHER SERVICE MEMPHIS TN
137 AM CST THU FEB 23 2017


...................................

...THE TUPELO CLIMATE SUMMARY FOR FEBRUARY 22 2017...

CLIMATE NORMAL PERIOD 1981 TO 2010
CLIMATE RECORD PERIOD 1930 TO 2017


WEATHER ITEM   OBSERVED TIME   RECORD YEAR NORMAL DEPARTURE LAST
                VALUE   (LST)  VALUE       VALUE  FROM      YEAR
                                                  NORMAL
..................................................................
TEMPERATURE (F)
 YESTERDAY
  MAXIMUM         72    305 PM  78    1980  59     13       62
  MINIMUM         54   1159 PM   8    1963  37     17       49
  AVERAGE         63                        48     15       56

PRECIPITATION (IN)
  YESTERDAY        0.00          1.42 1991   0.20  -0.20     0.41
  MONTH TO DATE    1.67                      3.81  -2.14     2.71
  SINCE DEC 1     12.34                     14.57  -2.23    13.91
  SINCE JAN 1      7.44                      8.29  -0.85     6.55

SNOWFALL (IN)
  YESTERDAY        0.0           T    1989   0.0    0.0      0.0
                                      1984
  MONTH TO DATE    0.0                       0.5   -0.5      0.0
  SINCE DEC 1      T                         1.7   -1.7       T
  SINCE JUL 1      T                         1.7   -1.7       T
  SNOW DEPTH       0

DEGREE DAYS
 HEATING
  YESTERDAY        2                        17    -15        9
  MONTH TO DATE  251                       437   -186      386
  SINCE DEC 1   1270                      1811   -541     1494
  SINCE JUL 1   1564                      2333   -769     1835

 COOLING
  YESTERDAY        0                         0      0        0
  MONTH TO DATE    0                         0      0        0
  SINCE DEC 1     15                         3     12       27
  SINCE JAN 1      8                         1      7        0
..................................................................


WIND (MPH)
  HIGHEST WIND SPEED    13   HIGHEST WIND DIRECTION    NW (330)
  HIGHEST GUST SPEED    17   HIGHEST GUST DIRECTION    NW (330)
  AVERAGE WIND SPEED     3.8


SKY COVER
  POSSIBLE SUNSHINE  MM
  AVERAGE SKY COVER 0.7


WEATHER CONDITIONS
 THE FOLLOWING WEATHER WAS RECORDED YESTERDAY.
  FOG


RELATIVE HUMIDITY (PERCENT)
 HIGHEST    93          1200 AM
 LOWEST     57           200 PM
 AVERAGE    75

..........................................................


THE TUPELO CLIMATE NORMALS FOR TODAY
                         NORMAL    RECORD    YEAR
 MAXIMUM TEMPERATURE (F)   59        84      1996
 MINIMUM TEMPERATURE (F)   37        18      1963


SUNRISE AND SUNSET
FEBRUARY 23 2017......SUNRISE   631 AM CST   SUNSET   546 PM CST
FEBRUARY 24 2017......SUNRISE   630 AM CST   SUNSET   547 PM CST


-  INDICATES NEGATIVE NUMBERS.
R  INDICATES RECORD WAS SET OR TIED.
MM INDICATES DATA IS MISSING.
T  INDICATES TRACE AMOUNT.


$$
