000
CDUS44 KMEG 110732
CLITUP


CLIMATE REPORT
NATIONAL WEATHER SERVICE MEMPHIS TN
132 AM CST MON DEC 11 2017


...................................

...THE TUPELO CLIMATE SUMMARY FOR DECEMBER 10 2017...

CLIMATE NORMAL PERIOD 1981 TO 2010
CLIMATE RECORD PERIOD 1930 TO 2017


WEATHER ITEM   OBSERVED TIME   RECORD YEAR NORMAL DEPARTURE LAST
                VALUE   (LST)  VALUE       VALUE  FROM      YEAR
                                                  NORMAL
..................................................................
TEMPERATURE (F)
 YESTERDAY
  MAXIMUM         53    354 PM  75    2007  55     -2       48
  MINIMUM         23    224 AM  12    1978  35    -12       20
  AVERAGE         38                        45     -7       34

PRECIPITATION (IN)
  YESTERDAY        0.00          2.02 1932   0.23  -0.23     0.00
  MONTH TO DATE    1.71                      2.20  -0.49     2.52
  SINCE DEC 1      1.71                      2.20  -0.49     2.52
  SINCE JAN 1     43.07                     50.93  -7.86    43.89

SNOWFALL (IN)
  YESTERDAY        0.0           T    2013   0.0    0.0      0.0
                                      2003
                                      1986
  MONTH TO DATE    0.0                       0.0    0.0      0.0
  SINCE DEC 1      0.0                       0.0    0.0      0.0
  SINCE JUL 1      0.0                       0.0    0.0      0.0
  SNOW DEPTH       0

DEGREE DAYS
 HEATING
  YESTERDAY       27                        20      7       31
  MONTH TO DATE  191                       189      2      225
  SINCE DEC 1    191                       189      2      225
  SINCE JUL 1    681                       711    -30      519

 COOLING
  YESTERDAY        0                         0      0        0
  MONTH TO DATE    0                         0      0        0
  SINCE DEC 1      0                         0      0        0
  SINCE JAN 1   2133                      2044     89     2539
..................................................................


WIND (MPH)
  HIGHEST WIND SPEED    16   HIGHEST WIND DIRECTION     S (180)
  HIGHEST GUST SPEED    21   HIGHEST GUST DIRECTION    SW (220)
  AVERAGE WIND SPEED     5.3


SKY COVER
  POSSIBLE SUNSHINE  MM
  AVERAGE SKY COVER 0.0


WEATHER CONDITIONS
 THE FOLLOWING WEATHER WAS RECORDED YESTERDAY.
  NO SIGNIFICANT WEATHER WAS OBSERVED.


RELATIVE HUMIDITY (PERCENT)
 HIGHEST    88           500 AM
 LOWEST     26           300 PM
 AVERAGE    57

..........................................................


THE TUPELO CLIMATE NORMALS FOR TODAY
                         NORMAL    RECORD    YEAR
 MAXIMUM TEMPERATURE (F)   55        78      2015
 MINIMUM TEMPERATURE (F)   35        11      1962


SUNRISE AND SUNSET
DECEMBER 11 2017......SUNRISE   651 AM CST   SUNSET   446 PM CST
DECEMBER 12 2017......SUNRISE   652 AM CST   SUNSET   446 PM CST


-  INDICATES NEGATIVE NUMBERS.
R  INDICATES RECORD WAS SET OR TIED.
MM INDICATES DATA IS MISSING.
T  INDICATES TRACE AMOUNT.




$$
