997
CDUS44 KMEG 202200
CLITUP


CLIMATE REPORT
NATIONAL WEATHER SERVICE MEMPHIS TN
500 PM CDT SUN AUG 20 2017


...................................

...THE TUPELO CLIMATE SUMMARY FOR AUGUST 20 2017...
VALID TODAY AS OF 0500 PM LOCAL TIME.

CLIMATE NORMAL PERIOD 1981 TO 2010
CLIMATE RECORD PERIOD 1930 TO 2017


WEATHER ITEM   OBSERVED TIME   RECORD YEAR NORMAL DEPARTURE LAST
                VALUE   (LST)  VALUE       VALUE  FROM      YEAR
                                                  NORMAL
..................................................................
TEMPERATURE (F)
 TODAY
  MAXIMUM         96    141 PM 105    1980  92      4       90
  MINIMUM         75    428 AM  57    1976  70      5       74
  AVERAGE         86                        81      5       82

PRECIPITATION (IN)
  TODAY            0.36          1.19 2004   0.12   0.24     0.00
  MONTH TO DATE    2.08                      2.41  -0.33     3.92
  SINCE JUN 1     12.07                     10.83   1.24    12.32
  SINCE JAN 1     33.83                     35.43  -1.60    34.42

SNOWFALL (IN)
  TODAY            0.0

DEGREE DAYS
 HEATING
  TODAY            0                         0      0        0
  MONTH TO DATE    0                         0      0        0
  SINCE JUN 1      0                         0      0        0
  SINCE JUL 1      0                         0      0        0

 COOLING
  TODAY           21                        16      5       17
  MONTH TO DATE  324                       324      0      380
  SINCE JUN 1   1224                      1229     -5     1440
  SINCE JAN 1   1560                      1506     54     1726
..................................................................


WIND (MPH)
  HIGHEST WIND SPEED    12   HIGHEST WIND DIRECTION     S (200)
  HIGHEST GUST SPEED    20   HIGHEST GUST DIRECTION    SW (210)
  AVERAGE WIND SPEED     2.7


SKY COVER
  POSSIBLE SUNSHINE  MM
  AVERAGE SKY COVER 0.2


WEATHER CONDITIONS
 THE FOLLOWING WEATHER WAS RECORDED TODAY.
  HEAVY RAIN
  RAIN
  LIGHT RAIN
  HAZE


RELATIVE HUMIDITY (PERCENT)
 HIGHEST    94           400 AM
 LOWEST     43           100 PM
 AVERAGE    69

..........................................................


THE TUPELO CLIMATE NORMALS FOR TOMORROW
                         NORMAL    RECORD    YEAR
 MAXIMUM TEMPERATURE (F)   91       103      1980
 MINIMUM TEMPERATURE (F)   70        57      1976


SUNRISE AND SUNSET
AUGUST 20 2017........SUNRISE   620 AM CDT   SUNSET   736 PM CDT
AUGUST 21 2017........SUNRISE   621 AM CDT   SUNSET   735 PM CDT


-  INDICATES NEGATIVE NUMBERS.
R  INDICATES RECORD WAS SET OR TIED.
MM INDICATES DATA IS MISSING.
T  INDICATES TRACE AMOUNT.




$$
