354
CDUS45 KTWC 200754
CLITUS

CLIMATE REPORT
NATIONAL WEATHER SERVICE TUCSON AZ
1252 AM MST MON FEB 20 2017

...................................

...THE TUCSON AZ CLIMATE SUMMARY FOR FEBRUARY 19 2017...

CLIMATE NORMAL PERIOD 1981 TO 2010
CLIMATE RECORD PERIOD 1895 TO 2017


WEATHER ITEM   OBSERVED TIME   RECORD YEAR NORMAL DEPARTURE LAST
                VALUE   (LST)  VALUE       VALUE  FROM      YEAR
                                                  NORMAL
..................................................................
TEMPERATURE (F)
 YESTERDAY
  MAXIMUM         58    209 PM  85    1981  69    -11       84
  MINIMUM         48    745 AM  25    1955  43      5       58
  AVERAGE         53                        56     -3       71

PRECIPITATION (IN)
  YESTERDAY        0.10          0.28 1993   0.03   0.07     0.00
  MONTH TO DATE    0.17                      0.60  -0.43     0.18
  SINCE OCT 1      3.03                      3.93  -0.90     4.59
  SINCE JAN 1      1.35                      1.54  -0.19     1.71

DEGREE DAYS
 HEATING
  YESTERDAY       12                         9      3        0
  MONTH TO DATE   84                       196   -112      124
  SINCE DEC 1    717                       984   -267      915
  SINCE JUL 1    811                      1190   -379     1110

 COOLING
  YESTERDAY        0                         0      0        6
  MONTH TO DATE    9                         0      9       21
  SINCE DEC 1     12                         1     11       21
  SINCE JAN 1      9                         1      8       21
..................................................................


WIND (MPH)
  HIGHEST WIND SPEED    15   HIGHEST WIND DIRECTION     S (170)
  HIGHEST GUST SPEED    19   HIGHEST GUST DIRECTION     S (170)
  AVERAGE WIND SPEED     5.0


SKY COVER
  POSSIBLE SUNSHINE  MM
  AVERAGE SKY COVER  MM


WEATHER CONDITIONS
 THE FOLLOWING WEATHER WAS RECORDED YESTERDAY.
  LIGHT RAIN
  FOG
  HAZE


RELATIVE HUMIDITY (PERCENT)
 HIGHEST    93
 LOWEST     51
 AVERAGE    72

..........................................................


THE TUCSON AZ CLIMATE NORMALS FOR TODAY
                         NORMAL    RECORD    YEAR
 MAXIMUM TEMPERATURE (F)   69        89      1943
 MINIMUM TEMPERATURE (F)   43        23      1955


SUNRISE AND SUNSET
FEBRUARY 20 2017......SUNRISE   701 AM MST   SUNSET   615 PM MST
FEBRUARY 21 2017......SUNRISE   700 AM MST   SUNSET   615 PM MST


-  INDICATES NEGATIVE NUMBERS.
R  INDICATES RECORD WAS SET OR TIED.
MM INDICATES DATA IS MISSING.
T  INDICATES TRACE AMOUNT.

$$
