000
CDUS45 KTWC 180027
CLITUS

CLIMATE REPORT
NATIONAL WEATHER SERVICE TUCSON AZ
526 PM MST THU APR 17 2014


...................................

...THE TUCSON AZ CLIMATE SUMMARY FOR APRIL 17 2014...
VALID TODAY AS OF 0500 PM LOCAL TIME.

CLIMATE NORMAL PERIOD 1981 TO 2010
CLIMATE RECORD PERIOD 1895 TO 2014


WEATHER ITEM   OBSERVED TIME   RECORD YEAR NORMAL DEPARTURE LAST
                VALUE   (LST)  VALUE       VALUE  FROM      YEAR
                                                  NORMAL
..................................................................
TEMPERATURE (F)
 TODAY
  MAXIMUM         91    444 PM  97    1987  83      8       69
                                      1948
  MINIMUM         59    621 AM  30    1924  52      7       54
  AVERAGE         75                        67      8       62

PRECIPITATION (IN)
  TODAY            0.00          0.44 1970   0.01  -0.01     0.00
  MONTH TO DATE    0.00                      0.23  -0.23     0.12
  SINCE OCT 1      3.64                      5.15  -1.51     2.94
  SINCE JAN 1      0.59                      2.76  -2.17     1.73

DEGREE DAYS
 HEATING
  TODAY            0                         2     -2        3
  MONTH TO DATE   21                        45    -24       18
  SINCE MAR 1     63                       224   -161       79
  SINCE JUL 1    896                      1491   -595     1354

 COOLING
  TODAY           10                         4      6        0
  MONTH TO DATE   83                        49     34       77
  SINCE MAR 1    113                        78     35      168
  SINCE JAN 1    137                        82     55      168
..................................................................


WIND (MPH)
  HIGHEST WIND SPEED    12   HIGHEST WIND DIRECTION     S (160)
  HIGHEST GUST SPEED    19   HIGHEST GUST DIRECTION     W (280)
  AVERAGE WIND SPEED     6.7


SKY COVER
  POSSIBLE SUNSHINE  MM
  AVERAGE SKY COVER 0.0


WEATHER CONDITIONS
 THE FOLLOWING WEATHER WAS RECORDED TODAY.
  NO SIGNIFICANT WEATHER WAS OBSERVED.


RELATIVE HUMIDITY (PERCENT)
 HIGHEST    21
 LOWEST      6
 AVERAGE    14

..........................................................


THE TUCSON AZ CLIMATE NORMALS FOR TOMORROW
                         NORMAL    RECORD    YEAR
 MAXIMUM TEMPERATURE (F)   83        98      1989
 MINIMUM TEMPERATURE (F)   53        31      1896


SUNRISE AND SUNSET
APRIL 17 2014.........SUNRISE   552 AM MST   SUNSET   655 PM MST
APRIL 18 2014.........SUNRISE   551 AM MST   SUNSET   655 PM MST


-  INDICATES NEGATIVE NUMBERS.
R  INDICATES RECORD WAS SET OR TIED.
MM INDICATES DATA IS MISSING.
T  INDICATES TRACE AMOUNT.




$$
