000
CDUS45 KTWC 301426
CLITUS

CLIMATE REPORT
NATIONAL WEATHER SERVICE TUCSON AZ
725 AM MST SAT MAY 30 2015


...................................

...THE TUCSON AZ CLIMATE SUMMARY FOR MAY 30 2015...
VALID AS OF 0700 AM LOCAL TIME.

CLIMATE NORMAL PERIOD 1981 TO 2010
CLIMATE RECORD PERIOD 1895 TO 2015


WEATHER ITEM   OBSERVED TIME   RECORD YEAR NORMAL DEPARTURE LAST
                VALUE   (LST)  VALUE       VALUE  FROM      YEAR
                                                  NORMAL
..................................................................
TEMPERATURE (F)
 TODAY
  MINIMUM         67    547 AM  42    1909  64      3       71

PRECIPITATION (IN)
  TODAY            0.00          0.44 1986   0.00   0.00     0.00
  MONTH TO DATE    0.09                      0.22  -0.13      T
  SINCE OCT 1      7.20                      5.45   1.75     3.66
  SINCE JAN 1      3.70                      3.06   0.64     0.61

DEGREE DAYS
 HEATING
  TODAY            0                         0      0        0

 COOLING
  TODAY            9                        15     -6       22
..................................................................


WIND (MPH)
  HIGHEST WIND SPEED     9   HIGHEST WIND DIRECTION     W (260)
  HIGHEST GUST SPEED    12   HIGHEST GUST DIRECTION     W (270)
  AVERAGE WIND SPEED     6.2


SKY COVER
  POSSIBLE SUNSHINE  MM
  AVERAGE SKY COVER 0.0


WEATHER CONDITIONS
 THE FOLLOWING WEATHER WAS RECORDED TODAY.
  NO SIGNIFICANT WEATHER WAS OBSERVED.


RELATIVE HUMIDITY (PERCENT)
 HIGHEST    32           500 AM

..........................................................


THE TUCSON AZ CLIMATE NORMALS FOR TOMORROW
                         NORMAL    RECORD    YEAR
 MAXIMUM TEMPERATURE (F)   97       107      2002
                                             1910
 MINIMUM TEMPERATURE (F)   65        44      1918


SUNRISE AND SUNSET
MAY 30 2015...........SUNRISE   519 AM MST   SUNSET   724 PM MST
MAY 31 2015...........SUNRISE   519 AM MST   SUNSET   725 PM MST


-  INDICATES NEGATIVE NUMBERS.
R  INDICATES RECORD WAS SET OR TIED.
MM INDICATES DATA IS MISSING.
T  INDICATES TRACE AMOUNT.




$$
