000
CDUS45 KTWC 010735
CLITUS


CLIMATE REPORT
NATIONAL WEATHER SERVICE TUCSON AZ
1234 AM MST SAT AUG 1 2015


...................................

...THE TUCSON AZ CLIMATE SUMMARY FOR JULY 31 2015...

CLIMATE NORMAL PERIOD 1981 TO 2010
CLIMATE RECORD PERIOD 1895 TO 2015


WEATHER ITEM   OBSERVED TIME   RECORD YEAR NORMAL DEPARTURE LAST
                VALUE   (LST)  VALUE       VALUE  FROM      YEAR
                                                  NORMAL
..................................................................
TEMPERATURE (F)
 YESTERDAY
  MAXIMUM        100   1248 PM 111    1986  98      2       98
  MINIMUM         77   1002 PM  66    2006  74      3       82
                                      1955
                                      1921
  AVERAGE         89                        86      3       90

PRECIPITATION (IN)
  YESTERDAY        0.01          1.90 2006   0.10  -0.09     0.00
  MONTH TO DATE    2.08                      2.25  -0.17     1.43
  SINCE OCT 1      9.84                      7.91   1.93     5.09
  SINCE JAN 1      6.34                      5.52   0.82     2.04

DEGREE DAYS
 HEATING
  YESTERDAY        0                         0      0        0
  MONTH TO DATE    0                         0      0        0
  SINCE JUN 1      0                         0      0        0
  SINCE JUL 1      0                         0      0        0

 COOLING
  YESTERDAY       24                        21      3       25
  MONTH TO DATE  701                       683     18      730
  SINCE JUN 1   1414                      1277    137     1455
  SINCE JAN 1   1928                      1779    149     2058
..................................................................


WIND (MPH)
  HIGHEST WIND SPEED    22   HIGHEST WIND DIRECTION    NW (300)
  HIGHEST GUST SPEED    30   HIGHEST GUST DIRECTION     W (270)
  AVERAGE WIND SPEED     8.6


SKY COVER
  POSSIBLE SUNSHINE  MM
  AVERAGE SKY COVER 0.2


WEATHER CONDITIONS
 THE FOLLOWING WEATHER WAS RECORDED YESTERDAY.
  THUNDERSTORM
  LIGHT RAIN


RELATIVE HUMIDITY (PERCENT)
 HIGHEST    67
 LOWEST     25
 AVERAGE    46

..........................................................


THE TUCSON AZ CLIMATE NORMALS FOR TODAY
                         NORMAL    RECORD    YEAR
 MAXIMUM TEMPERATURE (F)   98       112      1993
 MINIMUM TEMPERATURE (F)   74        64      1935


SUNRISE AND SUNSET
AUGUST  1 2015........SUNRISE   539 AM MST   SUNSET   721 PM MST
AUGUST  2 2015........SUNRISE   539 AM MST   SUNSET   720 PM MST


-  INDICATES NEGATIVE NUMBERS.
R  INDICATES RECORD WAS SET OR TIED.
MM INDICATES DATA IS MISSING.
T  INDICATES TRACE AMOUNT.




$$
