147
CDUS45 KTWC 300030
CLITUS

CLIMATE REPORT
NATIONAL WEATHER SERVICE TUCSON AZ
530 PM MST THU SEP 29 2016

...................................

...THE TUCSON AZ CLIMATE SUMMARY FOR SEPTEMBER 29 2016...
VALID TODAY AS OF 0500 PM LOCAL TIME.

CLIMATE NORMAL PERIOD 1981 TO 2010
CLIMATE RECORD PERIOD 1895 TO 2016


WEATHER ITEM   OBSERVED TIME   RECORD YEAR NORMAL DEPARTURE LAST
                VALUE   (LST)  VALUE       VALUE  FROM      YEAR
                                                  NORMAL
..................................................................
TEMPERATURE (F)
 TODAY
  MAXIMUM         93    353 PM 101    2010  91      2       98
                                      2009
                                      2000
  MINIMUM         68    721 AM  44    1923  64      4       68
                                      1915
                                      1894
  AVERAGE         81                        77      4       83

PRECIPITATION (IN)
  TODAY            0.04          1.02 1983   0.04   0.00     0.00
  MONTH TO DATE    1.55                      1.26   0.29     2.40
  SINCE OCT 1     12.96                     11.56   1.40    14.04
  SINCE JAN 1     10.08                      9.17   0.91    10.54

DEGREE DAYS
 HEATING
  TODAY            0                         0      0        0
  MONTH TO DATE    0                         0      0        0
  SINCE SEP 1      0                         0      0        0
  SINCE JUL 1      0                         0      0        0

 COOLING
  TODAY           16                        12      4       18
  MONTH TO DATE  462                       486    -24      520
  SINCE SEP 1    462                       486    -24      520
  SINCE JAN 1   3172                      2896    276     3200
..................................................................


WIND (MPH)
  HIGHEST WIND SPEED    17   HIGHEST WIND DIRECTION     N (360)
  HIGHEST GUST SPEED    25   HIGHEST GUST DIRECTION     W (280)
  AVERAGE WIND SPEED     4.9


SKY COVER
  POSSIBLE SUNSHINE  MM
  AVERAGE SKY COVER 0.3


WEATHER CONDITIONS
 THE FOLLOWING WEATHER WAS RECORDED TODAY.
  THUNDERSTORM
  RAIN
  FOG


RELATIVE HUMIDITY (PERCENT)
 HIGHEST    84
 LOWEST     30
 AVERAGE    57

..........................................................


THE TUCSON AZ CLIMATE NORMALS FOR TOMORROW
                         NORMAL    RECORD    YEAR
 MAXIMUM TEMPERATURE (F)   90       104      2010
 MINIMUM TEMPERATURE (F)   64        44      1965


SUNRISE AND SUNSET
SEPTEMBER 29 2016.....SUNRISE   617 AM MST   SUNSET   610 PM MST
SEPTEMBER 30 2016.....SUNRISE   617 AM MST   SUNSET   609 PM MST


-  INDICATES NEGATIVE NUMBERS.
R  INDICATES RECORD WAS SET OR TIED.
MM INDICATES DATA IS MISSING.
T  INDICATES TRACE AMOUNT.




$$
