000
CDUS45 KTWC 070034
CLITUS

CLIMATE REPORT
NATIONAL WEATHER SERVICE TUCSON AZ
534 PM MST FRI MAR 6 2015


...................................

...THE TUCSON AZ CLIMATE SUMMARY FOR MARCH 6 2015...
VALID TODAY AS OF 0500 PM LOCAL TIME.

CLIMATE NORMAL PERIOD 1981 TO 2010
CLIMATE RECORD PERIOD 1895 TO 2015


WEATHER ITEM   OBSERVED TIME   RECORD YEAR NORMAL DEPARTURE LAST
                VALUE   (LST)  VALUE       VALUE  FROM      YEAR
                                                  NORMAL
..................................................................
TEMPERATURE (F)
 TODAY
  MAXIMUM         77    354 PM  93    1910  72      5       83
  MINIMUM         48    547 AM  27    1896  45      3       52
  AVERAGE         63                        58      5       68

PRECIPITATION (IN)
  TODAY            0.00          0.75 2000   0.02  -0.02     0.00
  MONTH TO DATE    0.34                      0.15   0.19     0.58
  SINCE OCT 1      6.79                      4.34   2.45     3.64
  SINCE JAN 1      3.29                      1.95   1.34     0.59

DEGREE DAYS
 HEATING
  TODAY            2                         7     -5        0
  MONTH TO DATE   37                        45     -8       22
  SINCE MAR 1     37                        45     -8       22
  SINCE JUL 1    879                      1312   -433      855

 COOLING
  TODAY            0                         0      0        3
  MONTH TO DATE    0                         0      0        3
  SINCE MAR 1      0                         0      0        3
  SINCE JAN 1      8                         4      4       27
..................................................................


WIND (MPH)
  HIGHEST WIND SPEED    32   HIGHEST WIND DIRECTION    SE (120)
  HIGHEST GUST SPEED    42   HIGHEST GUST DIRECTION    SE (120)
  AVERAGE WIND SPEED    13.3


SKY COVER
  POSSIBLE SUNSHINE  MM
  AVERAGE SKY COVER 0.0


WEATHER CONDITIONS
 THE FOLLOWING WEATHER WAS RECORDED TODAY.
  NO SIGNIFICANT WEATHER WAS OBSERVED.


RELATIVE HUMIDITY (PERCENT)
 HIGHEST    36
 LOWEST     14
 AVERAGE    25

..........................................................


THE TUCSON AZ CLIMATE NORMALS FOR TOMORROW
                         NORMAL    RECORD    YEAR
 MAXIMUM TEMPERATURE (F)   72        88      1989
                                             1910
                                             1899
 MINIMUM TEMPERATURE (F)   45        26      1922


SUNRISE AND SUNSET
MARCH  6 2015.........SUNRISE   645 AM MST   SUNSET   625 PM MST
MARCH  7 2015.........SUNRISE   644 AM MST   SUNSET   626 PM MST


-  INDICATES NEGATIVE NUMBERS.
R  INDICATES RECORD WAS SET OR TIED.
MM INDICATES DATA IS MISSING.
T  INDICATES TRACE AMOUNT.




$$
