000
CDUS45 KTWC 030732
CLITUS

CLIMATE REPORT
NATIONAL WEATHER SERVICE TUCSON AZ
1230 AM MST FRI JUL 3 2015


...................................

...THE TUCSON AZ CLIMATE SUMMARY FOR JULY 2 2015...

CLIMATE NORMAL PERIOD 1981 TO 2010
CLIMATE RECORD PERIOD 1895 TO 2015


WEATHER ITEM   OBSERVED TIME   RECORD YEAR NORMAL DEPARTURE LAST
                VALUE   (LST)  VALUE       VALUE  FROM      YEAR
                                                  NORMAL
..................................................................
TEMPERATURE (F)
 YESTERDAY
  MAXIMUM        101    325 PM 111    2011 102     -1      104
                                      2001
                                      1994
  MINIMUM         74    620 AM  59    1992  74      0       78
  AVERAGE         88                        88      0       91

PRECIPITATION (IN)
  YESTERDAY        0.00          0.65 1917   0.04  -0.04     0.00
  MONTH TO DATE    0.00                      0.07  -0.07     0.00
  SINCE OCT 1      7.76                      5.73   2.03     3.66
  SINCE JAN 1      4.26                      3.34   0.92     0.61

DEGREE DAYS
 HEATING
  YESTERDAY        0                         0      0        0
  MONTH TO DATE    0                         0      0        0
  SINCE JUN 1      0                         0      0        0
  SINCE JUL 1      0                         0      0        0

 COOLING
  YESTERDAY       23                        23      0       26
  MONTH TO DATE   42                        46     -4       53
  SINCE JUN 1    755                       640    115      778
  SINCE JAN 1   1269                      1142    127     1381
..................................................................


WIND (MPH)
  HIGHEST WIND SPEED    17   HIGHEST WIND DIRECTION     W (270)
  HIGHEST GUST SPEED    23   HIGHEST GUST DIRECTION    NW (300)
  AVERAGE WIND SPEED     6.7


SKY COVER
  POSSIBLE SUNSHINE  MM
  AVERAGE SKY COVER 0.0


WEATHER CONDITIONS
 THE FOLLOWING WEATHER WAS RECORDED YESTERDAY.
  NO SIGNIFICANT WEATHER WAS OBSERVED.


RELATIVE HUMIDITY (PERCENT)
 HIGHEST    73
 LOWEST     21
 AVERAGE    47

..........................................................


THE TUCSON AZ CLIMATE NORMALS FOR TODAY
                         NORMAL    RECORD    YEAR
 MAXIMUM TEMPERATURE (F)  102       111      1989
                                             1907
 MINIMUM TEMPERATURE (F)   74        49      1911


SUNRISE AND SUNSET
JULY  3 2015..........SUNRISE   522 AM MST   SUNSET   734 PM MST
JULY  4 2015..........SUNRISE   522 AM MST   SUNSET   734 PM MST


-  INDICATES NEGATIVE NUMBERS.
R  INDICATES RECORD WAS SET OR TIED.
MM INDICATES DATA IS MISSING.
T  INDICATES TRACE AMOUNT.




$$
