000
CDUS45 KTWC 060026
CLITUS

CLIMATE REPORT
NATIONAL WEATHER SERVICE TUCSON AZ
525 PM MST FRI FEB 5 2016


...................................

...THE TUCSON AZ CLIMATE SUMMARY FOR FEBRUARY 5 2016...
VALID TODAY AS OF 0500 PM LOCAL TIME.

CLIMATE NORMAL PERIOD 1981 TO 2010
CLIMATE RECORD PERIOD 1895 TO 2016


WEATHER ITEM   OBSERVED TIME   RECORD YEAR NORMAL DEPARTURE LAST
                VALUE   (LST)  VALUE       VALUE  FROM      YEAR
                                                  NORMAL
..................................................................
TEMPERATURE (F)
 TODAY
  MAXIMUM         65    459 PM  85    1963  67     -2       84
  MINIMUM         31    737 AM  20    1955  41    -10       46
  AVERAGE         48                        54     -6       65

PRECIPITATION (IN)
  TODAY            0.00          0.88 1939   0.03  -0.03     0.00
  MONTH TO DATE    0.18                      0.17   0.01     0.02
  SINCE OCT 1      4.59                      3.50   1.09     6.06
  SINCE JAN 1      1.71                      1.11   0.60     2.56

DEGREE DAYS
 HEATING
  TODAY           17                        11      6        0
  MONTH TO DATE   98                        55     43       23
  SINCE DEC 1    889                       843     46      645
  SINCE JUL 1   1084                      1049     35      781

 COOLING
  TODAY            0                         0      0        0
  MONTH TO DATE    0                         0      0        0
  SINCE DEC 1      0                         1     -1        3
  SINCE JAN 1      0                         1     -1        0
..................................................................


WIND (MPH)
  HIGHEST WIND SPEED    10   HIGHEST WIND DIRECTION     N (20)
  HIGHEST GUST SPEED    13   HIGHEST GUST DIRECTION    NE (40)
  AVERAGE WIND SPEED     3.2


SKY COVER
  POSSIBLE SUNSHINE  MM
  AVERAGE SKY COVER 0.0


WEATHER CONDITIONS
 THE FOLLOWING WEATHER WAS RECORDED TODAY.
  NO SIGNIFICANT WEATHER WAS OBSERVED.


RELATIVE HUMIDITY (PERCENT)
 HIGHEST    56
 LOWEST     13
 AVERAGE    35

..........................................................


THE TUCSON AZ CLIMATE NORMALS FOR TOMORROW
                         NORMAL    RECORD    YEAR
 MAXIMUM TEMPERATURE (F)   67        86      1963
 MINIMUM TEMPERATURE (F)   41        24      1955


SUNRISE AND SUNSET
FEBRUARY  5 2016......SUNRISE   715 AM MST   SUNSET   601 PM MST
FEBRUARY  6 2016......SUNRISE   714 AM MST   SUNSET   602 PM MST


-  INDICATES NEGATIVE NUMBERS.
R  INDICATES RECORD WAS SET OR TIED.
MM INDICATES DATA IS MISSING.
T  INDICATES TRACE AMOUNT.




$$
