000
CDUS45 KTWC 260730
CLITUS

CLIMATE REPORT
NATIONAL WEATHER SERVICE TUCSON AZ
1229 AM MST SAT JUL 26 2014


...................................

...THE TUCSON AZ CLIMATE SUMMARY FOR JULY 25 2014...

CLIMATE NORMAL PERIOD 1981 TO 2010
CLIMATE RECORD PERIOD 1895 TO 2014


WEATHER ITEM   OBSERVED TIME   RECORD YEAR NORMAL DEPARTURE LAST
                VALUE   (LST)  VALUE       VALUE  FROM      YEAR
                                                  NORMAL
..................................................................
TEMPERATURE (F)
 YESTERDAY
  MAXIMUM        101    114 PM 109    1943  98      3       93
  MINIMUM         78   1155 PM  65    1913  75      3       76
  AVERAGE         90                        86      4       85

PRECIPITATION (IN)
  YESTERDAY        0.00          1.27 1981   0.09  -0.09     0.01
  MONTH TO DATE    1.41                      1.68  -0.27     2.58
  SINCE OCT 1      5.07                      7.34  -2.27     5.56
  SINCE JAN 1      2.02                      4.95  -2.93     4.35

DEGREE DAYS
 HEATING
  YESTERDAY        0                         0      0        0
  MONTH TO DATE    0                         0      0        0
  SINCE JUN 1      0                         0      0        0
  SINCE JUL 1      0                         0      0        0

 COOLING
  YESTERDAY       25                        21      4       20
  MONTH TO DATE  587                       560     27      578
  SINCE JUN 1   1312                      1154    158     1319
  SINCE JAN 1   1915                      1656    259     2030
..................................................................


WIND (MPH)
  HIGHEST WIND SPEED    40   HIGHEST WIND DIRECTION    SE (140)
  HIGHEST GUST SPEED    48   HIGHEST GUST DIRECTION    SE (140)
  AVERAGE WIND SPEED     7.8


SKY COVER
  POSSIBLE SUNSHINE  MM
  AVERAGE SKY COVER 0.2


WEATHER CONDITIONS
 THE FOLLOWING WEATHER WAS RECORDED YESTERDAY.
  THUNDERSTORM
  HAZE


RELATIVE HUMIDITY (PERCENT)
 HIGHEST    55
 LOWEST     24
 AVERAGE    40

..........................................................


THE TUCSON AZ CLIMATE NORMALS FOR TODAY
                         NORMAL    RECORD    YEAR
 MAXIMUM TEMPERATURE (F)   98       112      1995
 MINIMUM TEMPERATURE (F)   74        59      1913


SUNRISE AND SUNSET
JULY 26 2014..........SUNRISE   535 AM MST   SUNSET   725 PM MST
JULY 27 2014..........SUNRISE   536 AM MST   SUNSET   724 PM MST


-  INDICATES NEGATIVE NUMBERS.
R  INDICATES RECORD WAS SET OR TIED.
MM INDICATES DATA IS MISSING.
T  INDICATES TRACE AMOUNT.




$$
