000
CDUS45 KTWC 290733
CLITUS

CLIMATE REPORT
NATIONAL WEATHER SERVICE TUCSON AZ
1231 AM MST MON DEC 29 2014


...................................

...THE TUCSON AZ CLIMATE SUMMARY FOR DECEMBER 28 2014...

CLIMATE NORMAL PERIOD 1981 TO 2010
CLIMATE RECORD PERIOD 1895 TO 2014


WEATHER ITEM   OBSERVED TIME   RECORD YEAR NORMAL DEPARTURE LAST
                VALUE   (LST)  VALUE       VALUE  FROM      YEAR
                                                  NORMAL
..................................................................
TEMPERATURE (F)
 YESTERDAY
  MAXIMUM         57    256 AM  82    1922  64     -7       66
  MINIMUM         32    537 AM  18    1954  39     -7       39
  AVERAGE         45                        51     -6       53

PRECIPITATION (IN)
  YESTERDAY        0.00          1.11 1906   0.03  -0.03     0.00
  MONTH TO DATE    1.63                      0.84   0.79     0.83
  SINCE OCT 1      2.96                      2.30   0.66     3.05
  SINCE JAN 1      9.65                     11.50  -1.85     8.53

DEGREE DAYS
 HEATING
  YESTERDAY       20                        14      6       12
  MONTH TO DATE  283                       366    -83      323
  SINCE DEC 1    283                       366    -83      323
  SINCE JUL 1    419                       572   -153      429

 COOLING
  YESTERDAY        0                         0      0        0
  MONTH TO DATE    3                         0      3        0
  SINCE DEC 1      3                         0      3        0
  SINCE JAN 1   3619                      3146    473     3653
..................................................................


WIND (MPH)
  HIGHEST WIND SPEED    10   HIGHEST WIND DIRECTION     N (340)
  HIGHEST GUST SPEED    13   HIGHEST GUST DIRECTION     S (170)
  AVERAGE WIND SPEED     5.1


SKY COVER
  POSSIBLE SUNSHINE  MM
  AVERAGE SKY COVER 0.0


WEATHER CONDITIONS
 THE FOLLOWING WEATHER WAS RECORDED YESTERDAY.
  NO SIGNIFICANT WEATHER WAS OBSERVED.


RELATIVE HUMIDITY (PERCENT)
 HIGHEST    85
 LOWEST     16
 AVERAGE    51

..........................................................


THE TUCSON AZ CLIMATE NORMALS FOR TODAY
                         NORMAL    RECORD    YEAR
 MAXIMUM TEMPERATURE (F)   64        85      1921
 MINIMUM TEMPERATURE (F)   39        19      2003


SUNRISE AND SUNSET
DECEMBER 29 2014......SUNRISE   724 AM MST   SUNSET   528 PM MST
DECEMBER 30 2014......SUNRISE   724 AM MST   SUNSET   529 PM MST


-  INDICATES NEGATIVE NUMBERS.
R  INDICATES RECORD WAS SET OR TIED.
MM INDICATES DATA IS MISSING.
T  INDICATES TRACE AMOUNT.




$$
