584
CDUS43 KAPX 140528
CLITVC


CLIMATE REPORT
NATIONAL WEATHER SERVICE GAYLORD MI
1227 AM EST SUN FEB 14 2016


...................................

...THE TRAVERSE CITY MI CLIMATE SUMMARY FOR FEBRUARY 13 2016...

CLIMATE NORMAL PERIOD 1981 TO 2010
CLIMATE RECORD PERIOD 1896 TO 2016


WEATHER ITEM   OBSERVED TIME   RECORD YEAR NORMAL DEPARTURE LAST
                VALUE   (LST)  VALUE       VALUE  FROM      YEAR
                                                  NORMAL
..................................................................
TEMPERATURE (F)
 YESTERDAY
  MAXIMUM         14   1045 PM  50    1984  30    -16       21
  MINIMUM          0    947 AM -21    1899  15    -15       -3
  AVERAGE          7                        22    -15        9

PRECIPITATION (IN)
  YESTERDAY        0.05          0.75 1996   0.05   0.00     0.01
  MONTH TO DATE    0.48                      0.72  -0.24     0.05
  SINCE DEC 1      5.56                      6.03  -0.47     1.79
  SINCE JAN 1      2.57                      3.54  -0.97     0.73

DEGREE DAYS
 HEATING
  YESTERDAY       58                        43     15       56
  MONTH TO DATE  523                       566    -43      628
  SINCE DEC 1   2578                      3103   -525     3135
  SINCE JUL 1   3758                      4722   -964     4814
..................................................................


WIND (MPH)
  HIGHEST WIND SPEED    25   HIGHEST WIND DIRECTION    NW (300)
  HIGHEST GUST SPEED    31   HIGHEST GUST DIRECTION    NW (300)
  AVERAGE WIND SPEED     6.6




RELATIVE HUMIDITY (PERCENT)
 HIGHEST    87
 LOWEST     63
 AVERAGE    75

..........................................................


THE TRAVERSE CITY MI CLIMATE NORMALS FOR TODAY
                         NORMAL    RECORD    YEAR
 MAXIMUM TEMPERATURE (F)   30        49      1954
 MINIMUM TEMPERATURE (F)   15       -12      1971


SUNRISE AND SUNSET
FEBRUARY 14 2016......SUNRISE   745 AM EST   SUNSET   609 PM EST
FEBRUARY 15 2016......SUNRISE   743 AM EST   SUNSET   610 PM EST


-  INDICATES NEGATIVE NUMBERS.
R  INDICATES RECORD WAS SET OR TIED.
MM INDICATES DATA IS MISSING.
T  INDICATES TRACE AMOUNT.




$$
