000
CDUS43 KAPX 290529
CLITVC


CLIMATE REPORT
NATIONAL WEATHER SERVICE GAYLORD MI
128 AM EDT SAT APR 29 2017


...................................

...THE TRAVERSE CITY MI CLIMATE SUMMARY FOR APRIL 28 2017...

CLIMATE NORMAL PERIOD 1981 TO 2010
CLIMATE RECORD PERIOD 1896 TO 2017


WEATHER ITEM   OBSERVED TIME   RECORD YEAR NORMAL DEPARTURE LAST
                VALUE   (LST)  VALUE       VALUE  FROM      YEAR
                                                  NORMAL
..................................................................
TEMPERATURE (F)
 YESTERDAY
  MAXIMUM         52    415 PM  88    1990  60     -8       54
  MINIMUM         38    728 AM  21    1928  36      2       37
  AVERAGE         45                        48     -3       46

PRECIPITATION (IN)
  YESTERDAY        0.02          1.50 1981   0.09  -0.07     0.01
  MONTH TO DATE    2.55                      2.61  -0.06     1.74
  SINCE MAR 1      4.28                      4.47  -0.19     5.56
  SINCE JAN 1      7.61                      8.79  -1.18     8.35

DEGREE DAYS
 HEATING
  YESTERDAY       20                        18      2       19
  MONTH TO DATE  455                       632   -177      667
  SINCE MAR 1   1488                      1694   -206     1522
  SINCE JUL 1   5661                      7034  -1373     5832

 COOLING
  YESTERDAY        0                         0      0        0
  MONTH TO DATE    3                         0      3        0
  SINCE MAR 1      3                         0      3        0
  SINCE JAN 1      3                         0      3        0
..................................................................


WIND (MPH)
  HIGHEST WIND SPEED    18   HIGHEST WIND DIRECTION     W (270)
  HIGHEST GUST SPEED    24   HIGHEST GUST DIRECTION     W (270)
  AVERAGE WIND SPEED     8.4




RELATIVE HUMIDITY (PERCENT)
 HIGHEST    85
 LOWEST     50
 AVERAGE    68

..........................................................


THE TRAVERSE CITY MI CLIMATE NORMALS FOR TODAY
                         NORMAL    RECORD    YEAR
 MAXIMUM TEMPERATURE (F)   60        90      1970
 MINIMUM TEMPERATURE (F)   36        21      1977


SUNRISE AND SUNSET
APRIL 29 2017.........SUNRISE   635 AM EDT   SUNSET   845 PM EDT
APRIL 30 2017.........SUNRISE   633 AM EDT   SUNSET   846 PM EDT


-  INDICATES NEGATIVE NUMBERS.
R  INDICATES RECORD WAS SET OR TIED.
MM INDICATES DATA IS MISSING.
T  INDICATES TRACE AMOUNT.




$$
