000
CDUS43 KAPX 270528
CLITVC


CLIMATE REPORT
NATIONAL WEATHER SERVICE GAYLORD MI
128 AM EDT THU AUG 27 2015


...................................

...THE TRAVERSE CITY MI CLIMATE SUMMARY FOR AUGUST 26 2015...

CLIMATE NORMAL PERIOD 1981 TO 2010
CLIMATE RECORD PERIOD 1896 TO 2015


WEATHER ITEM   OBSERVED TIME   RECORD YEAR NORMAL DEPARTURE LAST
                VALUE   (LST)  VALUE       VALUE  FROM      YEAR
                                                  NORMAL
..................................................................
TEMPERATURE (F)
 YESTERDAY
  MAXIMUM         62    501 PM  98    1909  77    -15       76
  MINIMUM         56    759 AM  40    1917  56      0       56
  AVERAGE         59                        66     -7       66

PRECIPITATION (IN)
  YESTERDAY        0.07          2.32 2000   0.11  -0.04      T
  MONTH TO DATE    1.75                      2.83  -1.08     1.75
  SINCE JUN 1      4.84                      9.01  -4.17     6.52
  SINCE JAN 1     11.32                     20.56  -9.24    16.20

DEGREE DAYS
 HEATING
  YESTERDAY        6                         2      4        0
  MONTH TO DATE   19                        29    -10       14
  SINCE JUN 1    135                       169    -34      141
  SINCE JUL 1     47                        57    -10       69

 COOLING
  YESTERDAY        0                         3     -3        1
  MONTH TO DATE  157                       102     55      107
  SINCE JUN 1    378                       335     43      305
  SINCE JAN 1    413                       355     58      314
..................................................................


WIND (MPH)
  HIGHEST WIND SPEED    14   HIGHEST WIND DIRECTION    NW (330)
  HIGHEST GUST SPEED    19   HIGHEST GUST DIRECTION    NW (310)
  AVERAGE WIND SPEED     5.6




RELATIVE HUMIDITY (PERCENT)
 HIGHEST    93
 LOWEST     67
 AVERAGE    80

..........................................................


THE TRAVERSE CITY MI CLIMATE NORMALS FOR TODAY
                         NORMAL    RECORD    YEAR
 MAXIMUM TEMPERATURE (F)   76        96      1973
 MINIMUM TEMPERATURE (F)   56        37      1915


SUNRISE AND SUNSET
AUGUST 27 2015........SUNRISE   658 AM EDT   SUNSET   828 PM EDT
AUGUST 28 2015........SUNRISE   700 AM EDT   SUNSET   827 PM EDT


-  INDICATES NEGATIVE NUMBERS.
R  INDICATES RECORD WAS SET OR TIED.
MM INDICATES DATA IS MISSING.
T  INDICATES TRACE AMOUNT.




$$
