000
CDUS43 KAPX 060526
CLITVC


CLIMATE REPORT
NATIONAL WEATHER SERVICE GAYLORD MI
126 AM EDT FRI MAY 6 2016


...................................

...THE TRAVERSE CITY MI CLIMATE SUMMARY FOR MAY 5 2016...

CLIMATE NORMAL PERIOD 1981 TO 2010
CLIMATE RECORD PERIOD 1896 TO 2016


WEATHER ITEM   OBSERVED TIME   RECORD YEAR NORMAL DEPARTURE LAST
                VALUE   (LST)  VALUE       VALUE  FROM      YEAR
                                                  NORMAL
..................................................................
TEMPERATURE (F)
 YESTERDAY
  MAXIMUM         55        MM  90    1959  62     -7       68
  MINIMUM         38        MM  24    1968  38      0       35
  AVERAGE         47                        50     -3       52

PRECIPITATION (IN)
  YESTERDAY        0.00          0.97 1979   0.08  -0.08    MM
  MONTH TO DATE    0.35                      0.40  -0.05     0.02
  SINCE MAR 1      5.91                      5.04   0.87     1.95
  SINCE JAN 1      8.70                      9.36  -0.66     2.73

DEGREE DAYS
 HEATING
  YESTERDAY       18                        15      3       13
  MONTH TO DATE   84                        80      4       47
  SINCE MAR 1   1643                      1807   -164     1780
  SINCE JUL 1   5953                      7147  -1194     7512

 COOLING
  YESTERDAY        0                         0      0        0
  MONTH TO DATE    0                         0      0        5
  SINCE MAR 1      0                         3     -3        5
  SINCE JAN 1      0                         3     -3        5
..................................................................


WIND (MPH)
  HIGHEST WIND SPEED     9   HIGHEST WIND DIRECTION     N (10)
  HIGHEST GUST SPEED    MM   HIGHEST GUST DIRECTION    MM
  AVERAGE WIND SPEED     5.2




RELATIVE HUMIDITY (PERCENT)
 HIGHEST    85
 LOWEST     59
 AVERAGE    72

..........................................................


THE TRAVERSE CITY MI CLIMATE NORMALS FOR TODAY
                         NORMAL    RECORD    YEAR
 MAXIMUM TEMPERATURE (F)   63        89      1959
 MINIMUM TEMPERATURE (F)   38        20      1968


SUNRISE AND SUNSET
MAY  6 2016...........SUNRISE   625 AM EDT   SUNSET   854 PM EDT
MAY  7 2016...........SUNRISE   623 AM EDT   SUNSET   855 PM EDT


-  INDICATES NEGATIVE NUMBERS.
R  INDICATES RECORD WAS SET OR TIED.
MM INDICATES DATA IS MISSING.
T  INDICATES TRACE AMOUNT.




$$
