000
CDUS43 KAPX 270528
CLITVC


CLIMATE REPORT
NATIONAL WEATHER SERVICE GAYLORD MI
127 AM EDT TUE JUN 27 2017


...................................

...THE TRAVERSE CITY MI CLIMATE SUMMARY FOR JUNE 26 2017...

CLIMATE NORMAL PERIOD 1981 TO 2010
CLIMATE RECORD PERIOD 1896 TO 2017


WEATHER ITEM   OBSERVED TIME   RECORD YEAR NORMAL DEPARTURE LAST
                VALUE   (LST)  VALUE       VALUE  FROM      YEAR
                                                  NORMAL
..................................................................
TEMPERATURE (F)
 YESTERDAY
  MAXIMUM         62    225 PM 102    1901  79    -17       86
  MINIMUM         49   1159 PM  36    1982  56     -7       70
  AVERAGE         56                        67    -11       78

PRECIPITATION (IN)
  YESTERDAY        0.35          1.90 1969   0.12   0.23     0.19
  MONTH TO DATE    3.81                      2.71   1.10     1.87
  SINCE JUN 1      3.81                      2.71   1.10     1.87
  SINCE JAN 1     13.78                     14.26  -0.48    11.73

DEGREE DAYS
 HEATING
  YESTERDAY        9                         2      7        0
  MONTH TO DATE   41                       106    -65       56
  SINCE JUN 1     41                       106    -65       56
  SINCE JUL 1   6116                      7542  -1426     6224

 COOLING
  YESTERDAY        0                         4     -4       13
  MONTH TO DATE   93                        63     30       83
  SINCE JUN 1     93                        63     30       83
  SINCE JAN 1    114                        83     31      133
..................................................................


WIND (MPH)
  HIGHEST WIND SPEED    17   HIGHEST WIND DIRECTION     W (280)
  HIGHEST GUST SPEED    25   HIGHEST GUST DIRECTION    SW (240)
  AVERAGE WIND SPEED     8.3




RELATIVE HUMIDITY (PERCENT)
 HIGHEST    93
 LOWEST     60
 AVERAGE    77

..........................................................


THE TRAVERSE CITY MI CLIMATE NORMALS FOR TODAY
                         NORMAL    RECORD    YEAR
 MAXIMUM TEMPERATURE (F)   79       102      1901
 MINIMUM TEMPERATURE (F)   56        38      1897


SUNRISE AND SUNSET
JUNE 27 2017..........SUNRISE   559 AM EDT   SUNSET   932 PM EDT
JUNE 28 2017..........SUNRISE   559 AM EDT   SUNSET   932 PM EDT


-  INDICATES NEGATIVE NUMBERS.
R  INDICATES RECORD WAS SET OR TIED.
MM INDICATES DATA IS MISSING.
T  INDICATES TRACE AMOUNT.




$$
