000
CDUS43 KAPX 040533
CLITVC


CLIMATE REPORT
NATIONAL WEATHER SERVICE GAYLORD MI
1232 AM EST SUN DEC 4 2016


...................................

...THE TRAVERSE CITY MI CLIMATE SUMMARY FOR DECEMBER 3 2016...

CLIMATE NORMAL PERIOD 1981 TO 2010
CLIMATE RECORD PERIOD 1896 TO 2016


WEATHER ITEM   OBSERVED TIME   RECORD YEAR NORMAL DEPARTURE LAST
                VALUE   (LST)  VALUE       VALUE  FROM      YEAR
                                                  NORMAL
..................................................................
TEMPERATURE (F)
 YESTERDAY
  MAXIMUM         41    120 PM  64    2012  36      5       42
                                      1962
  MINIMUM         35   1159 PM   0    1976  25     10       31
  AVERAGE         38                        31      7       37

PRECIPITATION (IN)
  YESTERDAY        0.09          1.22 1970   0.08   0.01     0.01
  MONTH TO DATE    0.11                      0.25  -0.14     0.16
  SINCE DEC 1      0.11                      0.25  -0.14     0.16
  SINCE JAN 1     25.28                     30.81  -5.53    21.63

DEGREE DAYS
 HEATING
  YESTERDAY       27                        34     -7       28
  MONTH TO DATE   81                       102    -21       81
  SINCE DEC 1     81                       102    -21       81
  SINCE JUL 1   1040                      1721   -681     1261
..................................................................


WIND (MPH)
  HIGHEST WIND SPEED    10   HIGHEST WIND DIRECTION     W (250)
  HIGHEST GUST SPEED    16   HIGHEST GUST DIRECTION    SW (240)
  AVERAGE WIND SPEED     2.3




RELATIVE HUMIDITY (PERCENT)
 HIGHEST    92
 LOWEST     79
 AVERAGE    86

..........................................................


THE TRAVERSE CITY MI CLIMATE NORMALS FOR TODAY
                         NORMAL    RECORD    YEAR
 MAXIMUM TEMPERATURE (F)   36        61      2012
                                             1962
 MINIMUM TEMPERATURE (F)   25        -5      1966


SUNRISE AND SUNSET
DECEMBER  4 2016......SUNRISE   803 AM EST   SUNSET   502 PM EST
DECEMBER  5 2016......SUNRISE   804 AM EST   SUNSET   502 PM EST


-  INDICATES NEGATIVE NUMBERS.
R  INDICATES RECORD WAS SET OR TIED.
MM INDICATES DATA IS MISSING.
T  INDICATES TRACE AMOUNT.




$$
