000
CDUS43 KAPX 242127
CLITVC


CLIMATE REPORT
NATIONAL WEATHER SERVICE GAYLORD MI
526 PM EDT FRI MAR 24 2017


...................................

...THE TRAVERSE CITY MI CLIMATE SUMMARY FOR MARCH 24 2017...
VALID TODAY AS OF 0500 PM LOCAL TIME.

CLIMATE NORMAL PERIOD 1981 TO 2010
CLIMATE RECORD PERIOD 1896 TO 2017


WEATHER ITEM   OBSERVED TIME   RECORD YEAR NORMAL DEPARTURE LAST
                VALUE   (LST)  VALUE       VALUE  FROM      YEAR
                                                  NORMAL
..................................................................
TEMPERATURE (F)
 TODAY
  MAXIMUM         43   1140 AM  71    1987  43      0       32
  MINIMUM         36    359 PM  -9    1965  24     12       27
  AVERAGE         40                        34      6       30

PRECIPITATION (IN)
  TODAY            0.13          0.70 2016   0.07   0.06     0.70
  MONTH TO DATE    1.18                      1.39  -0.21     2.00
  SINCE MAR 1      1.18                      1.39  -0.21     2.00
  SINCE JAN 1      4.51                      5.71  -1.20     4.79

SNOWFALL (IN)
  TODAY           MM            MM      MM   0.3   MM       MM
  MONTH TO DATE   MM                         9.3   MM       MM
  SINCE OCT 1     MM                        97.3   MM       MM
  SINCE JUL 1     MM                        97.3   MM       MM

DEGREE DAYS
 HEATING
  TODAY           25                        31     -6       35
  MONTH TO DATE  849                       855     -6      681
  SINCE MAR 1    849                       855     -6      681
  SINCE JUL 1   5022                      6195  -1173     4991

 COOLING
  TODAY            0                         0      0        0
  MONTH TO DATE    0                         0      0        0
  SINCE MAR 1      0                         0      0        0
  SINCE JAN 1      0                         0      0        0
..................................................................


WIND (MPH)
  RESULTANT WIND SPEED   2   RESULTANT WIND DIRECTION   N (20)
  HIGHEST WIND SPEED    12   HIGHEST WIND DIRECTION     N (360)
  HIGHEST GUST SPEED    16   HIGHEST GUST DIRECTION     N (350)
  AVERAGE WIND SPEED     3.0


SKY COVER
  POSSIBLE SUNSHINE  MM
  AVERAGE SKY COVER 0.9


WEATHER CONDITIONS
 THE FOLLOWING WEATHER WAS RECORDED TODAY.
  LIGHT RAIN
  FOG


RELATIVE HUMIDITY (PERCENT)
 HIGHEST    92           400 AM
 LOWEST     82          1100 AM
 AVERAGE    87

..........................................................




SUNRISE AND SUNSET
MARCH 24 2017.........SUNRISE   737 AM EDT   SUNSET   800 PM EDT
MARCH 25 2017.........SUNRISE   736 AM EDT   SUNSET   801 PM EDT


-  INDICATES NEGATIVE NUMBERS.
R  INDICATES RECORD WAS SET OR TIED.
MM INDICATES DATA IS MISSING.
T  INDICATES TRACE AMOUNT.




$$
