000
CDUS43 KAPX 230529
CLITVC


CLIMATE REPORT
NATIONAL WEATHER SERVICE GAYLORD MI
1228 AM EST MON JAN 23 2017


...................................

...THE TRAVERSE CITY MI CLIMATE SUMMARY FOR JANUARY 22 2017...

CLIMATE NORMAL PERIOD 1981 TO 2010
CLIMATE RECORD PERIOD 1896 TO 2017


WEATHER ITEM   OBSERVED TIME   RECORD YEAR NORMAL DEPARTURE LAST
                VALUE   (LST)  VALUE       VALUE  FROM      YEAR
                                                  NORMAL
..................................................................
TEMPERATURE (F)
 YESTERDAY
  MAXIMUM         45    221 PM  49    2002  27     18       31
                                      1933
  MINIMUM         36    712 AM -10    1954  15     21       22
  AVERAGE         41                        21     20       27

PRECIPITATION (IN)
  YESTERDAY        0.00          0.72 1933   0.08  -0.08      T
  MONTH TO DATE    1.04                      2.10  -1.06     1.17
  SINCE DEC 1      2.27                      4.59  -2.32     4.16
  SINCE JAN 1      1.04                      2.10  -1.06     1.17

DEGREE DAYS
 HEATING
  YESTERDAY       24                        44    -20       38
  MONTH TO DATE  846                       953   -107      923
  SINCE DEC 1   1966                      2142   -176     1744
  SINCE JUL 1   2925                      3761   -836     2924
..................................................................


WIND (MPH)
  HIGHEST WIND SPEED     6   HIGHEST WIND DIRECTION     W (270)
  HIGHEST GUST SPEED     7   HIGHEST GUST DIRECTION     W (260)
  AVERAGE WIND SPEED     0.7




RELATIVE HUMIDITY (PERCENT)
 HIGHEST   100
 LOWEST     76
 AVERAGE    88

..........................................................


THE TRAVERSE CITY MI CLIMATE NORMALS FOR TODAY
                         NORMAL    RECORD    YEAR
 MAXIMUM TEMPERATURE (F)   28        48      1967
 MINIMUM TEMPERATURE (F)   15       -12      2005
                                             1948


SUNRISE AND SUNSET
JANUARY 23 2017.......SUNRISE   810 AM EST   SUNSET   539 PM EST
JANUARY 24 2017.......SUNRISE   809 AM EST   SUNSET   540 PM EST


-  INDICATES NEGATIVE NUMBERS.
R  INDICATES RECORD WAS SET OR TIED.
MM INDICATES DATA IS MISSING.
T  INDICATES TRACE AMOUNT.




$$
