000
CDUS43 KAPX 290547
CLITVC


CLIMATE REPORT
NATIONAL WEATHER SERVICE GAYLORD MI
146 AM EDT SUN MAY 29 2016


...................................

...THE TRAVERSE CITY MI CLIMATE SUMMARY FOR MAY 28 2016...

CLIMATE NORMAL PERIOD 1981 TO 2010
CLIMATE RECORD PERIOD 1896 TO 2016


WEATHER ITEM   OBSERVED TIME   RECORD YEAR NORMAL DEPARTURE LAST
                VALUE   (LST)  VALUE       VALUE  FROM      YEAR
                                                  NORMAL
..................................................................
TEMPERATURE (F)
 YESTERDAY
  MAXIMUM         85    317 PM  95    1978  70     15       76
  MINIMUM         70    635 AM  29    2008  46     24       55
  AVERAGE         78                        58     20       66

PRECIPITATION (IN)
  YESTERDAY        0.00          0.64 1973   0.08  -0.08     0.05
  MONTH TO DATE    1.50                      2.33  -0.83     2.82
  SINCE MAR 1      7.06                      6.97   0.09     4.75
  SINCE JAN 1      9.85                     11.29  -1.44     5.53

DEGREE DAYS
 HEATING
  YESTERDAY        0                         8     -8        0
  MONTH TO DATE  298                       347    -49      249
  SINCE MAR 1   1857                      2074   -217     1982
  SINCE JUL 1   6167                      7414  -1247     7714

 COOLING
  YESTERDAY       13                         1     12        1
  MONTH TO DATE   39                        11     28       32
  SINCE MAR 1     39                        14     25       32
  SINCE JAN 1     39                        14     25       32
..................................................................


WIND (MPH)
  HIGHEST WIND SPEED    16   HIGHEST WIND DIRECTION    SW (230)
  HIGHEST GUST SPEED    27   HIGHEST GUST DIRECTION     S (190)
  AVERAGE WIND SPEED     6.2




RELATIVE HUMIDITY (PERCENT)
 HIGHEST    90
 LOWEST     47
 AVERAGE    69

..........................................................


THE TRAVERSE CITY MI CLIMATE NORMALS FOR TODAY
                         NORMAL    RECORD    YEAR
 MAXIMUM TEMPERATURE (F)   70        93      2006
 MINIMUM TEMPERATURE (F)   46        31      1964


SUNRISE AND SUNSET
MAY 29 2016...........SUNRISE   601 AM EDT   SUNSET   919 PM EDT
MAY 30 2016...........SUNRISE   601 AM EDT   SUNSET   920 PM EDT


-  INDICATES NEGATIVE NUMBERS.
R  INDICATES RECORD WAS SET OR TIED.
MM INDICATES DATA IS MISSING.
T  INDICATES TRACE AMOUNT.




$$
