184
CDUS43 KAPX 270532
CLITVC


CLIMATE REPORT
NATIONAL WEATHER SERVICE GAYLORD MI
132 AM EDT TUE SEP 27 2016


...................................

...THE TRAVERSE CITY MI CLIMATE SUMMARY FOR SEPTEMBER 26 2016...

CLIMATE NORMAL PERIOD 1981 TO 2010
CLIMATE RECORD PERIOD 1896 TO 2016


WEATHER ITEM   OBSERVED TIME   RECORD YEAR NORMAL DEPARTURE LAST
                VALUE   (LST)  VALUE       VALUE  FROM      YEAR
                                                  NORMAL
..................................................................
TEMPERATURE (F)
 YESTERDAY
  MAXIMUM         62    528 AM  88    1908  66     -4       79
  MINIMUM         53   1153 PM  31    1947  46      7       53
  AVERAGE         58                        56      2       66

PRECIPITATION (IN)
  YESTERDAY        0.60          2.10 1930   0.12   0.48     0.00
  MONTH TO DATE    3.52                      3.09   0.43     3.74
  SINCE SEP 1      3.52                      3.09   0.43     3.74
  SINCE JAN 1     21.26                     24.20  -2.94    15.39

DEGREE DAYS
 HEATING
  YESTERDAY        7                        10     -3        0
  MONTH TO DATE   32                       151   -119       44
  SINCE SEP 1     32                       151   -119       44
  SINCE JUL 1     41                       220   -179       91

 COOLING
  YESTERDAY        0                         1     -1        1
  MONTH TO DATE   99                        38     61      126
  SINCE SEP 1     99                        38     61      126
  SINCE JAN 1    759                       407    352      559
..................................................................


WIND (MPH)
  HIGHEST WIND SPEED    23   HIGHEST WIND DIRECTION     W (280)
  HIGHEST GUST SPEED    31   HIGHEST GUST DIRECTION     W (280)
  AVERAGE WIND SPEED     8.0




RELATIVE HUMIDITY (PERCENT)
 HIGHEST    90
 LOWEST     62
 AVERAGE    76

..........................................................


THE TRAVERSE CITY MI CLIMATE NORMALS FOR TODAY
                         NORMAL    RECORD    YEAR
 MAXIMUM TEMPERATURE (F)   65        86      1923
 MINIMUM TEMPERATURE (F)   46        27      1989


SUNRISE AND SUNSET
SEPTEMBER 27 2016.....SUNRISE   736 AM EDT   SUNSET   729 PM EDT
SEPTEMBER 28 2016.....SUNRISE   737 AM EDT   SUNSET   727 PM EDT


-  INDICATES NEGATIVE NUMBERS.
R  INDICATES RECORD WAS SET OR TIED.
MM INDICATES DATA IS MISSING.
T  INDICATES TRACE AMOUNT.




$$
