000
CDUS44 KJAN 230729
CLITVR


CLIMATE REPORT
NATIONAL WEATHER SERVICE JACKSON MS
127 AM CST THU NOV 23 2017


...................................

...THE VICKSBURG CLIMATE SUMMARY FOR NOVEMBER 22 2017...

CLIMATE NORMAL PERIOD 1981 TO 2010
CLIMATE RECORD PERIOD 1948 TO 2017


WEATHER ITEM   OBSERVED TIME   RECORD YEAR NORMAL DEPARTURE LAST
                VALUE   (LST)  VALUE       VALUE  FROM      YEAR
                                                  NORMAL
..................................................................
TEMPERATURE (F)
 YESTERDAY
  MAXIMUM         57    207 PM  82    2010  65     -8       73
                                      1965
  MINIMUM         36   1159 PM  21    1949  42     -6       32
  AVERAGE         47                        54     -7       53

PRECIPITATION (IN)
  YESTERDAY        0.00          1.41 1957   0.18  -0.18     0.00
  MONTH TO DATE    0.93                      3.39  -2.46     0.91
  SINCE SEP 1      4.20                     10.95  -6.75     1.03
  SINCE JAN 1     53.62                     47.52   6.10    52.58

SNOWFALL (IN)
  YESTERDAY        0.0

DEGREE DAYS
 HEATING
  YESTERDAY       18                        12      6       12
  MONTH TO DATE  154                       195    -41      159
  SINCE SEP 1    258                       297    -39      188
  SINCE JUL 1    258                       297    -39      188

 COOLING
  YESTERDAY        0                         0      0        0
  MONTH TO DATE   56                        12     44       25
  SINCE SEP 1    576                       432    144      672
  SINCE JAN 1   2498                      2221    277     2919
..................................................................


WIND (MPH)
  HIGHEST WIND SPEED    21   HIGHEST WIND DIRECTION     N (20)
  HIGHEST GUST SPEED    26   HIGHEST GUST DIRECTION     N (360)
  AVERAGE WIND SPEED     9.5


SKY COVER
  POSSIBLE SUNSHINE  MM
  AVERAGE SKY COVER 0.1


WEATHER CONDITIONS
 THE FOLLOWING WEATHER WAS RECORDED YESTERDAY.
  NO SIGNIFICANT WEATHER WAS OBSERVED.


RELATIVE HUMIDITY (PERCENT)
 HIGHEST   100          1200 AM
 LOWEST     38           300 PM
 AVERAGE    69

..........................................................


THE VICKSBURG CLIMATE NORMALS FOR TODAY
                         NORMAL    RECORD    YEAR
 MAXIMUM TEMPERATURE (F)   65        85      2010
 MINIMUM TEMPERATURE (F)   42        22      1976


SUNRISE AND SUNSET
NOVEMBER 23 2017......SUNRISE   641 AM CST   SUNSET   500 PM CST
NOVEMBER 24 2017......SUNRISE   642 AM CST   SUNSET   500 PM CST


-  INDICATES NEGATIVE NUMBERS.
R  INDICATES RECORD WAS SET OR TIED.
MM INDICATES DATA IS MISSING.
T  INDICATES TRACE AMOUNT.




$$
