000
CDUS44 KJAN 220803
CLITVR


CLIMATE REPORT
NATIONAL WEATHER SERVICE JACKSON MS
301 AM CDT MON MAY 22 2017


...................................

...THE VICKSBURG CLIMATE SUMMARY FOR MAY 21 2017...

CLIMATE NORMAL PERIOD 1981 TO 2010
CLIMATE RECORD PERIOD 1948 TO 2017


WEATHER ITEM   OBSERVED TIME   RECORD YEAR NORMAL DEPARTURE LAST
                VALUE   (LST)  VALUE       VALUE  FROM      YEAR
                                                  NORMAL
..................................................................
TEMPERATURE (F)
 YESTERDAY
  MAXIMUM         86   1236 PM  94    1962  85      1       88
  MINIMUM         64   1148 PM  43    1954  63      1       64
  AVERAGE         75                        74      1       76

PRECIPITATION (IN)
  YESTERDAY        1.19          1.49 1966   0.16   1.03     0.00
  MONTH TO DATE    2.45                      3.55  -1.10     1.32
  SINCE MAR 1     16.29                     13.55   2.74    23.95
  SINCE JAN 1     23.05                     23.89  -0.84    33.95

SNOWFALL (IN)
  YESTERDAY        0.0

DEGREE DAYS
 HEATING
  YESTERDAY        0                         0      0        0
  MONTH TO DATE   14                         9      5        0
  SINCE MAR 1    213                       374   -161      129
  SINCE JUL 1   1489                      2350   -861     1507

 COOLING
  YESTERDAY       10                         9      1       11
  MONTH TO DATE  143                       147     -4      150
  SINCE MAR 1    378                       256    122      366
  SINCE JAN 1    429                       265    164      378
..................................................................


WIND (MPH)
  HIGHEST WIND SPEED    25   HIGHEST WIND DIRECTION    NW (330)
  HIGHEST GUST SPEED    37   HIGHEST GUST DIRECTION     N (350)
  AVERAGE WIND SPEED     3.3


SKY COVER
  POSSIBLE SUNSHINE  MM
  AVERAGE SKY COVER 0.4


WEATHER CONDITIONS
 THE FOLLOWING WEATHER WAS RECORDED YESTERDAY.
  THUNDERSTORM
  HEAVY RAIN
  RAIN
  LIGHT RAIN
  FOG


RELATIVE HUMIDITY (PERCENT)
 HIGHEST   100           900 PM
 LOWEST     61          1100 AM
 AVERAGE    81

..........................................................


THE VICKSBURG CLIMATE NORMALS FOR TODAY
                         NORMAL    RECORD    YEAR
 MAXIMUM TEMPERATURE (F)   86        92      1978
                                             1962
                                             1957
 MINIMUM TEMPERATURE (F)   63        47      1954


SUNRISE AND SUNSET
MAY 22 2017...........SUNRISE   602 AM CDT   SUNSET   800 PM CDT
MAY 23 2017...........SUNRISE   601 AM CDT   SUNSET   801 PM CDT


-  INDICATES NEGATIVE NUMBERS.
R  INDICATES RECORD WAS SET OR TIED.
MM INDICATES DATA IS MISSING.
T  INDICATES TRACE AMOUNT.




$$
