000
CDUS44 KJAN 170641
CLITVR


CLIMATE REPORT
NATIONAL WEATHER SERVICE JACKSON MS
1234 AM CST TUE JAN 17 2017


...................................

...THE VICKSBURG CLIMATE SUMMARY FOR JANUARY 16 2017...

CLIMATE NORMAL PERIOD 1981 TO 2010
CLIMATE RECORD PERIOD 1948 TO 2017


WEATHER ITEM   OBSERVED TIME   RECORD YEAR NORMAL DEPARTURE LAST
                VALUE   (LST)  VALUE       VALUE  FROM      YEAR
                                                  NORMAL
..................................................................
TEMPERATURE (F)
 YESTERDAY
  MAXIMUM         78R   332 PM  76    1996  55     23       55
                                      1974
                                      1952
  MINIMUM         53   1202 AM  16    1963  35     18       40
  AVERAGE         66                        45     21       48

PRECIPITATION (IN)
  YESTERDAY        0.01          1.61 2010   0.15  -0.14     0.00
  MONTH TO DATE    1.21                      2.49  -1.28     1.10
  SINCE DEC 1      7.48                      8.10  -0.62     6.65
  SINCE JAN 1      1.21                      2.49  -1.28     1.10

SNOWFALL (IN)
  YESTERDAY        0.0

DEGREE DAYS
 HEATING
  YESTERDAY        0                        20    -20       17
  MONTH TO DATE  200                       319   -119      297
  SINCE DEC 1    660                       854   -194      580
  SINCE JUL 1    937                      1256   -319      769

 COOLING
  YESTERDAY        1                         0      1        0
  MONTH TO DATE   13                         0     13        0
  SINCE DEC 1     41                         6     35       62
  SINCE JAN 1     13                         0     13        0
..................................................................


WIND (MPH)
  HIGHEST WIND SPEED    24   HIGHEST WIND DIRECTION     S (170)
  HIGHEST GUST SPEED    28   HIGHEST GUST DIRECTION     S (160)
  AVERAGE WIND SPEED    10.1


SKY COVER
  POSSIBLE SUNSHINE  MM
  AVERAGE SKY COVER 0.4


WEATHER CONDITIONS
 THE FOLLOWING WEATHER WAS RECORDED YESTERDAY.
  LIGHT RAIN


RELATIVE HUMIDITY (PERCENT)
 HIGHEST   100           800 AM
 LOWEST     60           400 PM
 AVERAGE    80

..........................................................


THE VICKSBURG CLIMATE NORMALS FOR TODAY
                         NORMAL    RECORD    YEAR
 MAXIMUM TEMPERATURE (F)   55        74      1996
                                             1950
 MINIMUM TEMPERATURE (F)   35        12      1982
                                             1977


SUNRISE AND SUNSET
JANUARY 17 2017.......SUNRISE   705 AM CST   SUNSET   524 PM CST
JANUARY 18 2017.......SUNRISE   705 AM CST   SUNSET   525 PM CST


-  INDICATES NEGATIVE NUMBERS.
R  INDICATES RECORD WAS SET OR TIED.
MM INDICATES DATA IS MISSING.
T  INDICATES TRACE AMOUNT.




$$
