000
CDUS44 KJAN 240630
CLITVR


CLIMATE REPORT
NATIONAL WEATHER SERVICE JACKSON MS
127 AM CDT SUN SEP 24 2017


...................................

...THE VICKSBURG CLIMATE SUMMARY FOR SEPTEMBER 23 2017...

CLIMATE NORMAL PERIOD 1981 TO 2010
CLIMATE RECORD PERIOD 1948 TO 2017


WEATHER ITEM   OBSERVED TIME   RECORD YEAR NORMAL DEPARTURE LAST
                VALUE   (LST)  VALUE       VALUE  FROM      YEAR
                                                  NORMAL
..................................................................
TEMPERATURE (F)
 YESTERDAY
  MAXIMUM         92    238 PM  96    1980  85      7       95
  MINIMUM         67    607 AM  43    1983  61      6       67
                                      1953
  AVERAGE         80                        73      7       81

PRECIPITATION (IN)
  YESTERDAY        0.00          0.57 1986   0.06  -0.06     0.00
  MONTH TO DATE    1.73                      2.27  -0.54     0.12
  SINCE SEP 1      1.73                      2.27  -0.54     0.12
  SINCE JAN 1     51.15                     38.84  12.31    51.67

SNOWFALL (IN)
  YESTERDAY        0.0

DEGREE DAYS
 HEATING
  YESTERDAY        0                         0      0        0
  MONTH TO DATE    4                         0      4        0
  SINCE SEP 1      4                         0      4        0
  SINCE JUL 1      4                         0      4        0

 COOLING
  YESTERDAY       15                         8      7       16
  MONTH TO DATE  257                       256      1      405
  SINCE SEP 1    257                       256      1      405
  SINCE JAN 1   2179                      2045    134     2652
..................................................................


WIND (MPH)
  HIGHEST WIND SPEED    12   HIGHEST WIND DIRECTION     E (70)
  HIGHEST GUST SPEED    15   HIGHEST GUST DIRECTION    NE (60)
  AVERAGE WIND SPEED     2.8


SKY COVER
  POSSIBLE SUNSHINE  MM
  AVERAGE SKY COVER 0.0


WEATHER CONDITIONS
 THE FOLLOWING WEATHER WAS RECORDED YESTERDAY.
  FOG


RELATIVE HUMIDITY (PERCENT)
 HIGHEST   100          1200 AM
 LOWEST     41           400 PM
 AVERAGE    71

..........................................................


THE VICKSBURG CLIMATE NORMALS FOR TODAY
                         NORMAL    RECORD    YEAR
 MAXIMUM TEMPERATURE (F)   85        96      2016
 MINIMUM TEMPERATURE (F)   61        45      1983
                                             1982


SUNRISE AND SUNSET
SEPTEMBER 24 2017.....SUNRISE   654 AM CDT   SUNSET   658 PM CDT
SEPTEMBER 25 2017.....SUNRISE   654 AM CDT   SUNSET   656 PM CDT


-  INDICATES NEGATIVE NUMBERS.
R  INDICATES RECORD WAS SET OR TIED.
MM INDICATES DATA IS MISSING.
T  INDICATES TRACE AMOUNT.




$$
