000
CDUS44 KJAN 240627
CLITVR


CLIMATE REPORT
NATIONAL WEATHER SERVICE JACKSON MS
124 AM CDT SUN MAY 24 2015


...................................

...THE VICKSBURG CLIMATE SUMMARY FOR MAY 23 2015...

CLIMATE NORMAL PERIOD 1981 TO 2010
CLIMATE RECORD PERIOD 1948 TO 2015


WEATHER ITEM   OBSERVED TIME   RECORD YEAR NORMAL DEPARTURE LAST
                VALUE   (LST)  VALUE       VALUE  FROM      YEAR
                                                  NORMAL
..................................................................
TEMPERATURE (F)
 YESTERDAY
  MAXIMUM         88    353 PM  93    2005  86      2       89
                                      1972
                                      1969
  MINIMUM         61    358 AM  51    2002  64     -3       60
  AVERAGE         75                        75      0       75

PRECIPITATION (IN)
  YESTERDAY        0.00          1.48 1955   0.16  -0.16     0.00
  MONTH TO DATE    6.68                      3.86   2.82     1.94
  SINCE MAR 1     16.96                     13.86   3.10    20.92
  SINCE JAN 1     28.21                     24.20   4.01    26.34

SNOWFALL (IN)
  YESTERDAY        0.0

DEGREE DAYS
 HEATING
  YESTERDAY        0                         0      0        0
  MONTH TO DATE    3                         9     -6       25
  SINCE MAR 1    264                       374   -110      481
  SINCE JUL 1   2522                      2350    172     2890

 COOLING
  YESTERDAY       10                        10      0       10
  MONTH TO DATE  197                       167     30      148
  SINCE MAR 1    351                       276     75      261
  SINCE JAN 1    351                       285     66      268
..................................................................


WIND (MPH)
  HIGHEST WIND SPEED    13   HIGHEST WIND DIRECTION     E (110)
  HIGHEST GUST SPEED    19   HIGHEST GUST DIRECTION    SE (140)
  AVERAGE WIND SPEED     6.0


SKY COVER
  POSSIBLE SUNSHINE  MM
  AVERAGE SKY COVER 0.4


WEATHER CONDITIONS
 THE FOLLOWING WEATHER WAS RECORDED YESTERDAY.
  NO SIGNIFICANT WEATHER WAS OBSERVED.


RELATIVE HUMIDITY (PERCENT)
 HIGHEST    93          1200 AM
 LOWEST     46           200 PM
 AVERAGE    70

..........................................................


THE VICKSBURG CLIMATE NORMALS FOR TODAY
                         NORMAL    RECORD    YEAR
 MAXIMUM TEMPERATURE (F)   86        96      1969
 MINIMUM TEMPERATURE (F)   64        43      1951


SUNRISE AND SUNSET
MAY 24 2015...........SUNRISE   601 AM CDT   SUNSET   801 PM CDT
MAY 25 2015...........SUNRISE   601 AM CDT   SUNSET   802 PM CDT


-  INDICATES NEGATIVE NUMBERS.
R  INDICATES RECORD WAS SET OR TIED.
MM INDICATES DATA IS MISSING.
T  INDICATES TRACE AMOUNT.




$$
