000
CDUS44 KJAN 252206
CLITVR


CLIMATE REPORT
NATIONAL WEATHER SERVICE JACKSON MS
506 PM CDT TUE APR 25 2017


...................................

...THE VICKSBURG CLIMATE SUMMARY FOR APRIL 25 2017...
VALID AS OF 0500 PM LOCAL TIME.

CLIMATE NORMAL PERIOD 1981 TO 2010
CLIMATE RECORD PERIOD 1948 TO 2017


WEATHER ITEM   OBSERVED TIME   RECORD YEAR NORMAL DEPARTURE LAST
                VALUE   (LST)  VALUE       VALUE  FROM      YEAR
                                                  NORMAL
..................................................................
TEMPERATURE (F)
 TODAY
  MAXIMUM         83    243 PM  92    1999  78      5       85
  MINIMUM         50    536 AM  40    1983  56     -6       63
  AVERAGE         67                        67      0       74

PRECIPITATION (IN)
  TODAY            0.00          1.77 1964   0.15  -0.15     0.00
  MONTH TO DATE    8.04                      4.18   3.86     9.76
  SINCE MAR 1     10.90                      9.21   1.69    21.95
  SINCE JAN 1     17.66                     19.55  -1.89    31.95

SNOWFALL (IN)
  TODAY            0.0

DEGREE DAYS
 HEATING
  TODAY            0                         2     -2        0
  MONTH TO DATE   24                        93    -69       21
  SINCE MAR 1    198                       358   -160      129
  SINCE JUL 1   1474                      2334   -860     1507

 COOLING
  TODAY            2                         4     -2        9
  MONTH TO DATE  112                        65     47       83
  SINCE MAR 1    198                        88    110      158
  SINCE JAN 1    249                        97    152      170
..................................................................


WIND (MPH)
  HIGHEST WIND SPEED    20   HIGHEST WIND DIRECTION     S (170)
  HIGHEST GUST SPEED    25   HIGHEST GUST DIRECTION     S (170)
  AVERAGE WIND SPEED     6.3


SKY COVER
  POSSIBLE SUNSHINE  MM
  AVERAGE SKY COVER 0.0


WEATHER CONDITIONS
 THE FOLLOWING WEATHER WAS RECORDED TODAY.
  FOG


RELATIVE HUMIDITY (PERCENT)
 HIGHEST    96           200 AM
 LOWEST     37           300 PM
 AVERAGE    67

..........................................................


THE VICKSBURG CLIMATE NORMALS FOR TOMORROW
                         NORMAL    RECORD    YEAR
 MAXIMUM TEMPERATURE (F)   79        89      2014
 MINIMUM TEMPERATURE (F)   56        42      1992


SUNRISE AND SUNSET
APRIL 25 2017.........SUNRISE   623 AM CDT   SUNSET   741 PM CDT
APRIL 26 2017.........SUNRISE   622 AM CDT   SUNSET   742 PM CDT


-  INDICATES NEGATIVE NUMBERS.
R  INDICATES RECORD WAS SET OR TIED.
MM INDICATES DATA IS MISSING.
T  INDICATES TRACE AMOUNT.




$$
