000
CDUS44 KJAN 252222
CLITVR


CLIMATE REPORT
NATIONAL WEATHER SERVICE JACKSON MS
421 PM CST TUE NOV 25 2014


...................................

...THE VICKSBURG CLIMATE SUMMARY FOR NOVEMBER 25 2014...
VALID TODAY AS OF 0400 PM LOCAL TIME.

CLIMATE NORMAL PERIOD 1981 TO 2010
CLIMATE RECORD PERIOD 1948 TO 2014


WEATHER ITEM   OBSERVED TIME   RECORD YEAR NORMAL DEPARTURE LAST
                VALUE   (LST)  VALUE       VALUE  FROM      YEAR
                                                  NORMAL
..................................................................
TEMPERATURE (F)
 TODAY
  MAXIMUM         52    249 PM  83    2010  64    -12       41
  MINIMUM         28    412 AM  19    2012  41    -13       36
                                      1950
  AVERAGE         40                        53    -13       39

PRECIPITATION (IN)
  TODAY            0.00          3.26 2013   0.19  -0.19     3.26
  MONTH TO DATE    3.81                      3.93  -0.12     5.72
  SINCE SEP 1      9.67                     11.49  -1.82    14.92
  SINCE JAN 1     53.91                     48.06   5.85    63.07

SNOWFALL (IN)
  TODAY            0.0

DEGREE DAYS
 HEATING
  TODAY           25                        13     12       26
  MONTH TO DATE  386                       232    154      302
  SINCE SEP 1    469                       334    135      403
  SINCE JUL 1    469                       334    135      403

 COOLING
  TODAY            0                         0      0        0
  MONTH TO DATE    5                        12     -7       16
  SINCE SEP 1    529                       432     97      557
  SINCE JAN 1   2187                      2221    -34     2264
..................................................................


WIND (MPH)
  HIGHEST WIND SPEED    14   HIGHEST WIND DIRECTION     N (10)
  HIGHEST GUST SPEED    18   HIGHEST GUST DIRECTION     N (10)
  AVERAGE WIND SPEED     4.2


SKY COVER
  POSSIBLE SUNSHINE  MM
  AVERAGE SKY COVER 0.0


WEATHER CONDITIONS
 THE FOLLOWING WEATHER WAS RECORDED TODAY.
  FOG


RELATIVE HUMIDITY (PERCENT)
 HIGHEST   100          1200 AM
 LOWEST     35           200 PM
 AVERAGE    68

..........................................................


THE VICKSBURG CLIMATE NORMALS FOR TOMORROW
                         NORMAL    RECORD    YEAR
 MAXIMUM TEMPERATURE (F)   64        86      1965
 MINIMUM TEMPERATURE (F)   41        24      1953
                                             1950


SUNRISE AND SUNSET
NOVEMBER 25 2014......SUNRISE   642 AM CST   SUNSET   500 PM CST
NOVEMBER 26 2014......SUNRISE   643 AM CST   SUNSET   459 PM CST


-  INDICATES NEGATIVE NUMBERS.
R  INDICATES RECORD WAS SET OR TIED.
MM INDICATES DATA IS MISSING.
T  INDICATES TRACE AMOUNT.




$$
