000
CDUS44 KJAN 240632
CLITVR


CLIMATE REPORT
NATIONAL WEATHER SERVICE JACKSON MS
1229 AM CST SAT FEB 24 2018


...................................

...THE VICKSBURG CLIMATE SUMMARY FOR FEBRUARY 23 2018...

CLIMATE NORMAL PERIOD 1981 TO 2010
CLIMATE RECORD PERIOD 1948 TO 2018


WEATHER ITEM   OBSERVED TIME   RECORD YEAR NORMAL DEPARTURE LAST
                VALUE   (LST)  VALUE       VALUE  FROM      YEAR
                                                  NORMAL
..................................................................
TEMPERATURE (F)
 YESTERDAY
  MAXIMUM         80   1233 PM  83    2012  63     17       81
                                      1980
  MINIMUM         65    652 AM  22    1968  41     24       49
                                      1964
  AVERAGE         73                        52     21       65

PRECIPITATION (IN)
  YESTERDAY        0.08          1.28 2004   0.18  -0.10     0.00
  MONTH TO DATE    7.48                      4.36   3.12     1.17
  SINCE DEC 1     12.66                     15.04  -2.38    11.67
  SINCE JAN 1     10.25                      9.43   0.82     5.40

SNOWFALL (IN)
  YESTERDAY        0.0

DEGREE DAYS
 HEATING
  YESTERDAY        0                        13    -13        0
  MONTH TO DATE  224                       368   -144      166
  SINCE DEC 1   1514                      1510      4      965
  SINCE JUL 1   1871                      1912    -41     1242

 COOLING
  YESTERDAY        8                         0      8        0
  MONTH TO DATE   42                         0     42       26
  SINCE DEC 1     48                         9     39       68
  SINCE JAN 1     42                         3     39       40
..................................................................


WIND (MPH)
  HIGHEST WIND SPEED    21   HIGHEST WIND DIRECTION    SE (150)
  HIGHEST GUST SPEED    25   HIGHEST GUST DIRECTION    SE (140)
  AVERAGE WIND SPEED     8.8


SKY COVER
  POSSIBLE SUNSHINE  MM
  AVERAGE SKY COVER 0.6


WEATHER CONDITIONS
 THE FOLLOWING WEATHER WAS RECORDED YESTERDAY.
  HEAVY RAIN
  LIGHT RAIN
  FOG


RELATIVE HUMIDITY (PERCENT)
 HIGHEST   100           500 AM
 LOWEST     67          1200 PM
 AVERAGE    84

..........................................................


THE VICKSBURG CLIMATE NORMALS FOR TODAY
                         NORMAL    RECORD    YEAR
 MAXIMUM TEMPERATURE (F)   63        83      1982
 MINIMUM TEMPERATURE (F)   42        20      1989


SUNRISE AND SUNSET
FEBRUARY 24 2018......SUNRISE   637 AM CST   SUNSET   558 PM CST
FEBRUARY 25 2018......SUNRISE   636 AM CST   SUNSET   559 PM CST


-  INDICATES NEGATIVE NUMBERS.
R  INDICATES RECORD WAS SET OR TIED.
MM INDICATES DATA IS MISSING.
T  INDICATES TRACE AMOUNT.




$$
