000
CDUS44 KJAN 132111
CLITVR


CLIMATE REPORT
NATIONAL WEATHER SERVICE JACKSON MS
410 PM CDT SUN JUL 13 2014


...................................

...THE VICKSBURG CLIMATE SUMMARY FOR JULY 13 2014...
VALID TODAY AS OF 0400 PM LOCAL TIME.

CLIMATE NORMAL PERIOD 1981 TO 2010
CLIMATE RECORD PERIOD 1948 TO 2014


WEATHER ITEM   OBSERVED TIME   RECORD YEAR NORMAL DEPARTURE LAST
                VALUE   (LST)  VALUE       VALUE  FROM      YEAR
                                                  NORMAL
..................................................................
TEMPERATURE (F)
 TODAY
  MAXIMUM         93    249 PM 101    1980  92      1       90
  MINIMUM         70    523 AM  60    2013  71     -1       60
  AVERAGE         82                        81      1       75

PRECIPITATION (IN)
  TODAY            0.00          2.60 1967   0.12  -0.12     0.00
  MONTH TO DATE    0.46                      1.53  -1.07     0.08
  SINCE JUN 1      7.01                      5.52   1.49     5.41
  SINCE JAN 1     35.34                     30.82   4.52    40.73

SNOWFALL (IN)
  TODAY            0.0

DEGREE DAYS
 HEATING
  TODAY            0                         0      0        0
  MONTH TO DATE    0                         0      0        0
  SINCE JUN 1      0                         0      0        0
  SINCE JUL 1      0                         0      0        0

 COOLING
  TODAY           17                        16      1       10
  MONTH TO DATE  178                       208    -30      173
  SINCE JUN 1    602                       626    -24      614
  SINCE JAN 1    952                       996    -44      944
..................................................................


WIND (MPH)
  HIGHEST WIND SPEED     6   HIGHEST WIND DIRECTION    SE (120)
  HIGHEST GUST SPEED     9   HIGHEST GUST DIRECTION    SE (120)
  AVERAGE WIND SPEED     1.2


SKY COVER
  POSSIBLE SUNSHINE  MM
  AVERAGE SKY COVER 0.3


WEATHER CONDITIONS
 THE FOLLOWING WEATHER WAS RECORDED TODAY.
  FOG
  FOG W/VISIBILITY <= 1/4 MILE


RELATIVE HUMIDITY (PERCENT)
 HIGHEST   100           500 AM
 LOWEST     52           300 PM
 AVERAGE    76

..........................................................


THE VICKSBURG CLIMATE NORMALS FOR TOMORROW
                         NORMAL    RECORD    YEAR
 MAXIMUM TEMPERATURE (F)   92       101      1980
 MINIMUM TEMPERATURE (F)   71        63      2013


SUNRISE AND SUNSET
JULY 13 2014..........SUNRISE   607 AM CDT   SUNSET   813 PM CDT
JULY 14 2014..........SUNRISE   607 AM CDT   SUNSET   812 PM CDT


-  INDICATES NEGATIVE NUMBERS.
R  INDICATES RECORD WAS SET OR TIED.
MM INDICATES DATA IS MISSING.
T  INDICATES TRACE AMOUNT.




$$
