000
CDUS44 KJAN 270643
CLITVR


CLIMATE REPORT
NATIONAL WEATHER SERVICE JACKSON MS
140 AM CDT WED AUG 27 2014


...................................

...THE VICKSBURG CLIMATE SUMMARY FOR AUGUST 26 2014...

CLIMATE NORMAL PERIOD 1981 TO 2010
CLIMATE RECORD PERIOD 1948 TO 2014


WEATHER ITEM   OBSERVED TIME   RECORD YEAR NORMAL DEPARTURE LAST
                VALUE   (LST)  VALUE       VALUE  FROM      YEAR
                                                  NORMAL
..................................................................
TEMPERATURE (F)
 YESTERDAY
  MAXIMUM         92    336 PM 101    2011  91      1       92
  MINIMUM         67   1159 PM  55    1966  69     -2       69
  AVERAGE         80                        80      0       81

PRECIPITATION (IN)
  YESTERDAY        0.00          1.37 1975   0.14  -0.14     0.00
  MONTH TO DATE    4.72                      2.98   1.74     1.05
  SINCE JUN 1     14.20                     10.60   3.60    12.83
  SINCE JAN 1     42.53                     35.90   6.63    48.15

SNOWFALL (IN)
  YESTERDAY        0.0

DEGREE DAYS
 HEATING
  YESTERDAY        0                         0      0        0
  MONTH TO DATE    0                         0      0        0
  SINCE JUN 1      0                         0      0        0
  SINCE JUL 1      0                         0      0        0

 COOLING
  YESTERDAY       15                        15      0       16
  MONTH TO DATE  401                       421    -20      423
  SINCE JUN 1   1232                      1349   -117     1313
  SINCE JAN 1   1582                      1719   -137     1643
..................................................................


WIND (MPH)
  HIGHEST WIND SPEED    16   HIGHEST WIND DIRECTION     N (20)
  HIGHEST GUST SPEED    22   HIGHEST GUST DIRECTION     E (70)
  AVERAGE WIND SPEED     4.7


SKY COVER
  POSSIBLE SUNSHINE  MM
  AVERAGE SKY COVER 0.2


WEATHER CONDITIONS
 THE FOLLOWING WEATHER WAS RECORDED YESTERDAY.
  NO SIGNIFICANT WEATHER WAS OBSERVED.


RELATIVE HUMIDITY (PERCENT)
 HIGHEST    94          1200 AM
 LOWEST     36           200 PM
 AVERAGE    65

..........................................................


THE VICKSBURG CLIMATE NORMALS FOR TODAY
                         NORMAL    RECORD    YEAR
 MAXIMUM TEMPERATURE (F)   91       100      2000
 MINIMUM TEMPERATURE (F)   68        56      1952


SUNRISE AND SUNSET
AUGUST 27 2014........SUNRISE   636 AM CDT   SUNSET   735 PM CDT
AUGUST 28 2014........SUNRISE   637 AM CDT   SUNSET   733 PM CDT


-  INDICATES NEGATIVE NUMBERS.
R  INDICATES RECORD WAS SET OR TIED.
MM INDICATES DATA IS MISSING.
T  INDICATES TRACE AMOUNT.




$$
