000
CDUS45 KBOI 010931
CLITWF


CLIMATE REPORT
NATIONAL WEATHER SERVICE BOISE ID
330 AM MDT FRI AUG 1 2014


...................................

...THE TWIN FALLS ID CLIMATE SUMMARY FOR JULY 31 2014...

CLIMATE NORMAL PERIOD 1981 TO 2010
CLIMATE RECORD PERIOD 9999 TO 9999


WEATHER ITEM   OBSERVED TIME   NORMAL DEPARTURE LAST
                VALUE   (LST)  VALUE  FROM      YEAR
                                      NORMAL
......................................................
TEMPERATURE (F)
 YESTERDAY
  MAXIMUM         90    454 PM  91     -1      102
  MINIMUM         56    439 AM  59     -3       59
  AVERAGE         73

PRECIPITATION (IN)
  YESTERDAY        0.00          0.01  -0.01      T
  MONTH TO DATE    0.23          0.30  -0.07     0.16
  SINCE OCT 1      7.15          9.81  -2.66     6.37
  SINCE JAN 1      6.68          6.56   0.12     3.19

DEGREE DAYS
 HEATING
  YESTERDAY        0             0      0        0
  MONTH TO DATE    0             3     -3        0
  SINCE JUN 1     58            93    -35       55
  SINCE JUL 1      0             6     -6        0

 COOLING
  YESTERDAY        8            10     -2       16
  MONTH TO DATE  434           277    157      458
  SINCE JUN 1    521           364    157      631
  SINCE JAN 1    554           386    168      656
......................................................


WIND (MPH)
  HIGHEST WIND SPEED    16   HIGHEST WIND DIRECTION     S (160)
  HIGHEST GUST SPEED    19   HIGHEST GUST DIRECTION     S (170)
  AVERAGE WIND SPEED     8.0


SKY COVER
  AVERAGE SKY COVER 0.0


WEATHER CONDITIONS
 THE FOLLOWING WEATHER WAS RECORDED YESTERDAY.
  NO SIGNIFICANT WEATHER WAS OBSERVED.


RELATIVE HUMIDITY (PERCENT)
 HIGHEST    67           500 AM
 LOWEST     15           500 PM
 AVERAGE    41

..........................................................




SUNRISE AND SUNSET
AUGUST  1 2014........SUNRISE   630 AM MDT   SUNSET   858 PM MDT
AUGUST  2 2014........SUNRISE   631 AM MDT   SUNSET   856 PM MDT


-  INDICATES NEGATIVE NUMBERS.
R  INDICATES RECORD WAS SET OR TIED.
MM INDICATES DATA IS MISSING.
T  INDICATES TRACE AMOUNT.




$$
