000
CDUS45 KBOI 300932
CLITWF


CLIMATE REPORT
NATIONAL WEATHER SERVICE BOISE ID
332 AM MDT SAT MAY 30 2015


...................................

...THE TWIN FALLS ID CLIMATE SUMMARY FOR MAY 29 2015...

CLIMATE NORMAL PERIOD 1981 TO 2010
CLIMATE RECORD PERIOD 9999 TO 9999


WEATHER ITEM   OBSERVED TIME   NORMAL DEPARTURE LAST
                VALUE   (LST)  VALUE  FROM      YEAR
                                      NORMAL
......................................................
TEMPERATURE (F)
 YESTERDAY
  MAXIMUM         80    401 PM  74      6       69
  MINIMUM         44    421 AM  46     -2       40
  AVERAGE         62

PRECIPITATION (IN)
  YESTERDAY        T             0.05  -0.05     0.00
  MONTH TO DATE    2.27          1.28   0.99     0.64
  SINCE OCT 1      7.13          8.50  -1.37     6.06
  SINCE JAN 1      4.13          5.25  -1.12     5.59

DEGREE DAYS
 HEATING
  YESTERDAY        3             6     -3       10
  MONTH TO DATE  194           276    -82      190
  SINCE MAR 1   1135          1507   -372     1261
  SINCE JUL 1   4828          6074  -1246     5514

 COOLING
  YESTERDAY        0             1     -1        0
  MONTH TO DATE    0            17    -17       33
  SINCE MAR 1      0            18    -18       33
  SINCE JAN 1      0            18    -18       33
......................................................


WIND (MPH)
  HIGHEST WIND SPEED    21   HIGHEST WIND DIRECTION    SE (150)
  HIGHEST GUST SPEED    26   HIGHEST GUST DIRECTION    SE (150)
  AVERAGE WIND SPEED     8.8


SKY COVER
  AVERAGE SKY COVER 0.0


WEATHER CONDITIONS
 THE FOLLOWING WEATHER WAS RECORDED YESTERDAY.
  THUNDERSTORM


RELATIVE HUMIDITY (PERCENT)
 HIGHEST    83           500 AM
 LOWEST     30           200 PM
 AVERAGE    57

..........................................................




SUNRISE AND SUNSET
MAY 30 2015...........SUNRISE   604 AM MDT   SUNSET   907 PM MDT
MAY 31 2015...........SUNRISE   604 AM MDT   SUNSET   908 PM MDT


-  INDICATES NEGATIVE NUMBERS.
R  INDICATES RECORD WAS SET OR TIED.
MM INDICATES DATA IS MISSING.
T  INDICATES TRACE AMOUNT.




$$
