000
CDUS45 KBOI 030931
CLITWF


CLIMATE REPORT
NATIONAL WEATHER SERVICE BOISE ID
331 AM MDT FRI JUL 3 2015


...................................

...THE TWIN FALLS ID CLIMATE SUMMARY FOR JULY 2 2015...

CLIMATE NORMAL PERIOD 1981 TO 2010
CLIMATE RECORD PERIOD 9999 TO 9999


WEATHER ITEM   OBSERVED TIME   NORMAL DEPARTURE LAST
                VALUE   (LST)  VALUE  FROM      YEAR
                                      NORMAL
......................................................
TEMPERATURE (F)
 YESTERDAY
  MAXIMUM        101    448 PM  86     15       96
  MINIMUM         72    554 AM  55     17       56
  AVERAGE         87

PRECIPITATION (IN)
  YESTERDAY        0.00          0.01  -0.01     0.00
  MONTH TO DATE    0.00          0.03  -0.03     0.00
  SINCE OCT 1      7.40          9.54  -2.14     6.92
  SINCE JAN 1      4.40          6.29  -1.89     6.45

DEGREE DAYS
 HEATING
  YESTERDAY        0             1     -1        0
  MONTH TO DATE    0             2     -2        0
  SINCE JUN 1      7            89    -82       58
  SINCE JUL 1      0             2     -2        0

 COOLING
  YESTERDAY       22             6     16       11
  MONTH TO DATE   43            12     31       15
  SINCE JUN 1    309            99    210      102
  SINCE JAN 1    325           121    204      135
......................................................


WIND (MPH)
  HIGHEST WIND SPEED    17   HIGHEST WIND DIRECTION     S (190)
  HIGHEST GUST SPEED    23   HIGHEST GUST DIRECTION     S (200)
  AVERAGE WIND SPEED    10.8


SKY COVER
  AVERAGE SKY COVER 0.0


WEATHER CONDITIONS
 THE FOLLOWING WEATHER WAS RECORDED YESTERDAY.
  NO SIGNIFICANT WEATHER WAS OBSERVED.


RELATIVE HUMIDITY (PERCENT)
 HIGHEST    35           600 AM
 LOWEST     10           200 PM
 AVERAGE    23

..........................................................




SUNRISE AND SUNSET
JULY  3 2015..........SUNRISE   605 AM MDT   SUNSET   919 PM MDT
JULY  4 2015..........SUNRISE   606 AM MDT   SUNSET   918 PM MDT


-  INDICATES NEGATIVE NUMBERS.
R  INDICATES RECORD WAS SET OR TIED.
MM INDICATES DATA IS MISSING.
T  INDICATES TRACE AMOUNT.




$$
