000
CDUS45 KBOI 230933
CLITWF


CLIMATE REPORT
NATIONAL WEATHER SERVICE BOISE ID
232 AM MST SUN NOV 23 2014


...................................

...THE TWIN FALLS ID CLIMATE SUMMARY FOR NOVEMBER 22 2014...

CLIMATE NORMAL PERIOD 1981 TO 2010
CLIMATE RECORD PERIOD 9999 TO 9999


WEATHER ITEM   OBSERVED TIME   NORMAL DEPARTURE LAST
                VALUE   (LST)  VALUE  FROM      YEAR
                                      NORMAL
......................................................
TEMPERATURE (F)
 YESTERDAY
  MAXIMUM         51    929 AM  45      6       37
  MINIMUM         34    826 PM  24     10        7
  AVERAGE         43

PRECIPITATION (IN)
  YESTERDAY        0.69          0.04   0.65     0.00
  MONTH TO DATE    1.26          0.80   0.46     0.23
  SINCE OCT 1      1.39          1.60  -0.21     0.35
  SINCE JAN 1     14.43          9.05   5.38     4.46

DEGREE DAYS
 HEATING
  YESTERDAY       22            30     -8       43
  MONTH TO DATE  650           562     88      509
  SINCE SEP 1   1012          1160   -148     1120
  SINCE JUL 1   1031          1181   -150     1120

 COOLING
  YESTERDAY        0             0      0        0
  MONTH TO DATE    0             0      0        0
  SINCE SEP 1     92            63     29       99
  SINCE JAN 1    851           680    171     1138
......................................................


WIND (MPH)
  HIGHEST WIND SPEED    33   HIGHEST WIND DIRECTION     W (260)
  HIGHEST GUST SPEED    42   HIGHEST GUST DIRECTION     W (260)
  AVERAGE WIND SPEED    17.0


SKY COVER
  AVERAGE SKY COVER 0.9


WEATHER CONDITIONS
 THE FOLLOWING WEATHER WAS RECORDED YESTERDAY.
  HEAVY RAIN
  RAIN
  LIGHT RAIN
  SNOW
  LIGHT SNOW
  FOG


RELATIVE HUMIDITY (PERCENT)
 HIGHEST    79           500 PM
 LOWEST     58          1200 AM
 AVERAGE    69

..........................................................




SUNRISE AND SUNSET
NOVEMBER 23 2014......SUNRISE   739 AM MST   SUNSET   510 PM MST
NOVEMBER 24 2014......SUNRISE   740 AM MST   SUNSET   509 PM MST


-  INDICATES NEGATIVE NUMBERS.
R  INDICATES RECORD WAS SET OR TIED.
MM INDICATES DATA IS MISSING.
T  INDICATES TRACE AMOUNT.




$$
