000
CDUS45 KBOI 280931
CLITWF


CLIMATE REPORT
NATIONAL WEATHER SERVICE BOISE ID
330 AM MDT THU APR 28 2016


...................................

...THE TWIN FALLS ID CLIMATE SUMMARY FOR APRIL 27 2016...

CLIMATE NORMAL PERIOD 1981 TO 2010
CLIMATE RECORD PERIOD 9999 TO 9999


WEATHER ITEM   OBSERVED TIME   NORMAL DEPARTURE LAST
                VALUE   (LST)  VALUE  FROM      YEAR
                                      NORMAL
......................................................
TEMPERATURE (F)
 YESTERDAY
  MAXIMUM         57    236 PM  64     -7       65
  MINIMUM         38    551 AM  38      0       36
  AVERAGE         48

PRECIPITATION (IN)
  YESTERDAY        0.08          0.05   0.03     0.00
  MONTH TO DATE    1.46          1.01   0.45     0.24
  SINCE OCT 1      8.66          7.09   1.57     4.86
  SINCE JAN 1      4.28          3.84   0.44     1.86

DEGREE DAYS
 HEATING
  YESTERDAY       17            14      3       14
  MONTH TO DATE  353           468   -115      432
  SINCE MAR 1   1030          1190   -160      922
  SINCE JUL 1   5316          5757   -441     4615

 COOLING
  YESTERDAY        0             0      0        0
  MONTH TO DATE    0             0      0        0
  SINCE MAR 1      0             0      0        0
  SINCE JAN 1      0             0      0        0
......................................................


WIND (MPH)
  HIGHEST WIND SPEED    15   HIGHEST WIND DIRECTION     S (190)
  HIGHEST GUST SPEED    18   HIGHEST GUST DIRECTION     S (200)
  AVERAGE WIND SPEED     9.7


SKY COVER
  AVERAGE SKY COVER 0.9


WEATHER CONDITIONS
 THE FOLLOWING WEATHER WAS RECORDED YESTERDAY.
  RAIN
  LIGHT RAIN


RELATIVE HUMIDITY (PERCENT)
 HIGHEST    89          1100 PM
 LOWEST     40           200 PM
 AVERAGE    65

..........................................................




SUNRISE AND SUNSET
APRIL 28 2016.........SUNRISE   636 AM MDT   SUNSET   835 PM MDT
APRIL 29 2016.........SUNRISE   635 AM MDT   SUNSET   836 PM MDT


-  INDICATES NEGATIVE NUMBERS.
R  INDICATES RECORD WAS SET OR TIED.
MM INDICATES DATA IS MISSING.
T  INDICATES TRACE AMOUNT.




$$
