000
CDUS45 KBOI 300931
CLITWF


CLIMATE REPORT
NATIONAL WEATHER SERVICE BOISE ID
331 AM MDT THU JUL 30 2015


...................................

...THE TWIN FALLS ID CLIMATE SUMMARY FOR JULY 29 2015...

CLIMATE NORMAL PERIOD 1981 TO 2010
CLIMATE RECORD PERIOD 9999 TO 9999


WEATHER ITEM   OBSERVED TIME   NORMAL DEPARTURE LAST
                VALUE   (LST)  VALUE  FROM      YEAR
                                      NORMAL
......................................................
TEMPERATURE (F)
 YESTERDAY
  MAXIMUM         87    431 PM  91     -4       90
  MINIMUM         47    539 AM  59    -12       59
  AVERAGE         67

PRECIPITATION (IN)
  YESTERDAY        0.00          0.01  -0.01      T
  MONTH TO DATE    0.71          0.28   0.43     0.23
  SINCE OCT 1      8.11          9.79  -1.68     7.15
  SINCE JAN 1      5.11          6.54  -1.43     6.68

DEGREE DAYS
 HEATING
  YESTERDAY        0             0      0        0
  MONTH TO DATE    3             3      0        0
  SINCE JUN 1     10            90    -80       58
  SINCE JUL 1      3             3      0        0

 COOLING
  YESTERDAY        2            10     -8       10
  MONTH TO DATE  267           256     11      415
  SINCE JUN 1    533           343    190      502
  SINCE JAN 1    549           365    184      535
......................................................


WIND (MPH)
  HIGHEST WIND SPEED    14   HIGHEST WIND DIRECTION    NE (30)
  HIGHEST GUST SPEED    18   HIGHEST GUST DIRECTION    NE (30)
  AVERAGE WIND SPEED     7.3


SKY COVER
  AVERAGE SKY COVER 0.0


WEATHER CONDITIONS
 THE FOLLOWING WEATHER WAS RECORDED YESTERDAY.
  NO SIGNIFICANT WEATHER WAS OBSERVED.


RELATIVE HUMIDITY (PERCENT)
 HIGHEST    50           400 AM
 LOWEST     13           200 PM
 AVERAGE    32

..........................................................




SUNRISE AND SUNSET
JULY 30 2015..........SUNRISE   628 AM MDT   SUNSET   900 PM MDT
JULY 31 2015..........SUNRISE   629 AM MDT   SUNSET   859 PM MDT


-  INDICATES NEGATIVE NUMBERS.
R  INDICATES RECORD WAS SET OR TIED.
MM INDICATES DATA IS MISSING.
T  INDICATES TRACE AMOUNT.




$$
