492
CDUS45 KBOI 240931
CLITWF


CLIMATE REPORT
NATIONAL WEATHER SERVICE BOISE ID
331 AM MDT FRI MAR 24 2017


...................................

...THE TWIN FALLS ID CLIMATE SUMMARY FOR MARCH 23 2017...

CLIMATE NORMAL PERIOD 1981 TO 2010
CLIMATE RECORD PERIOD 9999 TO 9999


WEATHER ITEM   OBSERVED TIME   NORMAL DEPARTURE LAST
                VALUE   (LST)  VALUE  FROM      YEAR
                                      NORMAL
......................................................
TEMPERATURE (F)
 YESTERDAY
  MAXIMUM         51    419 PM  55     -4       50
  MINIMUM         35   1032 PM  32      3       32
  AVERAGE         43

PRECIPITATION (IN)
  YESTERDAY        0.00          0.04  -0.04     0.00
  MONTH TO DATE    0.35          0.68  -0.33     1.09
  SINCE OCT 1      7.82          5.72   2.10     6.69
  SINCE JAN 1      3.32          2.47   0.85     2.31

DEGREE DAYS
 HEATING
  YESTERDAY       22            21      1       24
  MONTH TO DATE  448           557   -109      484
  SINCE MAR 1    448           557   -109      484
  SINCE JUL 1   5228          5124    104     4770

 COOLING
  YESTERDAY        0             0      0        0
  MONTH TO DATE    0             0      0        0
  SINCE MAR 1      0             0      0        0
  SINCE JAN 1      0             0      0        0
......................................................


WIND (MPH)
  HIGHEST WIND SPEED    35   HIGHEST WIND DIRECTION     W (260)
  HIGHEST GUST SPEED    42   HIGHEST GUST DIRECTION     W (250)
  AVERAGE WIND SPEED    21.4


SKY COVER
  AVERAGE SKY COVER 0.1


WEATHER CONDITIONS
 THE FOLLOWING WEATHER WAS RECORDED YESTERDAY.
  NO SIGNIFICANT WEATHER WAS OBSERVED.


RELATIVE HUMIDITY (PERCENT)
 HIGHEST    85           100 AM
 LOWEST     29           500 PM
 AVERAGE    57

..........................................................




SUNRISE AND SUNSET
MARCH 24 2017.........SUNRISE   734 AM MDT   SUNSET   755 PM MDT
MARCH 25 2017.........SUNRISE   732 AM MDT   SUNSET   756 PM MDT


-  INDICATES NEGATIVE NUMBERS.
R  INDICATES RECORD WAS SET OR TIED.
MM INDICATES DATA IS MISSING.
T  INDICATES TRACE AMOUNT.




$$
