000
CDUS45 KBOI 160933
CLITWF


CLIMATE REPORT
NATIONAL WEATHER SERVICE BOISE ID
232 AM MST SAT DEC 16 2017


...................................

...THE TWIN FALLS ID CLIMATE SUMMARY FOR DECEMBER 15 2017...

CLIMATE NORMAL PERIOD 1981 TO 2010
CLIMATE RECORD PERIOD 9999 TO 9999


WEATHER ITEM   OBSERVED TIME   NORMAL DEPARTURE LAST
                VALUE   (LST)  VALUE  FROM      YEAR
                                      NORMAL
......................................................
TEMPERATURE (F)
 YESTERDAY
  MAXIMUM         30    412 PM  37     -7       49
  MINIMUM         20    955 AM  19      1       26
  AVERAGE         25

PRECIPITATION (IN)
  YESTERDAY        0.00          0.04  -0.04     0.17
  MONTH TO DATE    0.06          0.60  -0.54     1.27
  SINCE OCT 1      2.25          2.58  -0.33     4.24
  SINCE JAN 1     10.38         10.03   0.35    13.15

DEGREE DAYS
 HEATING
  YESTERDAY       40            37      3       27
  MONTH TO DATE  577           538     39      554
  SINCE DEC 1    577           538     39      554
  SINCE JUL 1   2111          1976    135     1856

 COOLING
  YESTERDAY        0             0      0        0
  MONTH TO DATE    0             0      0        0
  SINCE DEC 1      0             0      0        0
  SINCE JAN 1    871           680    191      642
......................................................


WIND (MPH)
  HIGHEST WIND SPEED    15   HIGHEST WIND DIRECTION     W (260)
  HIGHEST GUST SPEED    19   HIGHEST GUST DIRECTION     W (270)
  AVERAGE WIND SPEED     5.2


SKY COVER
  AVERAGE SKY COVER 0.8


WEATHER CONDITIONS
 THE FOLLOWING WEATHER WAS RECORDED YESTERDAY.
  FOG
  FOG W/VISIBILITY <= 1/4 MILE


RELATIVE HUMIDITY (PERCENT)
 HIGHEST   100          1200 AM
 LOWEST     88          1200 PM
 AVERAGE    94

..........................................................




SUNRISE AND SUNSET
DECEMBER 16 2017......SUNRISE   801 AM MST   SUNSET   506 PM MST
DECEMBER 17 2017......SUNRISE   802 AM MST   SUNSET   506 PM MST


-  INDICATES NEGATIVE NUMBERS.
R  INDICATES RECORD WAS SET OR TIED.
MM INDICATES DATA IS MISSING.
T  INDICATES TRACE AMOUNT.




$$
