000
CDUS45 KBOI 280947
CLITWF


CLIMATE REPORT
NATIONAL WEATHER SERVICE BOISE ID
347 AM MDT WED JUN 28 2017


...................................

...THE TWIN FALLS ID CLIMATE SUMMARY FOR JUNE 27 2017...

CLIMATE NORMAL PERIOD 1981 TO 2010
CLIMATE RECORD PERIOD 9999 TO 9999


WEATHER ITEM   OBSERVED TIME   NORMAL DEPARTURE LAST
                VALUE   (LST)  VALUE  FROM      YEAR
                                      NORMAL
......................................................
TEMPERATURE (F)
 YESTERDAY
  MAXIMUM         85    407 PM  84      1       96
  MINIMUM         59   1128 PM  53      6       49
  AVERAGE         72

PRECIPITATION (IN)
  YESTERDAY        0.00          0.02  -0.02     0.00
  MONTH TO DATE    0.82          0.88  -0.06     0.27
  SINCE OCT 1     11.69          9.46   2.23    10.81
  SINCE JAN 1      7.19          6.21   0.98     6.43

DEGREE DAYS
 HEATING
  YESTERDAY        0             1     -1        0
  MONTH TO DATE   72            85    -13       53
  SINCE JUN 1     72            85    -13       53
  SINCE JUL 1   6370          6169    201     5709

 COOLING
  YESTERDAY        7             5      2        8
  MONTH TO DATE   96            72     24      103
  SINCE JUN 1     96            72     24      103
  SINCE JAN 1    105            94     11      106
......................................................


WIND (MPH)
  HIGHEST WIND SPEED    22   HIGHEST WIND DIRECTION    SW (240)
  HIGHEST GUST SPEED    28   HIGHEST GUST DIRECTION     W (270)
  AVERAGE WIND SPEED    12.7


SKY COVER
  AVERAGE SKY COVER 0.0


WEATHER CONDITIONS
 THE FOLLOWING WEATHER WAS RECORDED YESTERDAY.
  THUNDERSTORM


RELATIVE HUMIDITY (PERCENT)
 HIGHEST    87          1200 AM
 LOWEST     20           200 PM
 AVERAGE    54

..........................................................




SUNRISE AND SUNSET
JUNE 28 2017..........SUNRISE   603 AM MDT   SUNSET   919 PM MDT
JUNE 29 2017..........SUNRISE   604 AM MDT   SUNSET   919 PM MDT


-  INDICATES NEGATIVE NUMBERS.
R  INDICATES RECORD WAS SET OR TIED.
MM INDICATES DATA IS MISSING.
T  INDICATES TRACE AMOUNT.




$$
