000
CDUS45 KBOI 260932
CLITWF


CLIMATE REPORT
NATIONAL WEATHER SERVICE BOISE ID
331 AM MDT WED APR 26 2017


...................................

...THE TWIN FALLS ID CLIMATE SUMMARY FOR APRIL 25 2017...

CLIMATE NORMAL PERIOD 1981 TO 2010
CLIMATE RECORD PERIOD 9999 TO 9999


WEATHER ITEM   OBSERVED TIME   NORMAL DEPARTURE LAST
                VALUE   (LST)  VALUE  FROM      YEAR
                                      NORMAL
......................................................
TEMPERATURE (F)
 YESTERDAY
  MAXIMUM         56    454 PM  63     -7       44
  MINIMUM         36    554 AM  37     -1       37
  AVERAGE         46

PRECIPITATION (IN)
  YESTERDAY        T             0.04  -0.04     0.68
  MONTH TO DATE    0.85          0.92  -0.07     1.38
  SINCE OCT 1      9.46          7.00   2.46     8.58
  SINCE JAN 1      4.96          3.75   1.21     4.20

DEGREE DAYS
 HEATING
  YESTERDAY       19            15      4       24
  MONTH TO DATE  486           439     47      318
  SINCE MAR 1   1100          1161    -61      995
  SINCE JUL 1   5880          5728    152     5281

 COOLING
  YESTERDAY        0             0      0        0
  MONTH TO DATE    0             0      0        0
  SINCE MAR 1      0             0      0        0
  SINCE JAN 1      0             0      0        0
......................................................


WIND (MPH)
  HIGHEST WIND SPEED    33   HIGHEST WIND DIRECTION     W (260)
  HIGHEST GUST SPEED    39   HIGHEST GUST DIRECTION     W (250)
  AVERAGE WIND SPEED    18.2


SKY COVER
  AVERAGE SKY COVER 0.5


WEATHER CONDITIONS
 THE FOLLOWING WEATHER WAS RECORDED YESTERDAY.
  LIGHT RAIN


RELATIVE HUMIDITY (PERCENT)
 HIGHEST   100           500 AM
 LOWEST     38           500 PM
 AVERAGE    69

..........................................................




SUNRISE AND SUNSET
APRIL 26 2017.........SUNRISE   639 AM MDT   SUNSET   833 PM MDT
APRIL 27 2017.........SUNRISE   638 AM MDT   SUNSET   834 PM MDT


-  INDICATES NEGATIVE NUMBERS.
R  INDICATES RECORD WAS SET OR TIED.
MM INDICATES DATA IS MISSING.
T  INDICATES TRACE AMOUNT.




$$
