000
CDUS45 KBOI 210932
CLITWF


CLIMATE REPORT
NATIONAL WEATHER SERVICE BOISE ID
332 AM MDT MON APR 21 2014


...................................

...THE TWIN FALLS ID CLIMATE SUMMARY FOR APRIL 20 2014...

CLIMATE NORMAL PERIOD 1981 TO 2010
CLIMATE RECORD PERIOD 9999 TO 9999


WEATHER ITEM   OBSERVED TIME   NORMAL DEPARTURE LAST
                VALUE   (LST)  VALUE  FROM      YEAR
                                      NORMAL
......................................................
TEMPERATURE (F)
 YESTERDAY
  MAXIMUM         64    309 PM  62      2       59
  MINIMUM         41   1121 PM  36      5       40
  AVERAGE         53

PRECIPITATION (IN)
  YESTERDAY        0.00          0.04  -0.04     0.00
  MONTH TO DATE    0.19          0.73  -0.54     0.94
  SINCE OCT 1      4.79          6.81  -2.02     5.68
  SINCE JAN 1      4.32          3.56   0.76     2.50

DEGREE DAYS
 HEATING
  YESTERDAY       12            16     -4       15
  MONTH TO DATE  293           362    -69      367
  SINCE MAR 1    899          1084   -185     1023
  SINCE JUL 1   5152          5651   -499     5315

 COOLING
  YESTERDAY        0             0      0        0
  MONTH TO DATE    0             0      0        0
  SINCE MAR 1      0             0      0        0
  SINCE JAN 1      0             0      0        0
......................................................


WIND (MPH)
  HIGHEST WIND SPEED    31   HIGHEST WIND DIRECTION     W (250)
  HIGHEST GUST SPEED    36   HIGHEST GUST DIRECTION     W (250)
  AVERAGE WIND SPEED    16.3


SKY COVER
  AVERAGE SKY COVER 0.0


WEATHER CONDITIONS
 THE FOLLOWING WEATHER WAS RECORDED YESTERDAY.
  NO SIGNIFICANT WEATHER WAS OBSERVED.


RELATIVE HUMIDITY (PERCENT)
 HIGHEST    53           700 AM
 LOWEST     14           200 PM
 AVERAGE    34

..........................................................




SUNRISE AND SUNSET
APRIL 21 2014.........SUNRISE   647 AM MDT   SUNSET   827 PM MDT
APRIL 22 2014.........SUNRISE   646 AM MDT   SUNSET   828 PM MDT


-  INDICATES NEGATIVE NUMBERS.
R  INDICATES RECORD WAS SET OR TIED.
MM INDICATES DATA IS MISSING.
T  INDICATES TRACE AMOUNT.




$$
