000
CDUS44 KSHV 242235
CLITXK


CLIMATE REPORT
NATIONAL WEATHER SERVICE SHREVEPORT, LA
435 PM CST FRI NOV 24 2017


...................................

...THE TEXARKANA CLIMATE SUMMARY FOR NOVEMBER 24 2017...
VALID TODAY AS OF 0400 PM LOCAL TIME.

CLIMATE NORMAL PERIOD 1981 TO 2010
CLIMATE RECORD PERIOD 1896 TO 2017


WEATHER ITEM   OBSERVED TIME   RECORD YEAR NORMAL DEPARTURE LAST
                VALUE   (LST)  VALUE       VALUE  FROM      YEAR
                                                  NORMAL
..................................................................
TEMPERATURE (F)
 TODAY
  MAXIMUM         70    228 PM  84    1965  61      9       65
  MINIMUM         39    718 AM  19    1970  41     -2       39
  AVERAGE         55                        51      4       52

PRECIPITATION (IN)
  TODAY            0.00          2.05 1952   0.16  -0.16     0.00
  MONTH TO DATE    1.53                      3.77  -2.24     2.19
  SINCE DEC 1     49.86                     48.60   1.26    47.67
  SINCE JAN 1     43.44                     43.55  -0.11    41.69

SNOWFALL (IN)
  TODAY            0.0
  MONTH TO DATE    0.0
  SINCE SEP 1      0.0
  SINCE JUL 1      0.0
  SNOW DEPTH       0

DEGREE DAYS
 HEATING
  TODAY           10                        14     -4       13
  MONTH TO DATE  197                       247    -50      147
  SINCE SEP 1    307                       365    -58      164
  SINCE JUL 1    307                       365    -58      164

 COOLING
  TODAY            0                         0      0        0
  MONTH TO DATE   54                        14     40       37
  SINCE SEP 1    503                       414     89      647
  SINCE JAN 1   2207                      2202      5     2587
..................................................................


WIND (MPH)
  HIGHEST WIND SPEED    14   HIGHEST WIND DIRECTION    SW (210)
  HIGHEST GUST SPEED    17   HIGHEST GUST DIRECTION     S (200)
  AVERAGE WIND SPEED     7.4


SKY COVER
  POSSIBLE SUNSHINE  MM
  AVERAGE SKY COVER 0.0


WEATHER CONDITIONS
 THE FOLLOWING WEATHER WAS RECORDED TODAY.
  NO SIGNIFICANT WEATHER WAS OBSERVED.


RELATIVE HUMIDITY (PERCENT)
 HIGHEST    79           600 AM
 LOWEST     26           200 PM
 AVERAGE    53

..........................................................


THE TEXARKANA CLIMATE NORMALS FOR TOMORROW
                         NORMAL    RECORD    YEAR
 MAXIMUM TEMPERATURE (F)   61        84      1965
 MINIMUM TEMPERATURE (F)   41        20      1938


SUNRISE AND SUNSET
NOVEMBER 24 2017......SUNRISE   656 AM CST   SUNSET   509 PM CST
NOVEMBER 25 2017......SUNRISE   657 AM CST   SUNSET   509 PM CST


-  INDICATES NEGATIVE NUMBERS.
R  INDICATES RECORD WAS SET OR TIED.
MM INDICATES DATA IS MISSING.
T  INDICATES TRACE AMOUNT.




$$
