671
CDUS44 KSHV 240734
CLITXK


CLIMATE REPORT
NATIONAL WEATHER SERVICE SHREVEPORT, LA
234 AM CDT MON APR 24 2017


...................................

...THE TEXARKANA CLIMATE SUMMARY FOR APRIL 23 2017...

CLIMATE NORMAL PERIOD 1981 TO 2010
CLIMATE RECORD PERIOD 1896 TO 2017


WEATHER ITEM   OBSERVED TIME   RECORD YEAR NORMAL DEPARTURE LAST
                VALUE   (LST)  VALUE       VALUE  FROM      YEAR
                                                  NORMAL
..................................................................
TEMPERATURE (F)
 YESTERDAY
  MAXIMUM         71    520 PM  90    1926  77     -6       82
  MINIMUM         48    613 AM  39    1931  55     -7       55
  AVERAGE         60                        66     -6       69

PRECIPITATION (IN)
  YESTERDAY        0.00          2.90 1941   0.14  -0.14     0.00
  MONTH TO DATE    3.28                      2.90   0.38     4.62
  SINCE DEC 1     21.02                     19.54   1.48    24.95
  SINCE JAN 1     14.60                     14.49   0.11    18.97

SNOWFALL (IN)
  YESTERDAY        0.0
  MONTH TO DATE    0.0
  SINCE MAR 1      0.0
  SINCE JUL 1      0.1
  SNOW DEPTH       0

DEGREE DAYS
 HEATING
  YESTERDAY        5                         2      3        0
  MONTH TO DATE   30                        97    -67       60
  SINCE MAR 1    229                       397   -168      238
  SINCE JUL 1   1680                      2591   -911     1891

 COOLING
  YESTERDAY        0                         3     -3        4
  MONTH TO DATE   76                        50     26       29
  SINCE MAR 1    125                        69     56       55
  SINCE JAN 1    157                        73     84       61
..................................................................


WIND (MPH)
  HIGHEST WIND SPEED    16   HIGHEST WIND DIRECTION    NW (320)
  HIGHEST GUST SPEED    20   HIGHEST GUST DIRECTION    NW (330)
  AVERAGE WIND SPEED     6.4


SKY COVER
  POSSIBLE SUNSHINE  MM
  AVERAGE SKY COVER 0.3


WEATHER CONDITIONS
 THE FOLLOWING WEATHER WAS RECORDED YESTERDAY.
  NO SIGNIFICANT WEATHER WAS OBSERVED.


RELATIVE HUMIDITY (PERCENT)
 HIGHEST    93           400 AM
 LOWEST     35           500 PM
 AVERAGE    64

..........................................................


THE TEXARKANA CLIMATE NORMALS FOR TODAY
                         NORMAL    RECORD    YEAR
 MAXIMUM TEMPERATURE (F)   77        95      1965
 MINIMUM TEMPERATURE (F)   55        38      1903


SUNRISE AND SUNSET
APRIL 24 2017.........SUNRISE   635 AM CDT   SUNSET   754 PM CDT
APRIL 25 2017.........SUNRISE   634 AM CDT   SUNSET   755 PM CDT


-  INDICATES NEGATIVE NUMBERS.
R  INDICATES RECORD WAS SET OR TIED.
MM INDICATES DATA IS MISSING.
T  INDICATES TRACE AMOUNT.




$$
