000
CDUS44 KSHV 281245
CLITXK


CLIMATE REPORT
NATIONAL WEATHER SERVICE SHREVEPORT, LA
745 AM CDT SAT MAR 28 2015


...................................

...THE TEXARKANA CLIMATE SUMMARY FOR MARCH 27 2015...

CLIMATE NORMAL PERIOD 1981 TO 2010
CLIMATE RECORD PERIOD 1896 TO 2015


WEATHER ITEM   OBSERVED TIME   RECORD YEAR NORMAL DEPARTURE LAST
                VALUE   (LST)  VALUE       VALUE  FROM      YEAR
                                                  NORMAL
..................................................................
TEMPERATURE (F)
 YESTERDAY
  MAXIMUM         66    254 PM  88    1972  71     -5       65
  MINIMUM         39    640 AM  21    1955  47     -8       52
  AVERAGE         53                        59     -6       59

PRECIPITATION (IN)
  YESTERDAY        0.00          1.53 1931   0.13  -0.13     0.07
  MONTH TO DATE    9.01                      3.66   5.35     2.73
  SINCE DEC 1     19.78                     16.10   3.68    12.48
  SINCE JAN 1     17.10                     11.05   6.05     6.65

SNOWFALL (IN)
  YESTERDAY        0.0
  MONTH TO DATE    1.0
  SINCE MAR 1      1.0
  SINCE JUL 1      5.2
  SNOW DEPTH       0

DEGREE DAYS
 HEATING
  YESTERDAY       12                         7      5        6
  MONTH TO DATE  329                       274     55      377
  SINCE MAR 1    329                       274     55      377
  SINCE JUL 1   2710                      2468    242     2845

 COOLING
  YESTERDAY        0                         1     -1        0
  MONTH TO DATE   12                        15     -3        2
  SINCE MAR 1     12                        15     -3        2
  SINCE JAN 1     12                        19     -7        2
..................................................................


WIND (MPH)
  HIGHEST WIND SPEED    18   HIGHEST WIND DIRECTION    NW (310)
  HIGHEST GUST SPEED    24   HIGHEST GUST DIRECTION     W (290)
  AVERAGE WIND SPEED     6.5


SKY COVER
  POSSIBLE SUNSHINE  MM
  AVERAGE SKY COVER 0.0


WEATHER CONDITIONS
 THE FOLLOWING WEATHER WAS RECORDED YESTERDAY.
  HAZE


RELATIVE HUMIDITY (PERCENT)
 HIGHEST    86           600 AM
 LOWEST     27           500 PM
 AVERAGE    57

..........................................................


THE TEXARKANA CLIMATE NORMALS FOR TODAY
                         NORMAL    RECORD    YEAR
 MAXIMUM TEMPERATURE (F)   71        87      1907
 MINIMUM TEMPERATURE (F)   47        26      1931


SUNRISE AND SUNSET
MARCH 28 2015.........SUNRISE   709 AM CDT   SUNSET   733 PM CDT
MARCH 29 2015.........SUNRISE   708 AM CDT   SUNSET   734 PM CDT


-  INDICATES NEGATIVE NUMBERS.
R  INDICATES RECORD WAS SET OR TIED.
MM INDICATES DATA IS MISSING.
T  INDICATES TRACE AMOUNT.




$$
