000
CDUS44 KSHV 302133
CLITXK


CLIMATE REPORT
NATIONAL WEATHER SERVICE SHREVEPORT, LA
431 PM CDT SAT AUG 30 2014


...................................

...THE TEXARKANA CLIMATE SUMMARY FOR AUGUST 30 2014...
VALID TODAY AS OF 0400 PM LOCAL TIME.

CLIMATE NORMAL PERIOD 1981 TO 2010
CLIMATE RECORD PERIOD 1896 TO 2014


WEATHER ITEM   OBSERVED TIME   RECORD YEAR NORMAL DEPARTURE LAST
                VALUE   (LST)  VALUE       VALUE  FROM      YEAR
                                                  NORMAL
..................................................................
TEMPERATURE (F)
 TODAY
  MAXIMUM         90   1248 PM 106    1954  91     -1      101
                                      2000
  MINIMUM         74    638 AM  53    1986  69      5       75
  AVERAGE         82                        80      2       88

PRECIPITATION (IN)
  TODAY            0.00          3.64 1974   0.11  -0.11     0.00
  MONTH TO DATE    2.33                      2.80  -0.47     0.27
  SINCE DEC 1     30.76                     36.36  -5.60    24.04
  SINCE JAN 1     24.93                     31.31  -6.38    19.58

DEGREE DAYS
 HEATING
  TODAY            0                         0      0        0
  MONTH TO DATE    0                         0      0        0
  SINCE JUN 1      0                         0      0        0
  SINCE JUL 1      0                         0      0        0

 COOLING
  TODAY           17                        15      2       23
  MONTH TO DATE  492                       514    -22      545
  SINCE JUN 1   1339                      1454   -115     1494
  SINCE JAN 1   1633                      1774   -141     1792
..................................................................


WIND (MPH)
  HIGHEST WIND SPEED    14   HIGHEST WIND DIRECTION    SE (120)
  HIGHEST GUST SPEED    23   HIGHEST GUST DIRECTION    SE (120)
  AVERAGE WIND SPEED     5.2


SKY COVER
  POSSIBLE SUNSHINE  MM
  AVERAGE SKY COVER 0.6


WEATHER CONDITIONS
 THE FOLLOWING WEATHER WAS RECORDED TODAY.
  NO SIGNIFICANT WEATHER WAS OBSERVED.


RELATIVE HUMIDITY (PERCENT)
 HIGHEST    94           600 AM
 LOWEST     52           100 PM
 AVERAGE    73

..........................................................


THE TEXARKANA CLIMATE NORMALS FOR TOMORROW
                         NORMAL    RECORD    YEAR
 MAXIMUM TEMPERATURE (F)   91       107      1939
                                             2000
 MINIMUM TEMPERATURE (F)   69        54      1915


SUNRISE AND SUNSET
AUGUST 30 2014........SUNRISE   649 AM CDT   SUNSET   744 PM CDT
AUGUST 31 2014........SUNRISE   649 AM CDT   SUNSET   743 PM CDT


-  INDICATES NEGATIVE NUMBERS.
R  INDICATES RECORD WAS SET OR TIED.
MM INDICATES DATA IS MISSING.
T  INDICATES TRACE AMOUNT.




$$
