000
CDUS44 KSHV 290742
CLITXK


CLIMATE REPORT
NATIONAL WEATHER SERVICE SHREVEPORT, LA
238 AM CDT MON AUG 29 2016


...................................

...THE TEXARKANA CLIMATE SUMMARY FOR AUGUST 28 2016...

CLIMATE NORMAL PERIOD 1981 TO 2010
CLIMATE RECORD PERIOD 1896 TO 2016


WEATHER ITEM   OBSERVED TIME   RECORD YEAR NORMAL DEPARTURE LAST
                VALUE   (LST)  VALUE       VALUE  FROM      YEAR
                                                  NORMAL
..................................................................
TEMPERATURE (F)
 YESTERDAY
  MAXIMUM         90    216 PM 106    1924  92     -2       89
  MINIMUM         74   1159 PM  52    1906  69      5       60
  AVERAGE         82                        80      2       75

PRECIPITATION (IN)
  YESTERDAY        0.08          1.44 1933   0.10  -0.02     0.00
  MONTH TO DATE    5.93                      2.58   3.35     0.80
  SINCE DEC 1     44.74                     36.14   8.60    43.23
  SINCE JAN 1     38.76                     31.09   7.67    40.55

SNOWFALL (IN)
  YESTERDAY        0.0
  MONTH TO DATE    0.0
  SINCE JUN 1      0.0
  SINCE JUL 1      0.0
  SNOW DEPTH       0

DEGREE DAYS
 HEATING
  YESTERDAY        0                         0      0        0
  MONTH TO DATE    0                         0      0        0
  SINCE JUN 1      0                         0      0        0
  SINCE JUL 1      0                         0      0        0

 COOLING
  YESTERDAY       17                        15      2       10
  MONTH TO DATE  478                       484     -6      498
  SINCE JUN 1   1595                      1424    171     1598
  SINCE JAN 1   1885                      1744    141     1922
..................................................................


WIND (MPH)
  HIGHEST WIND SPEED    21   HIGHEST WIND DIRECTION    NE (60)
  HIGHEST GUST SPEED    29   HIGHEST GUST DIRECTION    NE (50)
  AVERAGE WIND SPEED     2.8


SKY COVER
  POSSIBLE SUNSHINE  MM
  AVERAGE SKY COVER 0.4


WEATHER CONDITIONS
 THE FOLLOWING WEATHER WAS RECORDED YESTERDAY.
  THUNDERSTORM
  LIGHT RAIN
  FOG


RELATIVE HUMIDITY (PERCENT)
 HIGHEST   100          1100 PM
 LOWEST     59           100 PM
 AVERAGE    80

..........................................................


THE TEXARKANA CLIMATE NORMALS FOR TODAY
                         NORMAL    RECORD    YEAR
 MAXIMUM TEMPERATURE (F)   92       104      1954
 MINIMUM TEMPERATURE (F)   69        51      1986


SUNRISE AND SUNSET
AUGUST 29 2016........SUNRISE   648 AM CDT   SUNSET   744 PM CDT
AUGUST 30 2016........SUNRISE   649 AM CDT   SUNSET   743 PM CDT


-  INDICATES NEGATIVE NUMBERS.
R  INDICATES RECORD WAS SET OR TIED.
MM INDICATES DATA IS MISSING.
T  INDICATES TRACE AMOUNT.




$$
