000
CDUS44 KSHV 020853
CLITYR


CLIMATE REPORT
NATIONAL WEATHER SERVICE SHREVEPORT, LA
252 AM CST MON MAR 2 2015


...................................

...THE TYLER CLIMATE SUMMARY FOR MARCH 1 2015...

CLIMATE NORMAL PERIOD 1981 TO 2010
CLIMATE RECORD PERIOD 1896 TO 2015


WEATHER ITEM   OBSERVED TIME   RECORD YEAR NORMAL DEPARTURE LAST
                VALUE   (LST)  VALUE       VALUE  FROM      YEAR
                                                  NORMAL
..................................................................
TEMPERATURE (F)
 YESTERDAY
  MAXIMUM         44    557 PM  83    1997  64    -20       77
  MINIMUM         35    417 AM  20    1968  44     -9       61
  AVERAGE         40                        54    -14       69

PRECIPITATION (IN)
  YESTERDAY        0.10          2.32 1994   0.14  -0.04     0.00
  MONTH TO DATE    0.10                      0.14  -0.04     0.00
  SINCE DEC 1      8.89                     11.25  -2.36     7.02
  SINCE JAN 1      7.42                      7.01   0.41     4.00

SNOWFALL (IN)
  YESTERDAY        0.0
  MONTH TO DATE    0.0
  SINCE MAR 1      0.0
  SINCE JUL 1      1.6
  SNOW DEPTH       0

DEGREE DAYS
 HEATING
  YESTERDAY       25                        12     13        0
  MONTH TO DATE   25                        12     13        0
  SINCE MAR 1     25                        12     13        0
  SINCE JUL 1   1912                      1904      8     2064

 COOLING
  YESTERDAY        0                         0      0        4
  MONTH TO DATE    0                         0      0        4
  SINCE MAR 1      0                         0      0        4
  SINCE JAN 1      0                        12    -12        7
..................................................................


WIND (MPH)
  HIGHEST WIND SPEED    13   HIGHEST WIND DIRECTION     N (10)
  HIGHEST GUST SPEED    15   HIGHEST GUST DIRECTION     N (10)
  AVERAGE WIND SPEED     7.4


SKY COVER
  POSSIBLE SUNSHINE  MM
  AVERAGE SKY COVER 1.0


WEATHER CONDITIONS
 THE FOLLOWING WEATHER WAS RECORDED YESTERDAY.
  RAIN
  LIGHT RAIN
  FOG


RELATIVE HUMIDITY (PERCENT)
 HIGHEST    96           600 PM
 LOWEST     89           100 AM
 AVERAGE    93

..........................................................


THE TYLER CLIMATE NORMALS FOR TODAY
                         NORMAL    RECORD    YEAR
 MAXIMUM TEMPERATURE (F)   64        84      1983
 MINIMUM TEMPERATURE (F)   44        13      1980


SUNRISE AND SUNSET
MARCH  2 2015.........SUNRISE   648 AM CST   SUNSET   620 PM CST
MARCH  3 2015.........SUNRISE   647 AM CST   SUNSET   621 PM CST


-  INDICATES NEGATIVE NUMBERS.
R  INDICATES RECORD WAS SET OR TIED.
MM INDICATES DATA IS MISSING.
T  INDICATES TRACE AMOUNT.




$$
