644
CDUS44 KSHV 080837
CLITYR


CLIMATE REPORT
NATIONAL WEATHER SERVICE SHREVEPORT, LA
237 AM CST MON FEB 8 2016


...................................

...THE TYLER CLIMATE SUMMARY FOR FEBRUARY 7 2016...

CLIMATE NORMAL PERIOD 1981 TO 2010
CLIMATE RECORD PERIOD 1896 TO 2016


WEATHER ITEM   OBSERVED TIME   RECORD YEAR NORMAL DEPARTURE LAST
                VALUE   (LST)  VALUE       VALUE  FROM      YEAR
                                                  NORMAL
..................................................................
TEMPERATURE (F)
 YESTERDAY
  MAXIMUM         64    433 PM  82    1950  59      5       69
  MINIMUM         30    712 AM  11    1983  39     -9       42
  AVERAGE         47                        49     -2       56

PRECIPITATION (IN)
  YESTERDAY        0.00          1.10 1903   0.13  -0.13     0.00
  MONTH TO DATE    0.04                      0.87  -0.83     0.25
  SINCE DEC 1     11.24                      8.17   3.07     5.83
  SINCE JAN 1      1.47                      3.93  -2.46     4.36

SNOWFALL (IN)
  YESTERDAY        0.0
  MONTH TO DATE    0.0
  SINCE DEC 1      0.0
  SINCE JUL 1      0.0
  SNOW DEPTH       0

DEGREE DAYS
 HEATING
  YESTERDAY       18                        16      2        9
  MONTH TO DATE  108                       118    -10      134
  SINCE DEC 1    937                      1222   -285     1135
  SINCE JUL 1   1130                      1596   -466     1516

 COOLING
  YESTERDAY        0                         0      0        0
  MONTH TO DATE    0                         0      0        0
  SINCE DEC 1     29                        10     19        3
  SINCE JAN 1      2                         4     -2        0
..................................................................


WIND (MPH)
  HIGHEST WIND SPEED    15   HIGHEST WIND DIRECTION     S (200)
  HIGHEST GUST SPEED    18   HIGHEST GUST DIRECTION    SW (210)
  AVERAGE WIND SPEED     6.8


SKY COVER
  POSSIBLE SUNSHINE  MM
  AVERAGE SKY COVER 0.0


WEATHER CONDITIONS
 THE FOLLOWING WEATHER WAS RECORDED YESTERDAY.
  NO SIGNIFICANT WEATHER WAS OBSERVED.


RELATIVE HUMIDITY (PERCENT)
 HIGHEST    92           200 AM
 LOWEST     28           400 PM
 AVERAGE    60

..........................................................


THE TYLER CLIMATE NORMALS FOR TODAY
                         NORMAL    RECORD    YEAR
 MAXIMUM TEMPERATURE (F)   59        84      1994
 MINIMUM TEMPERATURE (F)   39         5      1933


SUNRISE AND SUNSET
FEBRUARY  8 2016......SUNRISE   711 AM CST   SUNSET   601 PM CST
FEBRUARY  9 2016......SUNRISE   710 AM CST   SUNSET   602 PM CST


-  INDICATES NEGATIVE NUMBERS.
R  INDICATES RECORD WAS SET OR TIED.
MM INDICATES DATA IS MISSING.
T  INDICATES TRACE AMOUNT.




$$
