000
CDUS44 KSHV 300742
CLITYR


CLIMATE REPORT
NATIONAL WEATHER SERVICE SHREVEPORT, LA
238 AM CDT FRI SEP 30 2016


...................................

...THE TYLER CLIMATE SUMMARY FOR SEPTEMBER 29 2016...

CLIMATE NORMAL PERIOD 1981 TO 2010
CLIMATE RECORD PERIOD 1896 TO 2016


WEATHER ITEM   OBSERVED TIME   RECORD YEAR NORMAL DEPARTURE LAST
                VALUE   (LST)  VALUE       VALUE  FROM      YEAR
                                                  NORMAL
..................................................................
TEMPERATURE (F)
 YESTERDAY
  MAXIMUM         80    336 PM  99    2011  83     -3       91
  MINIMUM         59   1159 PM  38    1967  61     -2       69
  AVERAGE         70                        72     -2       80

PRECIPITATION (IN)
  YESTERDAY        0.00          3.04 2012   0.10  -0.10      T
  MONTH TO DATE    0.16                      3.24  -3.08     0.22
  SINCE DEC 1     41.37                     36.74   4.63    42.20
  SINCE JAN 1     31.60                     32.50  -0.90    40.73

SNOWFALL (IN)
  YESTERDAY        0.0
  MONTH TO DATE    0.0
  SINCE SEP 1      0.0
  SINCE JUL 1      0.0
  SNOW DEPTH       0

DEGREE DAYS
 HEATING
  YESTERDAY        0                         1     -1        0
  MONTH TO DATE    0                         1     -1        0
  SINCE SEP 1      0                         1     -1        0
  SINCE JUL 1      0                         1     -1        0

 COOLING
  YESTERDAY        5                         8     -3       15
  MONTH TO DATE  475                       335    140      475
  SINCE SEP 1    475                       335    140      475
  SINCE JAN 1   2774                      2257    517     2745
..................................................................


WIND (MPH)
  HIGHEST WIND SPEED    20   HIGHEST WIND DIRECTION    NE (40)
  HIGHEST GUST SPEED    25   HIGHEST GUST DIRECTION    NE (40)
  AVERAGE WIND SPEED     7.3


SKY COVER
  POSSIBLE SUNSHINE  MM
  AVERAGE SKY COVER 0.0


WEATHER CONDITIONS
 THE FOLLOWING WEATHER WAS RECORDED YESTERDAY.
  NO SIGNIFICANT WEATHER WAS OBSERVED.


RELATIVE HUMIDITY (PERCENT)
 HIGHEST    73          1200 AM
 LOWEST     32           300 PM
 AVERAGE    53

..........................................................


THE TYLER CLIMATE NORMALS FOR TODAY
                         NORMAL    RECORD    YEAR
 MAXIMUM TEMPERATURE (F)   83        99      1953
 MINIMUM TEMPERATURE (F)   61        41      1918


SUNRISE AND SUNSET
SEPTEMBER 30 2016.....SUNRISE   715 AM CDT   SUNSET   707 PM CDT
OCTOBER  1 2016.......SUNRISE   716 AM CDT   SUNSET   706 PM CDT


-  INDICATES NEGATIVE NUMBERS.
R  INDICATES RECORD WAS SET OR TIED.
MM INDICATES DATA IS MISSING.
T  INDICATES TRACE AMOUNT.




$$
