000
CDUS44 KSHV 212144
CLITYR


CLIMATE REPORT
NATIONAL WEATHER SERVICE SHREVEPORT, LA
443 PM CDT TUE OCT 21 2014


...................................

...THE TYLER CLIMATE SUMMARY FOR OCTOBER 21 2014...
VALID TODAY AS OF 0400 PM LOCAL TIME.

CLIMATE NORMAL PERIOD 1981 TO 2010
CLIMATE RECORD PERIOD 1896 TO 2014


WEATHER ITEM   OBSERVED TIME   RECORD YEAR NORMAL DEPARTURE LAST
                VALUE   (LST)  VALUE       VALUE  FROM      YEAR
                                                  NORMAL
..................................................................
TEMPERATURE (F)
 TODAY
  MAXIMUM         82    253 PM  93    1939  76      6       75
  MINIMUM         56    641 AM  30    1976  55      1       54
  AVERAGE         69                        65      4       65

PRECIPITATION (IN)
  TODAY            0.00          3.15 1990   0.17  -0.17     0.04
  MONTH TO DATE    4.47                      3.17   1.30     3.39
  SINCE DEC 1     31.71                     40.01  -8.30    32.52
  SINCE JAN 1     28.69                     35.77  -7.08    29.63

SNOWFALL (IN)
  TODAY            0.0
  MONTH TO DATE    0.0
  SINCE SEP 1      0.0
  SINCE JUL 1      0.0
  SNOW DEPTH       0

DEGREE DAYS
 HEATING
  TODAY            0                         3     -3        0
  MONTH TO DATE    5                        31    -26       32
  SINCE SEP 1      5                        36    -31       32
  SINCE JUL 1      5                        36    -31       32

 COOLING
  TODAY            4                         3      1        0
  MONTH TO DATE  150                       103     47      116
  SINCE SEP 1    586                       445    141      616
  SINCE JAN 1   2552                      2367    185     2732
..................................................................


WIND (MPH)
  HIGHEST WIND SPEED    12   HIGHEST WIND DIRECTION     E (70)
  HIGHEST GUST SPEED    15   HIGHEST GUST DIRECTION     E (70)
  AVERAGE WIND SPEED     2.7


SKY COVER
  POSSIBLE SUNSHINE  MM
  AVERAGE SKY COVER 0.0


WEATHER CONDITIONS
 THE FOLLOWING WEATHER WAS RECORDED TODAY.
  NO SIGNIFICANT WEATHER WAS OBSERVED.


RELATIVE HUMIDITY (PERCENT)
 HIGHEST    86           400 AM
 LOWEST     39          1200 PM
 AVERAGE    63

..........................................................


THE TYLER CLIMATE NORMALS FOR TOMORROW
                         NORMAL    RECORD    YEAR
 MAXIMUM TEMPERATURE (F)   76        96      1939
 MINIMUM TEMPERATURE (F)   54        33      1910


SUNRISE AND SUNSET
OCTOBER 21 2014.......SUNRISE   730 AM CDT   SUNSET   642 PM CDT
OCTOBER 22 2014.......SUNRISE   731 AM CDT   SUNSET   641 PM CDT


-  INDICATES NEGATIVE NUMBERS.
R  INDICATES RECORD WAS SET OR TIED.
MM INDICATES DATA IS MISSING.
T  INDICATES TRACE AMOUNT.




$$
