000
CDUS44 KSHV 202208
CLITYR


CLIMATE REPORT
NATIONAL WEATHER SERVICE SHREVEPORT, LA
507 PM CDT SAT SEP 20 2014


...................................

...THE TYLER CLIMATE SUMMARY FOR SEPTEMBER 20 2014...
VALID TODAY AS OF 0500 PM LOCAL TIME.

CLIMATE NORMAL PERIOD 1981 TO 2010
CLIMATE RECORD PERIOD 1896 TO 2014


WEATHER ITEM   OBSERVED TIME   RECORD YEAR NORMAL DEPARTURE LAST
                VALUE   (LST)  VALUE       VALUE  FROM      YEAR
                                                  NORMAL
..................................................................
TEMPERATURE (F)
 TODAY
  MAXIMUM         91    230 PM 102    1956  85      6       77
  MINIMUM         70    634 AM  44    1981  65      5       70
  AVERAGE         81                        75      6       74

PRECIPITATION (IN)
  TODAY            0.00          6.47 1979   0.11  -0.11     5.23
  MONTH TO DATE    2.62                      2.28   0.34     5.41
  SINCE DEC 1     27.24                     35.78  -8.54    27.91
  SINCE JAN 1     24.22                     31.54  -7.32    25.02

DEGREE DAYS
 HEATING
  TODAY            0                         0      0        0
  MONTH TO DATE    0                         0      0        0
  SINCE SEP 1      0                         0      0        0
  SINCE JUL 1      0                         0      0        0

 COOLING
  TODAY           16                        10      6        9
  MONTH TO DATE  326                       257     69      393
  SINCE SEP 1    326                       257     69      393
  SINCE JAN 1   2292                      2179    113     2509
..................................................................


WIND (MPH)
  HIGHEST WIND SPEED    16   HIGHEST WIND DIRECTION    SE (120)
  HIGHEST GUST SPEED    22   HIGHEST GUST DIRECTION    SE (120)
  AVERAGE WIND SPEED     5.3


SKY COVER
  POSSIBLE SUNSHINE  MM
  AVERAGE SKY COVER 0.0


WEATHER CONDITIONS
 THE FOLLOWING WEATHER WAS RECORDED TODAY.
  FOG


RELATIVE HUMIDITY (PERCENT)
 HIGHEST    97           600 AM
 LOWEST     43          1200 PM
 AVERAGE    70

..........................................................


THE TYLER CLIMATE NORMALS FOR TOMORROW
                         NORMAL    RECORD    YEAR
 MAXIMUM TEMPERATURE (F)   85       100      1939
 MINIMUM TEMPERATURE (F)   64        45      1983


SUNRISE AND SUNSET
SEPTEMBER 20 2014.....SUNRISE   709 AM CDT   SUNSET   721 PM CDT
SEPTEMBER 21 2014.....SUNRISE   709 AM CDT   SUNSET   720 PM CDT


-  INDICATES NEGATIVE NUMBERS.
R  INDICATES RECORD WAS SET OR TIED.
MM INDICATES DATA IS MISSING.
T  INDICATES TRACE AMOUNT.




$$
