000
CDUS44 KMRX 302119
CLITYS

CLIMATE REPORT NATIONAL WEATHER SERVICE MORRISTOWN TN
519 PM EDT SAT MAY 30 2015

...................................

...THE KNOXVILLE CLIMATE SUMMARY FOR MAY 30 2015... VALID TODAY AS
OF 500 PM LOCAL TIME.

CLIMATE NORMAL PERIOD 1981 TO 2010
CLIMATE RECORD PERIOD 1871 TO 2015


WEATHER ITEM   OBSERVED TIME   RECORD YEAR NORMAL DEPARTURE LAST
                VALUE   (LST)  VALUE       VALUE  FROM      YEAR
                                                  NORMAL
..................................................................
TEMPERATURE (F)
 TODAY
  MAXIMUM         86    350 PM  94    1941  82      4       86
  MINIMUM         62    553 AM  39    1984  60      2       65
  AVERAGE         74                        71      3       76

PRECIPITATION (IN)
  TODAY            0.00          3.36 1974   0.14  -0.14     0.00
  MONTH TO DATE    1.22                      4.37  -3.15     1.22
  SINCE MAR 1      9.80                     12.72  -2.92     7.96
  SINCE JAN 1     16.94                     21.30  -4.36    16.03

SNOWFALL (IN)
  TODAY            0.0                       0.0    0.0      0.0
  MONTH TO DATE    0.0                       0.0    0.0      0.0
  SINCE MAR 1      T                         1.4   -1.4      0.5
  SINCE JUL 1      9.3                       6.5    2.8     12.4
  SNOW DEPTH       0

DEGREE DAYS
 HEATING
  TODAY            0                         1     -1        0
  MONTH TO DATE   30                        59    -29       61
  SINCE MAR 1    580                       738   -158      750
  SINCE JUL 1   3845                      3634    211     3797

 COOLING
  TODAY            9                         6      3       11
  MONTH TO DATE  200                       117     83      162
  SINCE MAR 1    225                       154     71      194
  SINCE JAN 1    225                       154     71      194
..................................................................


WIND (MPH)
  HIGHEST WIND SPEED    15   HIGHEST WIND DIRECTION    SW (230)
  HIGHEST GUST SPEED    20   HIGHEST GUST DIRECTION    SW (230)
  AVERAGE WIND SPEED     5.8


SKY COVER
  POSSIBLE SUNSHINE  MM
  AVERAGE SKY COVER 0.5


WEATHER CONDITIONS
 THE FOLLOWING WEATHER WAS RECORDED TODAY.
  FOG
  FOG W/VISIBILITY <= 1/4 MILE


RELATIVE HUMIDITY (PERCENT)
 HIGHEST   100           600 AM
 LOWEST     43           200 PM
 AVERAGE    72

..........................................................


THE KNOXVILLE    ASOS CLIMATE NORMALS FOR TOMORROW
                         NORMAL    RECORD    YEAR
 MAXIMUM TEMPERATURE (F)   82        96      2011
 MINIMUM TEMPERATURE (F)   61        38      1984


SUNRISE AND SUNSET
MAY 30 2015...........SUNRISE   622 AM EDT   SUNSET   845 PM EDT
MAY 31 2015...........SUNRISE   621 AM EDT   SUNSET   846 PM EDT


-  INDICATES NEGATIVE NUMBERS.
R  INDICATES RECORD WAS SET OR TIED.
MM INDICATES DATA IS MISSING.
T  INDICATES TRACE AMOUNT.




$$
