000
CDUS44 KMRX 211229
CLITYS

CLIMATE REPORT NATIONAL WEATHER SERVICE MORRISTOWN TN
829 AM EDT THU AUG 21 2014

...................................

...THE KNOXVILLE CLIMATE SUMMARY FOR AUGUST 20 2014...

CLIMATE NORMAL PERIOD 1981 TO 2010
CLIMATE RECORD PERIOD 1871 TO 2014


WEATHER ITEM   OBSERVED TIME   RECORD YEAR NORMAL DEPARTURE LAST
                VALUE   (LST)  VALUE       VALUE  FROM      YEAR
                                                  NORMAL
..................................................................
TEMPERATURE (F)
 YESTERDAY
  MAXIMUM         86   1255 PM  99    1936  88     -2       85
  MINIMUM         68   1159 PM  56    1943  68      0       66
  AVERAGE         77                        78     -1       76

PRECIPITATION (IN)
  YESTERDAY        0.09          1.77 1931   0.10  -0.01     0.07
  MONTH TO DATE    3.28                      2.27   1.01     2.71
  SINCE JUN 1     12.50                     11.16   1.34    19.46
  SINCE JAN 1     28.53                     32.60  -4.07    50.88

SNOWFALL (IN)
  YESTERDAY        0.0                       0.0    0.0      0.0
  MONTH TO DATE    0.0                       0.0    0.0      0.0
  SINCE JUN 1      0.0                       0.0    0.0      0.0
  SINCE JUL 1      0.0                       0.0    0.0      0.0
  SNOW DEPTH       0

DEGREE DAYS
 HEATING
  YESTERDAY        0                         0      0        0
  MONTH TO DATE    0                         0      0        0
  SINCE JUN 1      0                         4     -4        0
  SINCE JUL 1      0                         0      0        0

 COOLING
  YESTERDAY       12                        13     -1       11
  MONTH TO DATE  203                       260    -57      224
  SINCE JUN 1    850                       982   -132      894
  SINCE JAN 1   1055                      1144    -89     1050
..................................................................


WIND (MPH)
  HIGHEST WIND SPEED    25   HIGHEST WIND DIRECTION     N (360)
  HIGHEST GUST SPEED    31   HIGHEST GUST DIRECTION     N (360)
  AVERAGE WIND SPEED     6.2


SKY COVER
  POSSIBLE SUNSHINE  MM
  AVERAGE SKY COVER  MM


WEATHER CONDITIONS
 THE FOLLOWING WEATHER WAS RECORDED YESTERDAY.
  THUNDERSTORM
  LIGHT RAIN
  FOG


RELATIVE HUMIDITY (PERCENT)
 HIGHEST    97           300 AM
 LOWEST     65           100 PM
 AVERAGE    81

..........................................................


THE KNOXVILLE    ASOS CLIMATE NORMALS FOR TODAY
                         NORMAL    RECORD    YEAR
 MAXIMUM TEMPERATURE (F)   88       101      1983
 MINIMUM TEMPERATURE (F)   68        57      1893
                                             1875


SUNRISE AND SUNSET
AUGUST 21 2014........SUNRISE   659 AM EDT   SUNSET   818 PM EDT
AUGUST 22 2014........SUNRISE   700 AM EDT   SUNSET   817 PM EDT


-  INDICATES NEGATIVE NUMBERS.
R  INDICATES RECORD WAS SET OR TIED.
MM INDICATES DATA IS MISSING.
T  INDICATES TRACE AMOUNT.

&&

THE LOW TEMPERATURE THIS MORNING WAS 64.
THERE HAS BEEN NO PRECIPITATION SINCE MIDNIGHT.


$$
