000
CDUS44 KMRX 202121
CLITYS

CLIMATE REPORT
NATIONAL WEATHER SERVICE MORRISTOWN TN
520 PM EDT SUN APR 20 2014


...................................

...THE KNOXVILLE CLIMATE SUMMARY FOR APRIL 20 2014...
VALID TODAY AS OF 0500 PM LOCAL TIME.

CLIMATE NORMAL PERIOD 1981 TO 2010
CLIMATE RECORD PERIOD 1871 TO 2014


WEATHER ITEM   OBSERVED TIME   RECORD YEAR NORMAL DEPARTURE LAST
                VALUE   (LST)  VALUE       VALUE  FROM      YEAR
                                                  NORMAL
..................................................................
TEMPERATURE (F)
 TODAY
  MAXIMUM         76    400 PM  87    2002  72      4       61
  MINIMUM         42        MM  25    1983  49     -7       35
  AVERAGE         59                        60     -1       48

PRECIPITATION (IN)
  TODAY            0.00          1.99 1871   0.13  -0.13     0.00
  MONTH TO DATE    2.61                      2.63  -0.02     3.49
  SINCE MAR 1      5.03                      6.97  -1.94     8.98
  SINCE JAN 1     13.10                     15.55  -2.45    24.07

SNOWFALL (IN)
  TODAY            0.0                       0.0    0.0      0.0
  MONTH TO DATE    T                         0.5   -0.5      0.0
  SINCE MAR 1      0.5                       1.4   -0.9      1.2
  SINCE JUL 1     12.4                       6.5    5.9      3.8
  SNOW DEPTH       0

DEGREE DAYS
 HEATING
  TODAY            6                         6      0       17
  MONTH TO DATE  137                       170    -33      146
  SINCE MAR 1    670                       631     39      789
  SINCE JUL 1   3717                      3527    190     3481

 COOLING
  TODAY            0                         1     -1        0
  MONTH TO DATE   14                        18     -4       27
  SINCE MAR 1     14                        23     -9       29
  SINCE JAN 1     14                        23     -9       31
..................................................................


WIND (MPH)
  HIGHEST WIND SPEED    14   HIGHEST WIND DIRECTION    NE (30)
  HIGHEST GUST SPEED    18   HIGHEST GUST DIRECTION    NE (30)
  AVERAGE WIND SPEED     3.6


SKY COVER
  POSSIBLE SUNSHINE  MM
  AVERAGE SKY COVER  MM


WEATHER CONDITIONS
 THE FOLLOWING WEATHER WAS RECORDED TODAY.
  FOG
  FOG W/VISIBILITY <= 1/4 MILE


RELATIVE HUMIDITY (PERCENT)
 HIGHEST   100           300 AM
 LOWEST     27           400 PM
 AVERAGE    64

..........................................................


THE KNOXVILLE CLIMATE NORMALS FOR TOMORROW
                         NORMAL    RECORD    YEAR
 MAXIMUM TEMPERATURE (F)   72        88      1946
 MINIMUM TEMPERATURE (F)   49        27      1983
                                             1904


SUNRISE AND SUNSET
APRIL 20 2014.........SUNRISE   657 AM EDT   SUNSET   814 PM EDT
APRIL 21 2014.........SUNRISE   655 AM EDT   SUNSET   814 PM EDT


-  INDICATES NEGATIVE NUMBERS.
R  INDICATES RECORD WAS SET OR TIED.
MM INDICATES DATA IS MISSING.
T  INDICATES TRACE AMOUNT.




$$
