000
CDUS44 KMRX 120930
CLITYS


CLIMATE REPORT
NATIONAL WEATHER SERVICE MORRISTOWN TN
429 AM EST FRI FEB 12 2016


...................................

...THE KNOXVILLE    ASOS CLIMATE SUMMARY FOR FEBRUARY 11 2016...

CLIMATE NORMAL PERIOD 1981 TO 2010
CLIMATE RECORD PERIOD 1871 TO 2016


WEATHER ITEM   OBSERVED TIME   RECORD YEAR NORMAL DEPARTURE LAST
                VALUE   (LST)  VALUE       VALUE  FROM      YEAR
                                                  NORMAL
..................................................................
TEMPERATURE (F)
 YESTERDAY
  MAXIMUM         43    343 PM  76    1932  51     -8       53
  MINIMUM         25    238 AM   1    1885  32     -7       25
  AVERAGE         34                        41     -7       39

PRECIPITATION (IN)
  YESTERDAY        0.00          2.15 1873   0.15  -0.15     0.00
  MONTH TO DATE    3.09                      1.66   1.43     0.74
  SINCE DEC 1     13.70                     10.48   3.22     8.37
  SINCE JAN 1      5.86                      5.98  -0.12     4.13

SNOWFALL (IN)
  YESTERDAY        0.0                       0.1   -0.1      0.0
  MONTH TO DATE    0.4                       0.8   -0.4       T
  SINCE DEC 1      3.0                       4.3   -1.3      1.1
  SINCE JUL 1      3.0                       4.3   -1.3      1.1
  SNOW DEPTH       0

DEGREE DAYS
 HEATING
  YESTERDAY       31                        24      7       26
  MONTH TO DATE  258                       272    -14      271
  SINCE DEC 1   1534                      1853   -319     1796
  SINCE JUL 1   2044                      2534   -490     2622

 COOLING
  YESTERDAY        0                         0      0        0
  MONTH TO DATE    0                         0      0        0
  SINCE DEC 1      5                         0      5        0
  SINCE JAN 1      0                         0      0        0
..................................................................


WIND (MPH)
  HIGHEST WIND SPEED    10   HIGHEST WIND DIRECTION     N (360)
  HIGHEST GUST SPEED    12   HIGHEST GUST DIRECTION    SW (240)
  AVERAGE WIND SPEED     4.6


SKY COVER
  POSSIBLE SUNSHINE  MM
  AVERAGE SKY COVER 0.7


WEATHER CONDITIONS
 THE FOLLOWING WEATHER WAS RECORDED YESTERDAY.
  NO SIGNIFICANT WEATHER WAS OBSERVED.


RELATIVE HUMIDITY (PERCENT)
 HIGHEST    75           500 AM
 LOWEST     39           400 PM
 AVERAGE    57

..........................................................


THE KNOXVILLE    ASOS CLIMATE NORMALS FOR TODAY
                         NORMAL    RECORD    YEAR
 MAXIMUM TEMPERATURE (F)   51        76      1984
 MINIMUM TEMPERATURE (F)   32         1      1899


SUNRISE AND SUNSET
FEBRUARY 12 2016......SUNRISE   727 AM EST   SUNSET   614 PM EST
FEBRUARY 13 2016......SUNRISE   726 AM EST   SUNSET   615 PM EST


-  INDICATES NEGATIVE NUMBERS.
R  INDICATES RECORD WAS SET OR TIED.
MM INDICATES DATA IS MISSING.
T  INDICATES TRACE AMOUNT.




$$
