000
CDUS44 KMRX 260815
CLITYS


CLIMATE REPORT
NATIONAL WEATHER SERVICE MORRISTOWN TN
415 AM EDT MON JUN 26 2017


...................................

...THE KNOXVILLE    ASOS CLIMATE SUMMARY FOR JUNE 25 2017...

CLIMATE NORMAL PERIOD 1981 TO 2010
CLIMATE RECORD PERIOD 1871 TO 2017


WEATHER ITEM   OBSERVED TIME   RECORD YEAR NORMAL DEPARTURE LAST
                VALUE   (LST)  VALUE       VALUE  FROM      YEAR
                                                  NORMAL
..................................................................
TEMPERATURE (F)
 YESTERDAY
  MAXIMUM         80    515 PM  99    1988  87     -7       91
  MINIMUM         61   1158 PM  54    1974  67     -6       69
  AVERAGE         71                        77     -6       80

PRECIPITATION (IN)
  YESTERDAY        0.00          1.54 2004   0.13  -0.13     0.00
  MONTH TO DATE    4.05                      3.09   0.96     4.17
  SINCE JUN 1      4.05                      3.09   0.96     4.17
  SINCE JAN 1     28.18                     24.53   3.65    23.43

SNOWFALL (IN)
  YESTERDAY        0.0                       0.0    0.0      0.0
  MONTH TO DATE    0.0                       0.0    0.0      0.0
  SINCE JUN 1      0.0                       0.0    0.0      0.0
  SINCE JUL 1      2.3                       6.5   -4.2      5.2
  SNOW DEPTH       0

DEGREE DAYS
 HEATING
  YESTERDAY        0                         0      0        0
  MONTH TO DATE    0                         0      0        0
  SINCE JUN 1      0                         0      0        0
  SINCE JUL 1   2591                      3633  -1042     2955

 COOLING
  YESTERDAY        6                        12     -6       15
  MONTH TO DATE  230                       242    -12      321
  SINCE JUN 1    230                       242    -12      321
  SINCE JAN 1    478                       404     74      532
..................................................................


WIND (MPH)
  HIGHEST WIND SPEED    13   HIGHEST WIND DIRECTION    NE (40)
  HIGHEST GUST SPEED    16   HIGHEST GUST DIRECTION     N (20)
  AVERAGE WIND SPEED     4.5


SKY COVER
  POSSIBLE SUNSHINE  MM
  AVERAGE SKY COVER 0.5


WEATHER CONDITIONS
 THE FOLLOWING WEATHER WAS RECORDED YESTERDAY.
  NO SIGNIFICANT WEATHER WAS OBSERVED.


RELATIVE HUMIDITY (PERCENT)
 HIGHEST    73           400 AM
 LOWEST     33           700 PM
 AVERAGE    53

..........................................................


THE KNOXVILLE    ASOS CLIMATE NORMALS FOR TODAY
                         NORMAL    RECORD    YEAR
 MAXIMUM TEMPERATURE (F)   87       101      1988
 MINIMUM TEMPERATURE (F)   67        50      1974


SUNRISE AND SUNSET
JUNE 26 2017..........SUNRISE   622 AM EDT   SUNSET   856 PM EDT
JUNE 27 2017..........SUNRISE   622 AM EDT   SUNSET   856 PM EDT


-  INDICATES NEGATIVE NUMBERS.
R  INDICATES RECORD WAS SET OR TIED.
MM INDICATES DATA IS MISSING.
T  INDICATES TRACE AMOUNT.




$$
