000
CDUS44 KMRX 010954
CLITYS

CLIMATE REPORT
NATIONAL WEATHER SERVICE MORRISTOWN TN
447 AM EST SUN MAR 1 2015


...................................

...THE KNOXVILLE    ASOS CLIMATE SUMMARY FOR FEBRUARY 28 2015...

CLIMATE NORMAL PERIOD 1981 TO 2010
CLIMATE RECORD PERIOD 1871 TO 2015


WEATHER ITEM   OBSERVED TIME   RECORD YEAR NORMAL DEPARTURE LAST
                VALUE   (LST)  VALUE       VALUE  FROM      YEAR
                                                  NORMAL
..................................................................
TEMPERATURE (F)
 YESTERDAY
  MAXIMUM         47    511 PM  75    1880  56     -9       50
  MINIMUM         23    645 AM   9    1888  35    -12       20
  AVERAGE         35                        46    -11       35

PRECIPITATION (IN)
  YESTERDAY        0.00          2.01 1903   0.15  -0.15     0.00
  MONTH TO DATE    3.75                      4.26  -0.51     4.95
  SINCE DEC 1     11.38                     13.08  -1.70    16.30
  SINCE JAN 1      7.14                      8.58  -1.44     8.07

SNOWFALL (IN)
  YESTERDAY        0.0                       0.0    0.0      0.0
  MONTH TO DATE    8.2                       1.6    6.6      6.9
  SINCE DEC 1      9.3                       5.1    4.2     11.1
  SINCE JUL 1      9.3                       5.1    4.2     11.9
  SNOW DEPTH       0

DEGREE DAYS
 HEATING
  YESTERDAY       30                        19     11       30
  MONTH TO DATE  914                       634    280      658
  SINCE DEC 1   2439                      2215    224     2357
  SINCE JUL 1   3265                      2896    369     3047

 COOLING
  YESTERDAY        0                         0      0        0
  MONTH TO DATE    0                         0      0        0
  SINCE DEC 1      0                         0      0        4
  SINCE JAN 1      0                         0      0        0
..................................................................


WIND (MPH)
  HIGHEST WIND SPEED    13   HIGHEST WIND DIRECTION    NE (60)
  HIGHEST GUST SPEED    14   HIGHEST GUST DIRECTION    NE (30)
  AVERAGE WIND SPEED     6.1


SKY COVER
  POSSIBLE SUNSHINE  MM
  AVERAGE SKY COVER 0.8


WEATHER CONDITIONS
 THE FOLLOWING WEATHER WAS RECORDED YESTERDAY.
  NO SIGNIFICANT WEATHER WAS OBSERVED.


RELATIVE HUMIDITY (PERCENT)
 HIGHEST    68           500 AM
 LOWEST     45           300 PM
 AVERAGE    57

..........................................................


THE KNOXVILLE    ASOS CLIMATE NORMALS FOR TODAY
                         NORMAL    RECORD    YEAR
 MAXIMUM TEMPERATURE (F)   57        80      1997
 MINIMUM TEMPERATURE (F)   36        14      1914
                                             1884


SUNRISE AND SUNSET
MARCH  1 2015.........SUNRISE   706 AM EST   SUNSET   631 PM EST
MARCH  2 2015.........SUNRISE   705 AM EST   SUNSET   632 PM EST


-  INDICATES NEGATIVE NUMBERS.
R  INDICATES RECORD WAS SET OR TIED.
MM INDICATES DATA IS MISSING.
T  INDICATES TRACE AMOUNT.


$$
