000
CDUS44 KMRX 260910
CLITYS

CLIMATE REPORT
NATIONAL WEATHER SERVICE MORRISTOWN TN
409 AM EST FRI DEC 26 2014


...................................

...THE KNOXVILLE CLIMATE SUMMARY FOR DECEMBER 25 2014...

CLIMATE NORMAL PERIOD 1981 TO 2010
CLIMATE RECORD PERIOD 1871 TO 2014


WEATHER ITEM   OBSERVED TIME   RECORD YEAR NORMAL DEPARTURE LAST
                VALUE   (LST)  VALUE       VALUE  FROM      YEAR
                                                  NORMAL
..................................................................
TEMPERATURE (F)
 YESTERDAY
  MAXIMUM         49    349 PM  76    1982  48      1       43
  MINIMUM         33   1149 PM  -6    1983  30      3       20
  AVERAGE         41                        39      2       32

PRECIPITATION (IN)
  YESTERDAY        0.01          1.61 1875   0.14  -0.13     0.00
  MONTH TO DATE    3.62                      3.70  -0.08     6.68
  SINCE DEC 1      3.62                      3.70  -0.08     6.68
  SINCE JAN 1     41.05                     47.06  -6.01    67.80

SNOWFALL (IN)
  YESTERDAY        0.0                       0.0    0.0      0.0
  MONTH TO DATE    0.0                       0.5   -0.5      0.0
  SINCE DEC 1      0.0                       0.5   -0.5      0.0
  SINCE JUL 1      T                         0.5   -0.5      0.8
  SNOW DEPTH       0

DEGREE DAYS
 HEATING
  YESTERDAY       24                        26     -2       33
  MONTH TO DATE  521                       594    -73      507
  SINCE DEC 1    521                       594    -73      507
  SINCE JUL 1   1347                      1275     72     1197

 COOLING
  YESTERDAY        0                         0      0        0
  MONTH TO DATE    0                         0      0        4
  SINCE DEC 1      0                         0      0        4
  SINCE JAN 1   1486                      1526    -40     1449
..................................................................


WIND (MPH)
  HIGHEST WIND SPEED    25   HIGHEST WIND DIRECTION     W (280)
  HIGHEST GUST SPEED    30   HIGHEST GUST DIRECTION     W (270)
  AVERAGE WIND SPEED     5.8


SKY COVER
  POSSIBLE SUNSHINE  MM
  AVERAGE SKY COVER  MM


WEATHER CONDITIONS
 THE FOLLOWING WEATHER WAS RECORDED YESTERDAY.
  RAIN
  LIGHT RAIN


RELATIVE HUMIDITY (PERCENT)
 HIGHEST    89          1100 PM
 LOWEST     56           200 PM
 AVERAGE    73

..........................................................


THE KNOXVILLE CLIMATE NORMALS FOR TODAY
                         NORMAL    RECORD    YEAR
 MAXIMUM TEMPERATURE (F)   48        72      1889
 MINIMUM TEMPERATURE (F)   30         1      1983


SUNRISE AND SUNSET
DECEMBER 26 2014......SUNRISE   744 AM EST   SUNSET   529 PM EST
DECEMBER 27 2014......SUNRISE   745 AM EST   SUNSET   529 PM EST


-  INDICATES NEGATIVE NUMBERS.
R  INDICATES RECORD WAS SET OR TIED.
MM INDICATES DATA IS MISSING.
T  INDICATES TRACE AMOUNT.




$$
