000
CDUS44 KMRX 190819
CLITYS


CLIMATE REPORT
NATIONAL WEATHER SERVICE MORRISTOWN TN
319 AM EST THU JAN 19 2017


...................................

...THE KNOXVILLE    ASOS CLIMATE SUMMARY FOR JANUARY 18 2017...

CLIMATE NORMAL PERIOD 1981 TO 2010
CLIMATE RECORD PERIOD 1871 TO 2017


WEATHER ITEM   OBSERVED TIME   RECORD YEAR NORMAL DEPARTURE LAST
                VALUE   (LST)  VALUE       VALUE  FROM      YEAR
                                                  NORMAL
..................................................................
TEMPERATURE (F)
 YESTERDAY
  MAXIMUM         65   1230 AM  74    1929  47     18       31
  MINIMUM         47   1159 PM   0    1994  29     18       16
  AVERAGE         56                        38     18       24

PRECIPITATION (IN)
  YESTERDAY        0.04          1.36 1936   0.14  -0.10     0.00
  MONTH TO DATE    1.53                      2.49  -0.96     0.76
  SINCE DEC 1      8.49                      6.99   1.50     8.60
  SINCE JAN 1      1.53                      2.49  -0.96     0.76

SNOWFALL (IN)
  YESTERDAY        0.0                       0.1   -0.1      0.0
  MONTH TO DATE    2.3                       1.5    0.8       T
  SINCE DEC 1      2.3                       2.3    0.0       T
  SINCE JUL 1      2.3                       2.3    0.0       T
  SNOW DEPTH       0

DEGREE DAYS
 HEATING
  YESTERDAY        9                        27    -18       41
  MONTH TO DATE  325                       486   -161      516
  SINCE DEC 1   1006                      1238   -232      899
  SINCE JUL 1   1410                      1919   -509     1409

 COOLING
  YESTERDAY        0                         0      0        0
  MONTH TO DATE    0                         0      0        0
  SINCE DEC 1      0                         0      0        5
  SINCE JAN 1      0                         0      0        0
..................................................................


WIND (MPH)
  HIGHEST WIND SPEED    22   HIGHEST WIND DIRECTION     W (280)
  HIGHEST GUST SPEED    31   HIGHEST GUST DIRECTION     W (270)
  AVERAGE WIND SPEED     4.6


SKY COVER
  POSSIBLE SUNSHINE  MM
  AVERAGE SKY COVER 0.8


WEATHER CONDITIONS
 THE FOLLOWING WEATHER WAS RECORDED YESTERDAY.
  LIGHT RAIN
  FOG


RELATIVE HUMIDITY (PERCENT)
 HIGHEST    86           200 AM
 LOWEST     47           500 PM
 AVERAGE    67

..........................................................


THE KNOXVILLE    ASOS CLIMATE NORMALS FOR TODAY
                         NORMAL    RECORD    YEAR
 MAXIMUM TEMPERATURE (F)   47        71      1907
 MINIMUM TEMPERATURE (F)   29        -4      1994


SUNRISE AND SUNSET
JANUARY 19 2017.......SUNRISE   744 AM EST   SUNSET   550 PM EST
JANUARY 20 2017.......SUNRISE   743 AM EST   SUNSET   551 PM EST


-  INDICATES NEGATIVE NUMBERS.
R  INDICATES RECORD WAS SET OR TIED.
MM INDICATES DATA IS MISSING.
T  INDICATES TRACE AMOUNT.




$$
