000
CDUS44 KMRX 302136
CLITYS

CLIMATE REPORT
NATIONAL WEATHER SERVICE MORRISTOWN TN
534 PM EDT TUE SEP 30 2014


...................................

...THE KNOXVILLE    ASOS CLIMATE SUMMARY FOR SEPTEMBER 30 2014...
VALID TODAY AS OF 0500 PM LOCAL TIME.

CLIMATE NORMAL PERIOD 1981 TO 2010
CLIMATE RECORD PERIOD 1871 TO 2014


WEATHER ITEM   OBSERVED TIME   RECORD YEAR NORMAL DEPARTURE LAST
                VALUE   (LST)  VALUE       VALUE  FROM      YEAR
                                                  NORMAL
..................................................................
TEMPERATURE (F)
 TODAY
  MAXIMUM         83    221 PM  91    1941  77      6       77
  MINIMUM         59    623 AM  35    1888  55      4       54
  AVERAGE         71                        66      5       66

PRECIPITATION (IN)
  TODAY            0.00          1.99 1915   0.11  -0.11     0.00
  MONTH TO DATE    0.19                      3.24  -3.05     4.42
  SINCE SEP 1      0.19                      3.24  -3.05     4.42
  SINCE JAN 1     29.45                     36.84  -7.39    55.80

SNOWFALL (IN)
  TODAY            0.0                       0.0    0.0      0.0
  MONTH TO DATE    0.0                       0.0    0.0      0.0
  SINCE SEP 1      0.0                       0.0    0.0      0.0
  SINCE JUL 1      0.0                       0.0    0.0      0.0
  SNOW DEPTH       0

DEGREE DAYS
 HEATING
  TODAY            0                         2     -2        0
  MONTH TO DATE    1                        21    -20        1
  SINCE SEP 1      1                        23    -22        1
  SINCE JUL 1      1                        23    -22        1

 COOLING
  TODAY            6                         3      3        1
  MONTH TO DATE  251                       206     45      198
  SINCE SEP 1    251                       206     45      198
  SINCE JAN 1   1450                      1487    -37     1385
..................................................................


WIND (MPH)
  HIGHEST WIND SPEED    10   HIGHEST WIND DIRECTION    NW (330)
  HIGHEST GUST SPEED    15   HIGHEST GUST DIRECTION    NW (300)
  AVERAGE WIND SPEED     2.4


SKY COVER
  POSSIBLE SUNSHINE  MM
  AVERAGE SKY COVER  MM


WEATHER CONDITIONS
 THE FOLLOWING WEATHER WAS RECORDED TODAY.
  NO SIGNIFICANT WEATHER WAS OBSERVED.


RELATIVE HUMIDITY (PERCENT)
 HIGHEST    97           400 AM
 LOWEST     40           300 PM
 AVERAGE    69

..........................................................


THE KNOXVILLE    ASOS CLIMATE NORMALS FOR TOMORROW
                         NORMAL    RECORD    YEAR
 MAXIMUM TEMPERATURE (F)   76        92      1884
 MINIMUM TEMPERATURE (F)   54        36      1924
                                             1895
                                             1876


SUNRISE AND SUNSET
SEPTEMBER 30 2014.....SUNRISE   730 AM EDT   SUNSET   721 PM EDT
OCTOBER  1 2014.......SUNRISE   731 AM EDT   SUNSET   720 PM EDT


-  INDICATES NEGATIVE NUMBERS.
R  INDICATES RECORD WAS SET OR TIED.
MM INDICATES DATA IS MISSING.
T  INDICATES TRACE AMOUNT.




$$
