119
CDUS43 KLOT 280632
CLIUGN


CLIMATE REPORT
NATIONAL WEATHER SERVICE CHICAGO IL
131 AM CDT SAT MAY 28 2016


...................................

...THE WAUKEGAN   CLIMATE SUMMARY FOR MAY 27 2016...

CLIMATE NORMAL PERIOD 1981 TO 2010
CLIMATE RECORD PERIOD 2000 TO 2016


WEATHER ITEM   OBSERVED TIME   RECORD YEAR NORMAL DEPARTURE LAST
                VALUE   (LST)  VALUE       VALUE  FROM      YEAR
                                                  NORMAL
..................................................................
TEMPERATURE (F)
 YESTERDAY
  MAXIMUM         76   1225 PM  86    2012  69      7       72
  MINIMUM         64   1227 AM  41    2008  48     16       56
  AVERAGE         70

PRECIPITATION (IN)
  YESTERDAY        0.32          1.02 2009   0.12   0.20     0.09
  MONTH TO DATE    3.84                      3.50   0.34     3.79
  SINCE MAR 1     10.15                      9.30   0.85     8.67
  SINCE JAN 1     11.66                     12.35  -0.69     9.21

DEGREE DAYS
 HEATING
  YESTERDAY        0                         7     -7        1
  MONTH TO DATE  299                       283     16      250
  SINCE MAR 1   1712                      1779    -67     1834
  SINCE JUL 1   6057                      6725   -668     7359

 COOLING
  YESTERDAY        5                         1      4        0
  MONTH TO DATE   24                        14     10       19
  SINCE MAR 1     24                        18      6       19
  SINCE JAN 1     24                        18      6       19
..................................................................


WIND (MPH)
  RESULTANT WIND SPEED   7   RESULTANT WIND DIRECTION   S (170)
  HIGHEST WIND SPEED    16   HIGHEST WIND DIRECTION     S (160)
  HIGHEST GUST SPEED    22   HIGHEST GUST DIRECTION    SE (130)
  AVERAGE WIND SPEED     9.5


SKY COVER
  POSSIBLE SUNSHINE  MM
  AVERAGE SKY COVER 0.4


WEATHER CONDITIONS
 THE FOLLOWING WEATHER WAS RECORDED YESTERDAY.
  THUNDERSTORM
  HEAVY RAIN
  RAIN
  LIGHT RAIN
  FOG


RELATIVE HUMIDITY (PERCENT)
 HIGHEST    93
 LOWEST     73
 AVERAGE    83

..........................................................


THE WAUKEGAN   CLIMATE NORMALS FOR TODAY
                         NORMAL    RECORD    YEAR
 MAXIMUM TEMPERATURE (F)   70        92      2012
 MINIMUM TEMPERATURE (F)   48        -1      2008


SUNRISE AND SUNSET
MAY 28 2016...........SUNRISE   519 AM CDT   SUNSET   819 PM CDT
MAY 29 2016...........SUNRISE   518 AM CDT   SUNSET   820 PM CDT


-  INDICATES NEGATIVE NUMBERS.
R  INDICATES RECORD WAS SET OR TIED.
MM INDICATES DATA IS MISSING.
T  INDICATES TRACE AMOUNT.




$$
