000
CDUS43 KLOT 200632
CLIUGN


CLIMATE REPORT
NATIONAL WEATHER SERVICE CHICAGO IL
131 AM CDT SUN APR 20 2014


...................................

...THE WAUKEGAN   CLIMATE SUMMARY FOR APRIL 19 2014...

CLIMATE NORMAL PERIOD 1981 TO 2010
CLIMATE RECORD PERIOD 2000 TO 2014


WEATHER ITEM   OBSERVED TIME   RECORD YEAR NORMAL DEPARTURE LAST
                VALUE   (LST)  VALUE       VALUE  FROM      YEAR
                                                  NORMAL
..................................................................
TEMPERATURE (F)
 YESTERDAY
  MAXIMUM         52    345 PM  80    2005  57     -5       41
  MINIMUM         33    400 AM  31    2010  38     -5       33
  AVERAGE         43

PRECIPITATION (IN)
  YESTERDAY        0.00          1.00 2000   0.12  -0.12     0.04
  MONTH TO DATE    1.48                      2.03  -0.55     6.91
  SINCE MAR 1      2.24                      4.35  -2.11     8.17
  SINCE JAN 1      4.26                      7.40  -3.14    10.33

DEGREE DAYS
 HEATING
  YESTERDAY       22                        18      4       28
  MONTH TO DATE  442                       402     40      447
  SINCE MAR 1   1581                      1326    255     1526
  SINCE JUL 1   7450                      6272   1178     6127

 COOLING
  YESTERDAY        0                         0      0        0
  MONTH TO DATE    0                         0      0        0
  SINCE MAR 1      0                         0      0        0
  SINCE JAN 1      0                         0      0        0
..................................................................


WIND (MPH)
  RESULTANT WIND SPEED   7   RESULTANT WIND DIRECTION   E (90)
  HIGHEST WIND SPEED    16   HIGHEST WIND DIRECTION    SE (150)
  HIGHEST GUST SPEED    22   HIGHEST GUST DIRECTION    SE (140)
  AVERAGE WIND SPEED     8.9


SKY COVER
  POSSIBLE SUNSHINE  MM
  AVERAGE SKY COVER 0.0


WEATHER CONDITIONS
 THE FOLLOWING WEATHER WAS RECORDED YESTERDAY.
  HAZE


RELATIVE HUMIDITY (PERCENT)
 HIGHEST    82
 LOWEST     54
 AVERAGE    68

..........................................................


THE WAUKEGAN   CLIMATE NORMALS FOR TODAY
                         NORMAL    RECORD    YEAR
 MAXIMUM TEMPERATURE (F)   57        72      2006
 MINIMUM TEMPERATURE (F)   39        28      2013


SUNRISE AND SUNSET
APRIL 20 2014.........SUNRISE   603 AM CDT   SUNSET   739 PM CDT
APRIL 21 2014.........SUNRISE   601 AM CDT   SUNSET   740 PM CDT


-  INDICATES NEGATIVE NUMBERS.
R  INDICATES RECORD WAS SET OR TIED.
MM INDICATES DATA IS MISSING.
T  INDICATES TRACE AMOUNT.




$$
