000
CDUS43 KLOT 180639
CLIUGN


CLIMATE REPORT
NATIONAL WEATHER SERVICE CHICAGO IL
1237 AM CST WED JAN 18 2017


...................................

...THE WAUKEGAN   CLIMATE SUMMARY FOR JANUARY 17 2017...

CLIMATE NORMAL PERIOD 1981 TO 2010
CLIMATE RECORD PERIOD 2000 TO 2017


WEATHER ITEM   OBSERVED TIME   RECORD YEAR NORMAL DEPARTURE LAST
                VALUE   (LST)  VALUE       VALUE  FROM      YEAR
                                                  NORMAL
..................................................................
TEMPERATURE (F)
 YESTERDAY
  MAXIMUM         39    200 PM  43    2015  30      9        6
  MINIMUM         34   1159 PM  -3    2016  15     19       -3
  AVERAGE         37

PRECIPITATION (IN)
  YESTERDAY        0.46R         0.16 2011   0.05   0.41     0.00
  MONTH TO DATE    1.58                      0.73   0.85     0.44
  SINCE DEC 1      2.48                      2.73  -0.25     5.24
  SINCE JAN 1      1.58                      0.73   0.85     0.44

DEGREE DAYS
 HEATING
  YESTERDAY       28                        42    -14       63
  MONTH TO DATE  720                       705     15      720
  SINCE DEC 1   1956                      1869     87     1562
  SINCE JUL 1   2843                      3254   -411     2720

 COOLING
  YESTERDAY        0                         0      0        0
  MONTH TO DATE    0                         0      0        0
  SINCE DEC 1      0                         0      0        0
  SINCE JAN 1      0                         0      0        0
..................................................................


WIND (MPH)
  RESULTANT WIND SPEED   1   RESULTANT WIND DIRECTION  NE (50)
  HIGHEST WIND SPEED    12   HIGHEST WIND DIRECTION     E (80)
  HIGHEST GUST SPEED    16   HIGHEST GUST DIRECTION     W (290)
  AVERAGE WIND SPEED     6.1


SKY COVER
  POSSIBLE SUNSHINE  MM
  AVERAGE SKY COVER 1.0


WEATHER CONDITIONS
 THE FOLLOWING WEATHER WAS RECORDED YESTERDAY.
  THUNDERSTORM
  HEAVY RAIN
  RAIN
  LIGHT RAIN
  FOG
  FOG W/VISIBILITY <= 1/4 MILE


RELATIVE HUMIDITY (PERCENT)
 HIGHEST   100
 LOWEST     92
 AVERAGE    96

..........................................................


THE WAUKEGAN   CLIMATE NORMALS FOR TODAY
                         NORMAL    RECORD    YEAR
 MAXIMUM TEMPERATURE (F)   30        44      2013
 MINIMUM TEMPERATURE (F)   15        -6      2016


SUNRISE AND SUNSET
JANUARY 18 2017.......SUNRISE   716 AM CST   SUNSET   448 PM CST
JANUARY 19 2017.......SUNRISE   716 AM CST   SUNSET   449 PM CST


-  INDICATES NEGATIVE NUMBERS.
R  INDICATES RECORD WAS SET OR TIED.
MM INDICATES DATA IS MISSING.
T  INDICATES TRACE AMOUNT.




$$
