000
CDUS43 KLOT 040643
CLIUGN


CLIMATE REPORT
NATIONAL WEATHER SERVICE CHICAGO IL
1242 AM CST SUN DEC 4 2016


...................................

...THE WAUKEGAN   CLIMATE SUMMARY FOR DECEMBER 3 2016...

CLIMATE NORMAL PERIOD 1981 TO 2010
CLIMATE RECORD PERIOD 2000 TO 2016


WEATHER ITEM   OBSERVED TIME   RECORD YEAR NORMAL DEPARTURE LAST
                VALUE   (LST)  VALUE       VALUE  FROM      YEAR
                                                  NORMAL
..................................................................
TEMPERATURE (F)
 YESTERDAY
  MAXIMUM         33    325 PM  68    2012  38     -5       36
  MINIMUM         29   1159 PM   6    2006  24      5       30
  AVERAGE         31

PRECIPITATION (IN)
  YESTERDAY        0.00          0.32 2011   0.08  -0.08     0.00
  MONTH TO DATE    T                         0.26  -0.26     0.51
  SINCE DEC 1      T                         0.26  -0.26     0.51
  SINCE JAN 1     27.53                     33.85  -6.32    33.59

DEGREE DAYS
 HEATING
  YESTERDAY       34                        34      0       32
  MONTH TO DATE   89                       101    -12       92
  SINCE DEC 1     89                       101    -12       92
  SINCE JUL 1    976                      1486   -510     1250

 COOLING
  YESTERDAY        0                         0      0        0
  MONTH TO DATE    0                         0      0        0
  SINCE DEC 1      0                         0      0        0
  SINCE JAN 1    855                       564    291      483
..................................................................


WIND (MPH)
  RESULTANT WIND SPEED   1   RESULTANT WIND DIRECTION  NW (300)
  HIGHEST WIND SPEED    10   HIGHEST WIND DIRECTION    SW (220)
  HIGHEST GUST SPEED    13   HIGHEST GUST DIRECTION    SW (230)
  AVERAGE WIND SPEED     2.4


SKY COVER
  POSSIBLE SUNSHINE  MM
  AVERAGE SKY COVER 1.0


WEATHER CONDITIONS
 THE FOLLOWING WEATHER WAS RECORDED YESTERDAY.
  HAZE


RELATIVE HUMIDITY (PERCENT)
 HIGHEST    85
 LOWEST     61
 AVERAGE    73

..........................................................


THE WAUKEGAN   CLIMATE NORMALS FOR TODAY
                         NORMAL    RECORD    YEAR
 MAXIMUM TEMPERATURE (F)   37        61      2001
 MINIMUM TEMPERATURE (F)   24         2      2002


SUNRISE AND SUNSET
DECEMBER  4 2016......SUNRISE   705 AM CST   SUNSET   419 PM CST
DECEMBER  5 2016......SUNRISE   706 AM CST   SUNSET   419 PM CST


-  INDICATES NEGATIVE NUMBERS.
R  INDICATES RECORD WAS SET OR TIED.
MM INDICATES DATA IS MISSING.
T  INDICATES TRACE AMOUNT.




$$
