000
CDUS43 KLOT 210642
CLIUGN


CLIMATE REPORT
NATIONAL WEATHER SERVICE CHICAGO IL
140 AM CDT SUN SEP 21 2014


...................................

...THE WAUKEGAN   CLIMATE SUMMARY FOR SEPTEMBER 20 2014...

CLIMATE NORMAL PERIOD 1981 TO 2010
CLIMATE RECORD PERIOD 2000 TO 2014


WEATHER ITEM   OBSERVED TIME   RECORD YEAR NORMAL DEPARTURE LAST
                VALUE   (LST)  VALUE       VALUE  FROM      YEAR
                                                  NORMAL
..................................................................
TEMPERATURE (F)
 YESTERDAY
  MAXIMUM         76    144 PM  81    2008  70      6       74
  MINIMUM         63    721 AM  40    2006  51     12       56
                                      2003
  AVERAGE         70

PRECIPITATION (IN)
  YESTERDAY        0.78R         0.52 2009   0.13   0.65     0.01
  MONTH TO DATE    3.63                      2.21   1.42     2.26
  SINCE SEP 1      3.63                      2.21   1.42     2.26
  SINCE JAN 1     26.58                     26.66  -0.08    24.10

DEGREE DAYS
 HEATING
  YESTERDAY        0                         6     -6        0
  MONTH TO DATE  111                        60     51       53
  SINCE SEP 1    111                        60     51       53
  SINCE JUL 1    154                        88     66       92

 COOLING
  YESTERDAY        5                         1      4        0
  MONTH TO DATE   49                        48      1       88
  SINCE SEP 1     49                        48      1       88
  SINCE JAN 1    420                       550   -130      578
..................................................................


WIND (MPH)
  RESULTANT WIND SPEED  12   RESULTANT WIND DIRECTION  SW (210)
  HIGHEST WIND SPEED    24   HIGHEST WIND DIRECTION    SW (210)
  HIGHEST GUST SPEED    30   HIGHEST GUST DIRECTION    SW (210)
  AVERAGE WIND SPEED    12.0


SKY COVER
  POSSIBLE SUNSHINE  MM
  AVERAGE SKY COVER 0.1


WEATHER CONDITIONS
 THE FOLLOWING WEATHER WAS RECORDED YESTERDAY.
  THUNDERSTORM
  HEAVY RAIN
  RAIN
  LIGHT RAIN
  FOG
  HAZE


RELATIVE HUMIDITY (PERCENT)
 HIGHEST    93
 LOWEST     56
 AVERAGE    75

..........................................................


THE WAUKEGAN   CLIMATE NORMALS FOR TODAY
                         NORMAL    RECORD    YEAR
 MAXIMUM TEMPERATURE (F)   69        88      2010
 MINIMUM TEMPERATURE (F)   51        37      2006


SUNRISE AND SUNSET
SEPTEMBER 21 2014.....SUNRISE   638 AM CDT   SUNSET   651 PM CDT
SEPTEMBER 22 2014.....SUNRISE   639 AM CDT   SUNSET   649 PM CDT


-  INDICATES NEGATIVE NUMBERS.
R  INDICATES RECORD WAS SET OR TIED.
MM INDICATES DATA IS MISSING.
T  INDICATES TRACE AMOUNT.




$$
