000
CDUS43 KLOT 300633
CLIUGN


CLIMATE REPORT
NATIONAL WEATHER SERVICE CHICAGO IL
131 AM CDT THU JUL 30 2015


...................................

...THE WAUKEGAN   CLIMATE SUMMARY FOR JULY 29 2015...

CLIMATE NORMAL PERIOD 1981 TO 2010
CLIMATE RECORD PERIOD 2000 TO 2015


WEATHER ITEM   OBSERVED TIME   RECORD YEAR NORMAL DEPARTURE LAST
                VALUE   (LST)  VALUE       VALUE  FROM      YEAR
                                                  NORMAL
..................................................................
TEMPERATURE (F)
 YESTERDAY
  MAXIMUM         84    259 PM  92    2006  80      4       78
  MINIMUM         70   1159 PM  50    2003  62      8       53
  AVERAGE         77

PRECIPITATION (IN)
  YESTERDAY        T             0.05 2014   0.13  -0.13     0.05
  MONTH TO DATE    4.29                      3.62   0.67     1.15
  SINCE JUN 1      8.55                      7.50   1.05     8.40
  SINCE JAN 1     17.95                     20.36  -2.41    19.24

DEGREE DAYS
 HEATING
  YESTERDAY        0                         0      0        0
  MONTH TO DATE   45                         3     42       33
  SINCE JUN 1    148                        89     59      106
  SINCE JUL 1     45                         3     42       33

 COOLING
  YESTERDAY       12                         6      6        1
  MONTH TO DATE  136                       196    -60       95
  SINCE JUN 1    190                       301   -111      178
  SINCE JAN 1    215                       326   -111      201
..................................................................


WIND (MPH)
  RESULTANT WIND SPEED   2   RESULTANT WIND DIRECTION   W (250)
  HIGHEST WIND SPEED    14   HIGHEST WIND DIRECTION     W (280)
  HIGHEST GUST SPEED    23   HIGHEST GUST DIRECTION     W (270)
  AVERAGE WIND SPEED     6.2


SKY COVER
  POSSIBLE SUNSHINE  MM
  AVERAGE SKY COVER 0.3


WEATHER CONDITIONS
 THE FOLLOWING WEATHER WAS RECORDED YESTERDAY.
  NO SIGNIFICANT WEATHER WAS OBSERVED.


RELATIVE HUMIDITY (PERCENT)
 HIGHEST    94
 LOWEST     34
 AVERAGE    64

..........................................................


THE WAUKEGAN   CLIMATE NORMALS FOR TODAY
                         NORMAL    RECORD    YEAR
 MAXIMUM TEMPERATURE (F)   80        93      2002
 MINIMUM TEMPERATURE (F)   62        35      2011


SUNRISE AND SUNSET
JULY 30 2015..........SUNRISE   542 AM CDT   SUNSET   814 PM CDT
JULY 31 2015..........SUNRISE   543 AM CDT   SUNSET   813 PM CDT


-  INDICATES NEGATIVE NUMBERS.
R  INDICATES RECORD WAS SET OR TIED.
MM INDICATES DATA IS MISSING.
T  INDICATES TRACE AMOUNT.




$$
