000
CDUS43 KLOT 260634
CLIUGN


CLIMATE REPORT
NATIONAL WEATHER SERVICE CHICAGO IL
133 AM CDT TUE MAY 26 2015


...................................

...THE WAUKEGAN   CLIMATE SUMMARY FOR MAY 25 2015...

CLIMATE NORMAL PERIOD 1981 TO 2010
CLIMATE RECORD PERIOD 2000 TO 2015


WEATHER ITEM   OBSERVED TIME   RECORD YEAR NORMAL DEPARTURE LAST
                VALUE   (LST)  VALUE       VALUE  FROM      YEAR
                                                  NORMAL
..................................................................
TEMPERATURE (F)
 YESTERDAY
  MAXIMUM         78    443 PM  81    2012  68     10       73
  MINIMUM         64    930 PM  38    2013  47     17       45
  AVERAGE         71

PRECIPITATION (IN)
  YESTERDAY        0.06          0.90 2011   0.13  -0.07     0.00
  MONTH TO DATE    3.17                      3.26  -0.09     4.25
  SINCE MAR 1      8.05                      9.06  -1.01     8.03
  SINCE JAN 1      8.59                     12.11  -3.52    10.05

DEGREE DAYS
 HEATING
  YESTERDAY        0                         8     -8        6
  MONTH TO DATE  249                       268    -19      278
  SINCE MAR 1   1833                      1764     69     2050
  SINCE JUL 1   7358                      6710    648     7919

 COOLING
  YESTERDAY        6                         1      5        0
  MONTH TO DATE   15                        12      3       12
  SINCE MAR 1     15                        16     -1       12
  SINCE JAN 1     15                        16     -1       12
..................................................................


WIND (MPH)
  RESULTANT WIND SPEED  14   RESULTANT WIND DIRECTION   S (200)
  HIGHEST WIND SPEED    31   HIGHEST WIND DIRECTION     S (200)
  HIGHEST GUST SPEED    43   HIGHEST GUST DIRECTION     S (200)
  AVERAGE WIND SPEED    14.6


SKY COVER
  POSSIBLE SUNSHINE  MM
  AVERAGE SKY COVER 0.5


WEATHER CONDITIONS
 THE FOLLOWING WEATHER WAS RECORDED YESTERDAY.
  HEAVY RAIN
  LIGHT RAIN
  FOG
  HAZE


RELATIVE HUMIDITY (PERCENT)
 HIGHEST    81
 LOWEST     54
 AVERAGE    68

..........................................................


THE WAUKEGAN   CLIMATE NORMALS FOR TODAY
                         NORMAL    RECORD    YEAR
 MAXIMUM TEMPERATURE (F)   69        83      2014
 MINIMUM TEMPERATURE (F)   48        36      2013


SUNRISE AND SUNSET
MAY 26 2015...........SUNRISE   521 AM CDT   SUNSET   817 PM CDT
MAY 27 2015...........SUNRISE   520 AM CDT   SUNSET   818 PM CDT


-  INDICATES NEGATIVE NUMBERS.
R  INDICATES RECORD WAS SET OR TIED.
MM INDICATES DATA IS MISSING.
T  INDICATES TRACE AMOUNT.




$$
