000
CDUS43 KLOT 290648
CLIUGN


CLIMATE REPORT
NATIONAL WEATHER SERVICE CHICAGO IL
144 AM CDT MON MAY 29 2017


...................................

...THE WAUKEGAN   CLIMATE SUMMARY FOR MAY 28 2017...

CLIMATE NORMAL PERIOD 1981 TO 2010
CLIMATE RECORD PERIOD 2000 TO 2017


WEATHER ITEM   OBSERVED TIME   RECORD YEAR NORMAL DEPARTURE LAST
                VALUE   (LST)  VALUE       VALUE  FROM      YEAR
                                                  NORMAL
..................................................................
TEMPERATURE (F)
 YESTERDAY
  MAXIMUM         75    421 PM  92    2012  70      5       81
  MINIMUM         51    351 AM  -1    2008  48      3       63
  AVERAGE         63

PRECIPITATION (IN)
  YESTERDAY        0.00          0.61 2003   0.13  -0.13     0.09
  MONTH TO DATE    2.37                      3.63  -1.26     3.93
  SINCE MAR 1      9.86                      9.43   0.43    10.24
  SINCE JAN 1     14.08                     12.48   1.60    11.75

DEGREE DAYS
 HEATING
  YESTERDAY        2                         7     -5        0
  MONTH TO DATE  337                       290     47      299
  SINCE MAR 1   1679                      1786   -107     1712
  SINCE JUL 1   5791                      6732   -941     6057

 COOLING
  YESTERDAY        0                         1     -1        7
  MONTH TO DATE   17                        15      2       31
  SINCE MAR 1     21                        19      2       31
  SINCE JAN 1     21                        19      2       31
..................................................................


WIND (MPH)
  RESULTANT WIND SPEED   0   RESULTANT WIND DIRECTION   W (250)
  HIGHEST WIND SPEED    13   HIGHEST WIND DIRECTION    NW (300)
  HIGHEST GUST SPEED    19   HIGHEST GUST DIRECTION    NW (310)
  AVERAGE WIND SPEED     4.6


SKY COVER
  POSSIBLE SUNSHINE  MM
  AVERAGE SKY COVER 0.4


WEATHER CONDITIONS
 THE FOLLOWING WEATHER WAS RECORDED YESTERDAY.
  FOG
  HAZE


RELATIVE HUMIDITY (PERCENT)
 HIGHEST   100
 LOWEST     40
 AVERAGE    70

..........................................................


THE WAUKEGAN   CLIMATE NORMALS FOR TODAY
                         NORMAL    RECORD    YEAR
 MAXIMUM TEMPERATURE (F)   70        86      2006
 MINIMUM TEMPERATURE (F)   49        39      2001


SUNRISE AND SUNSET
MAY 29 2017...........SUNRISE   518 AM CDT   SUNSET   820 PM CDT
MAY 30 2017...........SUNRISE   518 AM CDT   SUNSET   821 PM CDT


-  INDICATES NEGATIVE NUMBERS.
R  INDICATES RECORD WAS SET OR TIED.
MM INDICATES DATA IS MISSING.
T  INDICATES TRACE AMOUNT.




$$
