000
CDUS46 KSEW 070119
CLIUIL


CLIMATE REPORT
NATIONAL WEATHER SERVICE SEATTLE WA
519 PM PST FRI MAR 6 2015


...................................

...THE QUILLAYUTE WA AIRPORT CLIMATE SUMMARY FOR MARCH 6 2015...
VALID TODAY AS OF 0500 PM LOCAL TIME.

CLIMATE NORMAL PERIOD 1981 TO 2010
CLIMATE RECORD PERIOD 1966 TO 2015


WEATHER ITEM   OBSERVED TIME   RECORD YEAR NORMAL DEPARTURE LAST
                VALUE   (LST)  VALUE       VALUE  FROM      YEAR
                                                  NORMAL
..................................................................
TEMPERATURE (F)
 TODAY
  MAXIMUM         64    117 PM  69    2001  51     13       50
  MINIMUM         32    717 AM  24    1999  36     -4       47
  AVERAGE         48                        43      5       49

PRECIPITATION (IN)
  TODAY            0.00          1.50 1977   0.36  -0.36     1.04
  MONTH TO DATE    0.11                      2.19  -2.08     5.04
  SINCE OCT 1     64.69                     66.15  -1.46    44.84
  SINCE JAN 1     19.94                     27.15  -7.21    27.61

DEGREE DAYS
 HEATING
  TODAY           17                        22     -5       16
  MONTH TO DATE  133                       132      1      106
  SINCE MAR 1    133                       132      1      106
  SINCE JUL 1   3043                      3977   -934     3300

 COOLING
  TODAY            0                         0      0        0
  MONTH TO DATE    0                         0      0        0
  SINCE MAR 1      0                         0      0        0
  SINCE JAN 1      0                         0      0        0
..................................................................


WIND (MPH)
  RESULTANT WIND SPEED   1   RESULTANT WIND DIRECTION  SW (220)
  HIGHEST WIND SPEED     9   HIGHEST WIND DIRECTION     W (250)
  HIGHEST GUST SPEED    13   HIGHEST GUST DIRECTION     W (280)
  AVERAGE WIND SPEED     2.5


SKY COVER
  AVERAGE SKY COVER 0.0


WEATHER CONDITIONS
 THE FOLLOWING WEATHER WAS RECORDED TODAY.
  FOG


RELATIVE HUMIDITY (PERCENT)
 HIGHEST   100           100 AM
 LOWEST     31           100 PM
 AVERAGE    66

..........................................................


THE QUILLAYUTE WA AIRPORT CLIMATE NORMALS FOR TOMORROW
                         NORMAL    RECORD    YEAR
 MAXIMUM TEMPERATURE (F)   51        65      2001
 MINIMUM TEMPERATURE (F)   36        25      1985
                                             1982


SUNRISE AND SUNSET
MARCH  6 2015.........SUNRISE   650 AM PST   SUNSET   610 PM PST
MARCH  7 2015.........SUNRISE   648 AM PST   SUNSET   612 PM PST


-  INDICATES NEGATIVE NUMBERS.
R  INDICATES RECORD WAS SET OR TIED.
MM INDICATES DATA IS MISSING.
T  INDICATES TRACE AMOUNT.




$$
