980
CDUS46 KSEW 230900
CLIUIL


CLIMATE REPORT
NATIONAL WEATHER SERVICE SEATTLE WA
200 AM PDT MON OCT 23 2017


...................................

...THE QUILLAYUTE WA AIRPORT CLIMATE SUMMARY FOR OCTOBER 22 2017...

CLIMATE NORMAL PERIOD 1981 TO 2010
CLIMATE RECORD PERIOD 1966 TO 2017


WEATHER ITEM   OBSERVED TIME   RECORD YEAR NORMAL DEPARTURE LAST
                VALUE   (LST)  VALUE       VALUE  FROM      YEAR
                                                  NORMAL
..................................................................
TEMPERATURE (F)
 YESTERDAY
  MAXIMUM         60    236 PM  72    2013  56      4       57
  MINIMUM         43   1137 PM  30    1980  41      2       43
  AVERAGE         52                        49      3       50

PRECIPITATION (IN)
  YESTERDAY        T             2.44 2014   0.38  -0.38     0.17
  MONTH TO DATE    6.95                      6.68   0.27    17.04
  SINCE OCT 1      6.95                      6.68   0.27    17.04
  SINCE JAN 1     78.34                     67.22  11.12    79.41

DEGREE DAYS
 HEATING
  YESTERDAY       13                        16     -3       15
  MONTH TO DATE  337                       310     27      280
  SINCE SEP 1    528                       566    -38      545
  SINCE JUL 1    834                       935   -101      821

 COOLING
  YESTERDAY        0                         0      0        0
  MONTH TO DATE    0                         0      0        0
  SINCE SEP 1     20                         2     18        0
  SINCE JAN 1     73                        19     54       54
..................................................................


WIND (MPH)
  RESULTANT WIND SPEED   6   RESULTANT WIND DIRECTION  SW (220)
  HIGHEST WIND SPEED    18   HIGHEST WIND DIRECTION    SW (230)
  HIGHEST GUST SPEED    26   HIGHEST GUST DIRECTION    SW (240)
  AVERAGE WIND SPEED     6.3


SKY COVER
  AVERAGE SKY COVER 0.9


WEATHER CONDITIONS
 THE FOLLOWING WEATHER WAS RECORDED YESTERDAY.
  LIGHT RAIN
  FOG


RELATIVE HUMIDITY (PERCENT)
 HIGHEST   100           800 PM
 LOWEST     72          1000 AM
 AVERAGE    86

..........................................................


THE QUILLAYUTE WA AIRPORT CLIMATE NORMALS FOR TODAY
                         NORMAL    RECORD    YEAR
 MAXIMUM TEMPERATURE (F)   56        72      2007
 MINIMUM TEMPERATURE (F)   41        30      1975


SUNRISE AND SUNSET
OCTOBER 23 2017.......SUNRISE   750 AM PDT   SUNSET   614 PM PDT
OCTOBER 24 2017.......SUNRISE   751 AM PDT   SUNSET   613 PM PDT


-  INDICATES NEGATIVE NUMBERS.
R  INDICATES RECORD WAS SET OR TIED.
MM INDICATES DATA IS MISSING.
T  INDICATES TRACE AMOUNT.




$$
