000
CDUS46 KSEW 240837
CLIUIL


CLIMATE REPORT
NATIONAL WEATHER SERVICE SEATTLE WA
137 AM PDT SAT JUN 24 2017


...................................

...THE QUILLAYUTE WA AIRPORT CLIMATE SUMMARY FOR JUNE 23 2017...

CLIMATE NORMAL PERIOD 1981 TO 2010
CLIMATE RECORD PERIOD 1966 TO 2017


WEATHER ITEM   OBSERVED TIME   RECORD YEAR NORMAL DEPARTURE LAST
                VALUE   (LST)  VALUE       VALUE  FROM      YEAR
                                                  NORMAL
..................................................................
TEMPERATURE (F)
 YESTERDAY
  MAXIMUM         81   1208 PM  87    1989  64     17       63
  MINIMUM         44    420 AM  38    2008  48     -4       50
  AVERAGE         63                        56      7       57

PRECIPITATION (IN)
  YESTERDAY        0.00          0.61 1969   0.10  -0.10     0.26
  MONTH TO DATE    4.30                      2.86   1.44     3.33
  SINCE OCT 1    126.83                     90.61  36.22    99.14
  SINCE JAN 1     66.90                     51.61  15.29    55.16

DEGREE DAYS
 HEATING
  YESTERDAY        2                         9     -7        8
  MONTH TO DATE  234                       235     -1      201
  SINCE JUN 1    234                       235     -1      201
  SINCE JUL 1   5637                      5703    -66     4590

 COOLING
  YESTERDAY        0                         0      0        0
  MONTH TO DATE    0                         0      0       11
  SINCE JUN 1      0                         0      0       11
  SINCE JAN 1      0                         1     -1       11
..................................................................


WIND (MPH)
  RESULTANT WIND SPEED   4   RESULTANT WIND DIRECTION  NW (320)
  HIGHEST WIND SPEED    17   HIGHEST WIND DIRECTION    NW (330)
  HIGHEST GUST SPEED    22   HIGHEST GUST DIRECTION    NW (330)
  AVERAGE WIND SPEED     6.3


SKY COVER
  AVERAGE SKY COVER 0.0


WEATHER CONDITIONS
 THE FOLLOWING WEATHER WAS RECORDED YESTERDAY.
  NO SIGNIFICANT WEATHER WAS OBSERVED.


RELATIVE HUMIDITY (PERCENT)
 HIGHEST   100           400 AM
 LOWEST     32           200 PM
 AVERAGE    66

..........................................................


THE QUILLAYUTE WA AIRPORT CLIMATE NORMALS FOR TODAY
                         NORMAL    RECORD    YEAR
 MAXIMUM TEMPERATURE (F)   64        89      1989
 MINIMUM TEMPERATURE (F)   49        38      1988


SUNRISE AND SUNSET
JUNE 24 2017..........SUNRISE   520 AM PDT   SUNSET   922 PM PDT
JUNE 25 2017..........SUNRISE   520 AM PDT   SUNSET   922 PM PDT


-  INDICATES NEGATIVE NUMBERS.
R  INDICATES RECORD WAS SET OR TIED.
MM INDICATES DATA IS MISSING.
T  INDICATES TRACE AMOUNT.




$$
