000
CDUS46 KSEW 250833
CLIUIL


CLIMATE REPORT
NATIONAL WEATHER SERVICE SEATTLE WA
133 AM PDT MON MAY 25 2015


...................................

...THE QUILLAYUTE WA AIRPORT CLIMATE SUMMARY FOR MAY 24 2015...

CLIMATE NORMAL PERIOD 1981 TO 2010
CLIMATE RECORD PERIOD 1966 TO 2015


WEATHER ITEM   OBSERVED TIME   RECORD YEAR NORMAL DEPARTURE LAST
                VALUE   (LST)  VALUE       VALUE  FROM      YEAR
                                                  NORMAL
..................................................................
TEMPERATURE (F)
 YESTERDAY
  MAXIMUM         58    240 PM  83    1993  61     -3       61
  MINIMUM         49    520 AM  33    2000  45      4       47
  AVERAGE         54                        53      1       54

PRECIPITATION (IN)
  YESTERDAY        0.01          2.83 1974   0.15  -0.14     0.01
  MONTH TO DATE    0.66                      4.05  -3.39     3.49
  SINCE OCT 1     86.14                     86.69  -0.55    69.00
  SINCE JAN 1     41.39                     47.69  -6.30    51.77

DEGREE DAYS
 HEATING
  YESTERDAY       11                        12     -1       11
  MONTH TO DATE  294                       342    -48      235
  SINCE MAR 1   1353                      1539   -186     1323
  SINCE JUL 1   4263                      5384  -1121     4517

 COOLING
  YESTERDAY        0                         0      0        0
  MONTH TO DATE    0                         0      0        2
  SINCE MAR 1      0                         0      0        4
  SINCE JAN 1      0                         0      0        4
..................................................................


WIND (MPH)
  RESULTANT WIND SPEED   4   RESULTANT WIND DIRECTION   W (260)
  HIGHEST WIND SPEED    13   HIGHEST WIND DIRECTION    SW (240)
  HIGHEST GUST SPEED    16   HIGHEST GUST DIRECTION     W (250)
  AVERAGE WIND SPEED     4.6


SKY COVER
  AVERAGE SKY COVER 1.0


WEATHER CONDITIONS
 THE FOLLOWING WEATHER WAS RECORDED YESTERDAY.
  LIGHT RAIN
  FOG


RELATIVE HUMIDITY (PERCENT)
 HIGHEST   100          1200 AM
 LOWEST     83           100 PM
 AVERAGE    92

..........................................................


THE QUILLAYUTE WA AIRPORT CLIMATE NORMALS FOR TODAY
                         NORMAL    RECORD    YEAR
 MAXIMUM TEMPERATURE (F)   61        78      2005
 MINIMUM TEMPERATURE (F)   45        32      1972


SUNRISE AND SUNSET
MAY 25 2015...........SUNRISE   529 AM PDT   SUNSET   902 PM PDT
MAY 26 2015...........SUNRISE   528 AM PDT   SUNSET   903 PM PDT


-  INDICATES NEGATIVE NUMBERS.
R  INDICATES RECORD WAS SET OR TIED.
MM INDICATES DATA IS MISSING.
T  INDICATES TRACE AMOUNT.




$$
