000
CDUS46 KSEW 210834
CLIUIL


CLIMATE REPORT
NATIONAL WEATHER SERVICE SEATTLE WA
134 AM PDT THU AUG 21 2014


...................................

...THE QUILLAYUTE WA AIRPORT CLIMATE SUMMARY FOR AUGUST 20 2014...

CLIMATE NORMAL PERIOD 1981 TO 2010
CLIMATE RECORD PERIOD 1966 TO 2014


WEATHER ITEM   OBSERVED TIME   RECORD YEAR NORMAL DEPARTURE LAST
                VALUE   (LST)  VALUE       VALUE  FROM      YEAR
                                                  NORMAL
..................................................................
TEMPERATURE (F)
 YESTERDAY
  MAXIMUM         67   1142 AM  85    1986  69     -2       73
  MINIMUM         55   1058 PM  43    1998  50      5       50
                                      1986
  AVERAGE         61                        60      1       62

PRECIPITATION (IN)
  YESTERDAY        0.00          0.83 1989   0.09  -0.09     0.00
  MONTH TO DATE    0.52                      1.42  -0.90     0.45
  SINCE OCT 1     72.91                     94.65 -21.74   106.23
  SINCE JAN 1     55.68                     55.65   0.03    59.26

DEGREE DAYS
 HEATING
  YESTERDAY        4                         6     -2        3
  MONTH TO DATE   65                       108    -43       43
  SINCE JUN 1    450                       596   -146      336
  SINCE JUL 1    201                       302   -101      156

 COOLING
  YESTERDAY        0                         0      0        0
  MONTH TO DATE    8                         0      8        1
  SINCE JUN 1     14                        10      4       14
  SINCE JAN 1     18                        11      7       17
..................................................................


WIND (MPH)
  RESULTANT WIND SPEED   5   RESULTANT WIND DIRECTION   S (200)
  HIGHEST WIND SPEED    15   HIGHEST WIND DIRECTION    SW (220)
  HIGHEST GUST SPEED    22   HIGHEST GUST DIRECTION    SW (230)
  AVERAGE WIND SPEED     5.6


SKY COVER
  AVERAGE SKY COVER 0.9


WEATHER CONDITIONS
 THE FOLLOWING WEATHER WAS RECORDED YESTERDAY.
  FOG


RELATIVE HUMIDITY (PERCENT)
 HIGHEST    93          1200 AM
 LOWEST     63          1000 AM
 AVERAGE    78

..........................................................


THE QUILLAYUTE WA AIRPORT CLIMATE NORMALS FOR TODAY
                         NORMAL    RECORD    YEAR
 MAXIMUM TEMPERATURE (F)   69        86      2013
 MINIMUM TEMPERATURE (F)   50        40      1976


SUNRISE AND SUNSET
AUGUST 21 2014........SUNRISE   621 AM PDT   SUNSET   820 PM PDT
AUGUST 22 2014........SUNRISE   623 AM PDT   SUNSET   818 PM PDT


-  INDICATES NEGATIVE NUMBERS.
R  INDICATES RECORD WAS SET OR TIED.
MM INDICATES DATA IS MISSING.
T  INDICATES TRACE AMOUNT.




$$
