000
CDUS46 KSEW 240827
CLIUIL


CLIMATE REPORT
NATIONAL WEATHER SERVICE SEATTLE WA
127 AM PDT THU APR 24 2014


...................................

...THE QUILLAYUTE WA AIRPORT CLIMATE SUMMARY FOR APRIL 23 2014...

CLIMATE NORMAL PERIOD 1981 TO 2010
CLIMATE RECORD PERIOD 1966 TO 2014


WEATHER ITEM   OBSERVED TIME   RECORD YEAR NORMAL DEPARTURE LAST
                VALUE   (LST)  VALUE       VALUE  FROM      YEAR
                                                  NORMAL
..................................................................
TEMPERATURE (F)
 YESTERDAY
  MAXIMUM         55   1207 PM  71    1995  56     -1       68
  MINIMUM         42   1244 AM  30    1999  39      3       33
  AVERAGE         49                        48      1       51

PRECIPITATION (IN)
  YESTERDAY        0.90          1.15 1991   0.25   0.65     0.00
  MONTH TO DATE    8.25                      6.32   1.93     9.24
  SINCE OCT 1     63.86                     81.11 -17.25    94.31
  SINCE JAN 1     46.63                     42.11   4.52    47.34

DEGREE DAYS
 HEATING
  YESTERDAY       16                        17     -1       14
  MONTH TO DATE  405                       431    -26      377
  SINCE MAR 1    991                      1079    -88      960
  SINCE JUL 1   4185                      4924   -739     4653

 COOLING
  YESTERDAY        0                         0      0        0
  MONTH TO DATE    0                         0      0        0
  SINCE MAR 1      0                         0      0        0
  SINCE JAN 1      0                         0      0        0
..................................................................


WIND (MPH)
  RESULTANT WIND SPEED   5   RESULTANT WIND DIRECTION  SE (130)
  HIGHEST WIND SPEED    14   HIGHEST WIND DIRECTION    SW (220)
  HIGHEST GUST SPEED    25   HIGHEST GUST DIRECTION    SE (150)
  AVERAGE WIND SPEED     6.4


SKY COVER
  AVERAGE SKY COVER 0.6


WEATHER CONDITIONS
 THE FOLLOWING WEATHER WAS RECORDED YESTERDAY.
  HEAVY RAIN
  RAIN
  LIGHT RAIN
  FOG


RELATIVE HUMIDITY (PERCENT)
 HIGHEST   100           600 AM
 LOWEST     66          1200 PM
 AVERAGE    83

..........................................................


THE QUILLAYUTE WA AIRPORT CLIMATE NORMALS FOR TODAY
                         NORMAL    RECORD    YEAR
 MAXIMUM TEMPERATURE (F)   56        72      2006
                                             1989
 MINIMUM TEMPERATURE (F)   39        30      2009


SUNRISE AND SUNSET
APRIL 24 2014.........SUNRISE   612 AM PDT   SUNSET   821 PM PDT
APRIL 25 2014.........SUNRISE   610 AM PDT   SUNSET   823 PM PDT


-  INDICATES NEGATIVE NUMBERS.
R  INDICATES RECORD WAS SET OR TIED.
MM INDICATES DATA IS MISSING.
T  INDICATES TRACE AMOUNT.




$$
