000
CDUS46 KSEW 170830
CLIUIL


CLIMATE REPORT
NATIONAL WEATHER SERVICE SEATTLE WA
129 AM PDT THU AUG 17 2017


...................................

...THE QUILLAYUTE WA AIRPORT CLIMATE SUMMARY FOR AUGUST 16 2017...

CLIMATE NORMAL PERIOD 1981 TO 2010
CLIMATE RECORD PERIOD 1966 TO 2017


WEATHER ITEM   OBSERVED TIME   RECORD YEAR NORMAL DEPARTURE LAST
                VALUE   (LST)  VALUE       VALUE  FROM      YEAR
                                                  NORMAL
..................................................................
TEMPERATURE (F)
 YESTERDAY
  MAXIMUM         66    249 PM  89    2012  69     -3       70
  MINIMUM         56    719 AM  38    2000  51      5       55
  AVERAGE         61                        60      1       63

PRECIPITATION (IN)
  YESTERDAY        T             0.58 1973   0.08  -0.08     0.00
  MONTH TO DATE    0.38                      1.05  -0.67     0.27
  SINCE OCT 1    127.45                     94.28  33.17   101.77
  SINCE JAN 1     67.52                     55.28  12.24    57.79

DEGREE DAYS
 HEATING
  YESTERDAY        4                         6     -2        2
  MONTH TO DATE   61                        84    -23       69
  SINCE JUN 1    513                       572    -59      473
  SINCE JUL 1    245                       278    -33      224

 COOLING
  YESTERDAY        0                         0      0        0
  MONTH TO DATE   24                         0     24        3
  SINCE JUN 1     35                        10     25       14
  SINCE JAN 1     35                        11     24       14
..................................................................


WIND (MPH)
  RESULTANT WIND SPEED   1   RESULTANT WIND DIRECTION   W (270)
  HIGHEST WIND SPEED    12   HIGHEST WIND DIRECTION    SW (240)
  HIGHEST GUST SPEED    13   HIGHEST GUST DIRECTION    SW (220)
  AVERAGE WIND SPEED     2.9


SKY COVER
  AVERAGE SKY COVER 1.0


WEATHER CONDITIONS
 THE FOLLOWING WEATHER WAS RECORDED YESTERDAY.
  LIGHT RAIN
  FOG
  HAZE


RELATIVE HUMIDITY (PERCENT)
 HIGHEST   100           700 AM
 LOWEST     84          1100 AM
 AVERAGE    92

..........................................................


THE QUILLAYUTE WA AIRPORT CLIMATE NORMALS FOR TODAY
                         NORMAL    RECORD    YEAR
 MAXIMUM TEMPERATURE (F)   69        79      1977
 MINIMUM TEMPERATURE (F)   51        38      1986


SUNRISE AND SUNSET
AUGUST 17 2017........SUNRISE   616 AM PDT   SUNSET   827 PM PDT
AUGUST 18 2017........SUNRISE   618 AM PDT   SUNSET   825 PM PDT


-  INDICATES NEGATIVE NUMBERS.
R  INDICATES RECORD WAS SET OR TIED.
MM INDICATES DATA IS MISSING.
T  INDICATES TRACE AMOUNT.




$$
