000
CDUS46 KSEW 040829
CLIUIL


CLIMATE REPORT
NATIONAL WEATHER SERVICE SEATTLE WA
128 AM PDT FRI SEP 4 2015


...................................

...THE QUILLAYUTE WA AIRPORT CLIMATE SUMMARY FOR SEPTEMBER 3 2015...

CLIMATE NORMAL PERIOD 1981 TO 2010
CLIMATE RECORD PERIOD 1966 TO 2015


WEATHER ITEM   OBSERVED TIME   RECORD YEAR NORMAL DEPARTURE LAST
                VALUE   (LST)  VALUE       VALUE  FROM      YEAR
                                                  NORMAL
..................................................................
TEMPERATURE (F)
 YESTERDAY
  MAXIMUM         65    343 PM  82    2011  68     -3       66
  MINIMUM         48   1159 PM  37    1999  49     -1       47
  AVERAGE         57                        58     -1       57

PRECIPITATION (IN)
  YESTERDAY        0.35          1.27 2007   0.10   0.25     0.00
  MONTH TO DATE    0.92                      0.30   0.62     0.15
  SINCE OCT 1     92.29                     96.02  -3.73    73.23
  SINCE JAN 1     47.54                     57.02  -9.48    56.00

DEGREE DAYS
 HEATING
  YESTERDAY        8                         7      1        8
  MONTH TO DATE   23                        20      3       22
  SINCE SEP 1     23                        20      3       22
  SINCE JUL 1    180                       389   -209      272

 COOLING
  YESTERDAY        0                         0      0        0
  MONTH TO DATE    0                         0      0        0
  SINCE SEP 1      0                         0      0        0
  SINCE JAN 1     56                        17     39       18
..................................................................


WIND (MPH)
  RESULTANT WIND SPEED   2   RESULTANT WIND DIRECTION  SW (210)
  HIGHEST WIND SPEED    14   HIGHEST WIND DIRECTION    SW (220)
  HIGHEST GUST SPEED    17   HIGHEST GUST DIRECTION    SW (210)
  AVERAGE WIND SPEED     4.4


SKY COVER
  AVERAGE SKY COVER 0.4


WEATHER CONDITIONS
 THE FOLLOWING WEATHER WAS RECORDED YESTERDAY.
  THUNDERSTORM
  HEAVY RAIN
  RAIN
  LIGHT RAIN


RELATIVE HUMIDITY (PERCENT)
 HIGHEST   100          1200 AM
 LOWEST     60           400 PM
 AVERAGE    80

..........................................................


THE QUILLAYUTE WA AIRPORT CLIMATE NORMALS FOR TODAY
                         NORMAL    RECORD    YEAR
 MAXIMUM TEMPERATURE (F)   68        88      1991
 MINIMUM TEMPERATURE (F)   49        38      1998


SUNRISE AND SUNSET
SEPTEMBER  4 2015.....SUNRISE   640 AM PDT   SUNSET   753 PM PDT
SEPTEMBER  5 2015.....SUNRISE   642 AM PDT   SUNSET   751 PM PDT


-  INDICATES NEGATIVE NUMBERS.
R  INDICATES RECORD WAS SET OR TIED.
MM INDICATES DATA IS MISSING.
T  INDICATES TRACE AMOUNT.




$$
