000
CDUS46 KSEW 200118
CLIUIL


CLIMATE REPORT
NATIONAL WEATHER SERVICE SEATTLE WA
518 PM PST FRI JAN 19 2018


...................................

...THE QUILLAYUTE WA AIRPORT CLIMATE SUMMARY FOR JANUARY 19 2018...
VALID TODAY AS OF 0500 PM LOCAL TIME.

CLIMATE NORMAL PERIOD 1981 TO 2010
CLIMATE RECORD PERIOD 1966 TO 2018


WEATHER ITEM   OBSERVED TIME   RECORD YEAR NORMAL DEPARTURE LAST
                VALUE   (LST)  VALUE       VALUE  FROM      YEAR
                                                  NORMAL
..................................................................
TEMPERATURE (F)
 TODAY
  MAXIMUM         45    459 PM  62    2009  47     -2       47
                                      2005
                                      1981
  MINIMUM         41    852 AM  18    1984  36      5       42
  AVERAGE         43                        42      1       45

PRECIPITATION (IN)
  TODAY            1.04          3.26 1968   0.48   0.56     0.61
  MONTH TO DATE    8.14                      9.24  -1.10     7.26
  SINCE OCT 1     46.36                     48.24  -1.88    67.19
  SINCE JAN 1      8.14                      9.24  -1.10     7.26

DEGREE DAYS
 HEATING
  TODAY           22                        23     -1       20
  MONTH TO DATE  378                       449    -71      550
  SINCE DEC 1   1140                      1213    -73     1411
  SINCE JUL 1   2674                      2927   -253     2838

 COOLING
  TODAY            0                         0      0        0
  MONTH TO DATE    0                         0      0        0
  SINCE DEC 1      0                         0      0        0
  SINCE JAN 1      0                         0      0        0
..................................................................


WIND (MPH)
  RESULTANT WIND SPEED   7   RESULTANT WIND DIRECTION   S (170)
  HIGHEST WIND SPEED    15   HIGHEST WIND DIRECTION    SW (210)
  HIGHEST GUST SPEED    23   HIGHEST GUST DIRECTION    SE (140)
  AVERAGE WIND SPEED     9.0


SKY COVER
  AVERAGE SKY COVER 0.7


WEATHER CONDITIONS
 THE FOLLOWING WEATHER WAS RECORDED TODAY.
  RAIN
  LIGHT RAIN
  FOG


RELATIVE HUMIDITY (PERCENT)
 HIGHEST   100          1200 PM
 LOWEST     89           900 AM
 AVERAGE    95

..........................................................


THE QUILLAYUTE WA AIRPORT CLIMATE NORMALS FOR TOMORROW
                         NORMAL    RECORD    YEAR
 MAXIMUM TEMPERATURE (F)   48        64      2005
 MINIMUM TEMPERATURE (F)   36        20      1969


SUNRISE AND SUNSET
JANUARY 19 2018.......SUNRISE   800 AM PST   SUNSET   459 PM PST
JANUARY 20 2018.......SUNRISE   759 AM PST   SUNSET   500 PM PST


-  INDICATES NEGATIVE NUMBERS.
R  INDICATES RECORD WAS SET OR TIED.
MM INDICATES DATA IS MISSING.
T  INDICATES TRACE AMOUNT.




$$
