000
CDUS46 KSEW 150828
CLIUIL


CLIMATE REPORT
NATIONAL WEATHER SERVICE SEATTLE WA
127 AM PDT MON SEP 15 2014


...................................

...THE QUILLAYUTE WA AIRPORT CLIMATE SUMMARY FOR SEPTEMBER 14 2014...

CLIMATE NORMAL PERIOD 1981 TO 2010
CLIMATE RECORD PERIOD 1966 TO 2014


WEATHER ITEM   OBSERVED TIME   RECORD YEAR NORMAL DEPARTURE LAST
                VALUE   (LST)  VALUE       VALUE  FROM      YEAR
                                                  NORMAL
..................................................................
TEMPERATURE (F)
 YESTERDAY
  MAXIMUM         81    133 PM  87    1967  67     14       67
  MINIMUM         42    417 AM  35    1992  47     -5       60
  AVERAGE         62                        57      5       64

PRECIPITATION (IN)
  YESTERDAY        0.00          1.04 1997   0.11  -0.11     0.01
  MONTH TO DATE    0.15                      1.50  -1.35     0.09
  SINCE OCT 1     73.23                     97.22 -23.99   108.88
  SINCE JAN 1     56.00                     58.22  -2.22    61.91

DEGREE DAYS
 HEATING
  YESTERDAY        3                         8     -5        1
  MONTH TO DATE   63                       101    -38       12
  SINCE SEP 1     63                       101    -38       12
  SINCE JUL 1    313                       470   -157      184

 COOLING
  YESTERDAY        0                         0      0        0
  MONTH TO DATE    6                         0      6       14
  SINCE SEP 1      6                         0      6       14
  SINCE JAN 1     24                        17      7       39
..................................................................


WIND (MPH)
  RESULTANT WIND SPEED   1   RESULTANT WIND DIRECTION   W (270)
  HIGHEST WIND SPEED    12   HIGHEST WIND DIRECTION    SW (230)
  HIGHEST GUST SPEED    14   HIGHEST GUST DIRECTION     W (260)
  AVERAGE WIND SPEED     3.8


SKY COVER
  AVERAGE SKY COVER 0.0


WEATHER CONDITIONS
 THE FOLLOWING WEATHER WAS RECORDED YESTERDAY.
  NO SIGNIFICANT WEATHER WAS OBSERVED.


RELATIVE HUMIDITY (PERCENT)
 HIGHEST    83           300 AM
 LOWEST     21           200 PM
 AVERAGE    52

..........................................................


THE QUILLAYUTE WA AIRPORT CLIMATE NORMALS FOR TODAY
                         NORMAL    RECORD    YEAR
 MAXIMUM TEMPERATURE (F)   67        90      1967
 MINIMUM TEMPERATURE (F)   47        31      1992


SUNRISE AND SUNSET
SEPTEMBER 15 2014.....SUNRISE   655 AM PDT   SUNSET   730 PM PDT
SEPTEMBER 16 2014.....SUNRISE   657 AM PDT   SUNSET   728 PM PDT


-  INDICATES NEGATIVE NUMBERS.
R  INDICATES RECORD WAS SET OR TIED.
MM INDICATES DATA IS MISSING.
T  INDICATES TRACE AMOUNT.




$$
