255
CDUS43 KLSX 262231
CLIUIN


CLIMATE REPORT
NATIONAL WEATHER SERVICE ST LOUIS MO
530 PM CDT FRI AUG 26 2016


...................................

...THE QUINCY IL CLIMATE SUMMARY FOR AUGUST 26 2016...
VALID TODAY AS OF 0500 PM LOCAL TIME.

CLIMATE NORMAL PERIOD 1981 TO 2010
CLIMATE RECORD PERIOD 1901 TO 2016


WEATHER ITEM   OBSERVED TIME   RECORD YEAR NORMAL DEPARTURE LAST
                VALUE   (LST)  VALUE       VALUE  FROM      YEAR
                                                  NORMAL
..................................................................
TEMPERATURE (F)
 TODAY
  MAXIMUM         79    351 PM 105    1936  84     -5       78
  MINIMUM         67    640 AM  46    1910  63      4       52
  AVERAGE         73                        73      0       65

PRECIPITATION (IN)
  TODAY            1.03          3.06 1965   0.12   0.91     0.00
  MONTH TO DATE    5.63                      3.05   2.58     1.95
  SINCE JUN 1     13.35                     11.08   2.27    19.90
  SINCE JAN 1     22.03                     25.17  -3.14    28.58

DEGREE DAYS
 HEATING
  TODAY            0                         0      0
  MONTH TO DATE    0                         0      0
  SINCE JUN 1      6                        16    -10
  SINCE JUL 1      6                         0      6

 COOLING
  TODAY            8                         9     -1
  MONTH TO DATE  282                       258     24
  SINCE JUN 1   1013                       828    185
  SINCE JAN 1   1117                       914    203
..................................................................


WIND (MPH)
  HIGHEST WIND SPEED    17   HIGHEST WIND DIRECTION    NE (50)
  HIGHEST GUST SPEED    20   HIGHEST GUST DIRECTION     W (260)
  AVERAGE WIND SPEED     8.1


SKY COVER
  AVERAGE SKY COVER 0.7



RELATIVE HUMIDITY (PERCENT)
 HIGHEST   100          1200 AM
 LOWEST     79           300 PM
 AVERAGE    90

..........................................................


THE QUINCY IL CLIMATE NORMALS FOR TOMORROW
                         NORMAL    RECORD    YEAR
 MAXIMUM TEMPERATURE (F)   83       100      1983
                                             1936
 MINIMUM TEMPERATURE (F)   63        48      1986
                                             1906


SUNRISE AND SUNSET
AUGUST 26 2016........SUNRISE   627 AM CDT   SUNSET   745 PM CDT
AUGUST 27 2016........SUNRISE   628 AM CDT   SUNSET   743 PM CDT


-  INDICATES NEGATIVE NUMBERS.
R  INDICATES RECORD WAS SET OR TIED.
MM INDICATES DATA IS MISSING.
T  INDICATES TRACE AMOUNT.




$$
