000
CDUS43 KLSX 302227
CLIUIN


CLIMATE REPORT
NATIONAL WEATHER SERVICE ST LOUIS MO
527 PM CDT MON MAY 30 2016


...................................

...THE QUINCY IL CLIMATE SUMMARY FOR MAY 30 2016...
VALID TODAY AS OF 0500 PM LOCAL TIME.

CLIMATE NORMAL PERIOD 1981 TO 2010
CLIMATE RECORD PERIOD 1901 TO 2016


WEATHER ITEM   OBSERVED TIME   RECORD YEAR NORMAL DEPARTURE LAST
                VALUE   (LST)  VALUE       VALUE  FROM      YEAR
                                                  NORMAL
..................................................................
TEMPERATURE (F)
 TODAY
  MAXIMUM         85    137 PM 103    1934  77      8       70
  MINIMUM         64    508 AM  42    1965  57      7       52
                                      1947
  AVERAGE         75                        67      8       61

PRECIPITATION (IN)
  TODAY            0.00          2.06 1991   0.16  -0.16     0.29
  MONTH TO DATE    3.64                      4.39  -0.75     3.99
  SINCE MAR 1      8.06                     10.54  -2.48     6.64
  SINCE JAN 1      8.68                     13.94  -5.26     8.68

DEGREE DAYS
 HEATING
  TODAY            0                         2     -2
  MONTH TO DATE  148                       134     14
  SINCE MAR 1    995                      1222   -227
  SINCE JUL 1   4592                      5564   -972

 COOLING
  TODAY           10                         4      6
  MONTH TO DATE   75                        63     12
  SINCE MAR 1     96                        81     15
  SINCE JAN 1     96                        81     15
..................................................................


WIND (MPH)
  HIGHEST WIND SPEED     9   HIGHEST WIND DIRECTION     S (180)
  HIGHEST GUST SPEED    12   HIGHEST GUST DIRECTION     S (160)
  AVERAGE WIND SPEED     4.8


SKY COVER
  AVERAGE SKY COVER 0.1



RELATIVE HUMIDITY (PERCENT)
 HIGHEST    93           200 AM
 LOWEST     48           100 PM
 AVERAGE    71

..........................................................


THE QUINCY IL CLIMATE NORMALS FOR TOMORROW
                         NORMAL    RECORD    YEAR
 MAXIMUM TEMPERATURE (F)   77       102      1934
 MINIMUM TEMPERATURE (F)   58        42      1972


SUNRISE AND SUNSET
MAY 30 2016...........SUNRISE   539 AM CDT   SUNSET   826 PM CDT
MAY 31 2016...........SUNRISE   538 AM CDT   SUNSET   827 PM CDT


-  INDICATES NEGATIVE NUMBERS.
R  INDICATES RECORD WAS SET OR TIED.
MM INDICATES DATA IS MISSING.
T  INDICATES TRACE AMOUNT.




$$
