474
CDUS43 KLSX 210737
CLIUIN


CLIMATE REPORT
NATIONAL WEATHER SERVICE ST LOUIS MO
236 AM CDT SAT OCT 21 2017


...................................

...THE QUINCY IL CLIMATE SUMMARY FOR OCTOBER 20 2017...

CLIMATE NORMAL PERIOD 1981 TO 2010
CLIMATE RECORD PERIOD 1901 TO 2017


WEATHER ITEM   OBSERVED TIME   RECORD YEAR NORMAL DEPARTURE LAST
                VALUE   (LST)  VALUE       VALUE  FROM      YEAR
                                                  NORMAL
..................................................................
TEMPERATURE (F)
 YESTERDAY
  MAXIMUM         75    238 PM  87    1979  64     11       59
                                      1953
  MINIMUM         54    530 AM  22    1960  43     11       41
  AVERAGE         65                        53     12

PRECIPITATION (IN)
  YESTERDAY        0.00          1.29 2005   0.10  -0.10      T
  MONTH TO DATE    3.83                      1.96   1.87     1.82
  SINCE SEP 1      4.50                      5.26  -0.76     4.91
  SINCE JAN 1     30.65                     31.01  -0.36    28.60

DEGREE DAYS
 HEATING
  YESTERDAY        0                        12    -12
  MONTH TO DATE   62                       185   -123
  SINCE SEP 1     93                       267   -174
  SINCE JUL 1     93                       272   -179

 COOLING
  YESTERDAY        0                         0      0
  MONTH TO DATE   47                        14     33
  SINCE SEP 1    227                       137     90
  SINCE JAN 1   1222                      1090    132
..................................................................


WIND (MPH)
  HIGHEST WIND SPEED    17   HIGHEST WIND DIRECTION     S (160)
  HIGHEST GUST SPEED    24   HIGHEST GUST DIRECTION     S (170)
  AVERAGE WIND SPEED    10.3


SKY COVER
  AVERAGE SKY COVER 0.0



RELATIVE HUMIDITY (PERCENT)
 HIGHEST    63           600 PM
 LOWEST     38           200 PM
 AVERAGE    51

..........................................................


THE QUINCY IL CLIMATE NORMALS FOR TODAY
                         NORMAL    RECORD    YEAR
 MAXIMUM TEMPERATURE (F)   63        86      1979
 MINIMUM TEMPERATURE (F)   43        24      1952


SUNRISE AND SUNSET
OCTOBER 21 2017.......SUNRISE   722 AM CDT   SUNSET   616 PM CDT
OCTOBER 22 2017.......SUNRISE   723 AM CDT   SUNSET   615 PM CDT


-  INDICATES NEGATIVE NUMBERS.
R  INDICATES RECORD WAS SET OR TIED.
MM INDICATES DATA IS MISSING.
T  INDICATES TRACE AMOUNT.




$$
