000
CDUS43 KLSX 180734
CLIUIN


CLIMATE REPORT
NATIONAL WEATHER SERVICE ST LOUIS MO
233 AM CDT FRI AUG 18 2017


...................................

...THE QUINCY IL CLIMATE SUMMARY FOR AUGUST 17 2017...

CLIMATE NORMAL PERIOD 1981 TO 2010
CLIMATE RECORD PERIOD 1901 TO 2017


WEATHER ITEM   OBSERVED TIME   RECORD YEAR NORMAL DEPARTURE LAST
                VALUE   (LST)  VALUE       VALUE  FROM      YEAR
                                                  NORMAL
..................................................................
TEMPERATURE (F)
 YESTERDAY
  MAXIMUM         84    435 PM 106    1936  85     -1       88
  MINIMUM         66   1136 PM  52    2012  65      1       67
  AVERAGE         75                        75      0

PRECIPITATION (IN)
  YESTERDAY        0.00          3.07 2009   0.11  -0.11     0.00
  MONTH TO DATE    2.25                      2.01   0.24     2.30
  SINCE JUN 1      7.31                     10.04  -2.73    10.02
  SINCE JAN 1     24.09                     24.13  -0.04    18.70

DEGREE DAYS
 HEATING
  YESTERDAY        0                         0      0
  MONTH TO DATE    0                         0      0
  SINCE JUN 1      4                        16    -12
  SINCE JUL 1      0                         0      0

 COOLING
  YESTERDAY       10                        10      0
  MONTH TO DATE  118                       175    -57
  SINCE JUN 1    807                       745     62
  SINCE JAN 1    916                       831     85
..................................................................


WIND (MPH)
  HIGHEST WIND SPEED    18   HIGHEST WIND DIRECTION     W (250)
  HIGHEST GUST SPEED    26   HIGHEST GUST DIRECTION    SW (230)
  AVERAGE WIND SPEED    10.6


SKY COVER
  AVERAGE SKY COVER 0.3



RELATIVE HUMIDITY (PERCENT)
 HIGHEST    97           300 AM
 LOWEST     46           500 PM
 AVERAGE    72

..........................................................


THE QUINCY IL CLIMATE NORMALS FOR TODAY
                         NORMAL    RECORD    YEAR
 MAXIMUM TEMPERATURE (F)   85       104      1936
 MINIMUM TEMPERATURE (F)   65        50      2012


SUNRISE AND SUNSET
AUGUST 18 2017........SUNRISE   620 AM CDT   SUNSET   757 PM CDT
AUGUST 19 2017........SUNRISE   621 AM CDT   SUNSET   755 PM CDT


-  INDICATES NEGATIVE NUMBERS.
R  INDICATES RECORD WAS SET OR TIED.
MM INDICATES DATA IS MISSING.
T  INDICATES TRACE AMOUNT.




$$
