000
CDUS43 KLSX 252248
CLIUIN


CLIMATE REPORT
NATIONAL WEATHER SERVICE ST LOUIS MO
447 PM CST SAT FEB 25 2017


...................................

...THE QUINCY IL CLIMATE SUMMARY FOR FEBRUARY 25 2017...
VALID TODAY AS OF 0400 PM LOCAL TIME.

CLIMATE NORMAL PERIOD 1981 TO 2010
CLIMATE RECORD PERIOD 1901 TO 2017


WEATHER ITEM   OBSERVED TIME   RECORD YEAR NORMAL DEPARTURE LAST
                VALUE   (LST)  VALUE       VALUE  FROM      YEAR
                                                  NORMAL
..................................................................
TEMPERATURE (F)
 TODAY
  MAXIMUM         36    341 PM  71    2000  43     -7       42
  MINIMUM         22    755 AM  -5    1914  26     -4       29
  AVERAGE         29                        34     -5       36

PRECIPITATION (IN)
  TODAY            0.00          1.57 2000   0.08  -0.08     0.00
  MONTH TO DATE    0.45                      1.64  -1.19     0.22
  SINCE DEC 1      2.66                      5.41  -2.75     6.44
  SINCE JAN 1      1.63                      3.16  -1.53     0.62

DEGREE DAYS
 HEATING
  TODAY           36                        31      5
  MONTH TO DATE  568                       866   -298
  SINCE DEC 1   2707                      3152   -445
  SINCE JUL 1   3395                      4252   -857

 COOLING
  TODAY            0                         0      0
  MONTH TO DATE    0                         0      0
  SINCE DEC 1      0                         0      0
  SINCE JAN 1      0                         0      0
..................................................................


WIND (MPH)
  HIGHEST WIND SPEED    29   HIGHEST WIND DIRECTION    NW (310)
  HIGHEST GUST SPEED    35   HIGHEST GUST DIRECTION    NW (300)
  AVERAGE WIND SPEED    19.6


SKY COVER
  AVERAGE SKY COVER 0.6



RELATIVE HUMIDITY (PERCENT)
 HIGHEST    81           100 AM
 LOWEST     35           400 PM
 AVERAGE    58

..........................................................


THE QUINCY IL CLIMATE NORMALS FOR TOMORROW
                         NORMAL    RECORD    YEAR
 MAXIMUM TEMPERATURE (F)   43        73      1996
 MINIMUM TEMPERATURE (F)   26       -11      1963


SUNRISE AND SUNSET
FEBRUARY 25 2017......SUNRISE   643 AM CST   SUNSET   553 PM CST
FEBRUARY 26 2017......SUNRISE   642 AM CST   SUNSET   554 PM CST


-  INDICATES NEGATIVE NUMBERS.
R  INDICATES RECORD WAS SET OR TIED.
MM INDICATES DATA IS MISSING.
T  INDICATES TRACE AMOUNT.




$$
