000
CDUS46 KEKA 270009
CLIUKI


CLIMATE REPORT
NATIONAL WEATHER SERVICE EUREKA CA
509 PM PDT WED JUL 26 2017


...................................

...THE UKIAH CA CLIMATE SUMMARY FOR JULY 26 2017...
VALID TODAY AS OF 0500 PM LOCAL TIME.

CLIMATE NORMAL PERIOD 1981 TO 2010
CLIMATE RECORD PERIOD 1903 TO 2017


WEATHER ITEM   OBSERVED RECORD YEAR NORMAL DEPARTURE LAST
                VALUE   VALUE       VALUE  FROM      YEAR
                                           NORMAL
...........................................................
TEMPERATURE (F)
 TODAY
  MAXIMUM         96    110    1973  94      2      107
  MINIMUM         57     44    1924  56      1       59
  AVERAGE         77                 75      2       83

PRECIPITATION (IN)
  TODAY            0.00   0.14 1946   0.00   0.00     0.00
  MONTH TO DATE    0.00               0.04  -0.04      T
  SINCE OCT 1     51.62              36.80  14.82    36.52
  SINCE JAN 1     34.51              23.42  11.09    24.31

SNOWFALL (IN)
  TODAY            0.0   MM          MM     MM        0.0
  MONTH TO DATE    0.0               MM     MM        0.0
  SINCE JUN 1      0.0               MM     MM        0.0
  SINCE JUL 1      0.0               MM     MM        0.0
  SNOW DEPTH       0

...........................................................


WIND (MPH)
  HIGHEST WIND SPEED    14   HIGHEST WIND DIRECTION    SE (130)
  HIGHEST GUST SPEED    18   HIGHEST GUST DIRECTION    SE (140)
  AVERAGE WIND SPEED     4.1


SKY COVER
  AVERAGE SKY COVER 0.0


WEATHER CONDITIONS
 THE FOLLOWING WEATHER WAS RECORDED TODAY.
  NO SIGNIFICANT WEATHER WAS OBSERVED.


RELATIVE HUMIDITY (PERCENT)
 HIGHEST    80
 LOWEST     20
 AVERAGE    50

..........................................................


THE UKIAH CA CLIMATE NORMALS FOR TOMORROW
                         NORMAL    RECORD    YEAR
 MAXIMUM TEMPERATURE (F)   94       111      1923
 MINIMUM TEMPERATURE (F)   55        44      1924


SUNRISE AND SUNSET
JULY 26 2017..........SUNRISE   608 AM PDT   SUNSET   830 PM PDT
JULY 27 2017..........SUNRISE   609 AM PDT   SUNSET   829 PM PDT


-  INDICATES NEGATIVE NUMBERS.
R  INDICATES RECORD WAS SET OR TIED.
MM INDICATES DATA IS MISSING.
T  INDICATES TRACE AMOUNT.




$$
