000
CDUS46 KEKA 230028
CLIUKI


CLIMATE REPORT
NATIONAL WEATHER SERVICE EUREKA CA
528 PM PDT FRI SEP 22 2017


...................................

...THE UKIAH CA CLIMATE SUMMARY FOR SEPTEMBER 22 2017...
VALID TODAY AS OF 0500 PM LOCAL TIME.

CLIMATE NORMAL PERIOD 1981 TO 2010
CLIMATE RECORD PERIOD 1903 TO 2017


WEATHER ITEM   OBSERVED RECORD YEAR NORMAL DEPARTURE LAST
                VALUE   VALUE       VALUE  FROM      YEAR
                                           NORMAL
...........................................................
TEMPERATURE (F)
 TODAY
  MAXIMUM         76    108    1943  86    -10       73
  MINIMUM         40     34    1924  48     -8       50
  AVERAGE         58                 67     -9       62

PRECIPITATION (IN)
  TODAY            0.00   1.55 1923   0.02  -0.02     0.00
  MONTH TO DATE    0.01               0.32  -0.31     0.00
  SINCE OCT 1     51.63              37.22  14.41    36.52
  SINCE JAN 1     34.52              23.84  10.68    24.31

SNOWFALL (IN)
  TODAY            0.0   MM          MM     MM        0.0
  MONTH TO DATE    0.0               MM     MM        0.0
  SINCE SEP 1      0.0               MM     MM        0.0
  SINCE JUL 1      0.0               MM     MM        0.0
  SNOW DEPTH       0

...........................................................


WIND (MPH)
  HIGHEST WIND SPEED    12   HIGHEST WIND DIRECTION    NW (310)
  HIGHEST GUST SPEED    16   HIGHEST GUST DIRECTION    NW (300)
  AVERAGE WIND SPEED     1.6


SKY COVER
  AVERAGE SKY COVER 0.1


WEATHER CONDITIONS
 THE FOLLOWING WEATHER WAS RECORDED TODAY.
  NO SIGNIFICANT WEATHER WAS OBSERVED.


RELATIVE HUMIDITY (PERCENT)
 HIGHEST   100
 LOWEST     23
 AVERAGE    62

..........................................................


THE UKIAH CA CLIMATE NORMALS FOR TOMORROW
                         NORMAL    RECORD    YEAR
 MAXIMUM TEMPERATURE (F)   86       108      1964
 MINIMUM TEMPERATURE (F)   48        37      1941


SUNRISE AND SUNSET
SEPTEMBER 22 2017.....SUNRISE   701 AM PDT   SUNSET   709 PM PDT
SEPTEMBER 23 2017.....SUNRISE   702 AM PDT   SUNSET   708 PM PDT


-  INDICATES NEGATIVE NUMBERS.
R  INDICATES RECORD WAS SET OR TIED.
MM INDICATES DATA IS MISSING.
T  INDICATES TRACE AMOUNT.




$$
