000
CDUS46 KEKA 150015
CLIUKI


CLIMATE REPORT
NATIONAL WEATHER SERVICE EUREKA CA
415 PM PST SUN FEB 14 2016


...................................

...THE UKIAH CA CLIMATE SUMMARY FOR FEBRUARY 14 2016...
VALID TODAY AS OF 0400 PM LOCAL TIME.

CLIMATE NORMAL PERIOD 1981 TO 2010
CLIMATE RECORD PERIOD 1903 TO 2016


WEATHER ITEM   OBSERVED RECORD YEAR NORMAL DEPARTURE LAST
                VALUE   VALUE       VALUE  FROM      YEAR
                                           NORMAL
...........................................................
TEMPERATURE (F)
 TODAY
  MAXIMUM         76     85    1977  60     16       77
  MINIMUM         49     24    1949  39     10       40
  AVERAGE         63                 50     13       59

PRECIPITATION (IN)
  TODAY            0.00   2.74 1986   0.24  -0.24     0.00
  MONTH TO DATE    0.29               2.98  -2.69     4.72
  SINCE OCT 1     23.28              23.37  -0.09    22.95
  SINCE JAN 1     11.07               9.99   1.08     5.18

SNOWFALL (IN)
  TODAY            0.0   MM          MM     MM        0.0
  MONTH TO DATE    0.0               MM     MM        0.0
  SINCE DEC 1      0.0               MM     MM        0.0
  SINCE JUL 1      0.0               MM     MM        0.0
  SNOW DEPTH       0

...........................................................


WIND (MPH)
  HIGHEST WIND SPEED    21   HIGHEST WIND DIRECTION    NW (330)
  HIGHEST GUST SPEED    27   HIGHEST GUST DIRECTION     N (340)
  AVERAGE WIND SPEED     5.9


SKY COVER
  AVERAGE SKY COVER 0.0


WEATHER CONDITIONS
 THE FOLLOWING WEATHER WAS RECORDED TODAY.
  NO SIGNIFICANT WEATHER WAS OBSERVED.


RELATIVE HUMIDITY (PERCENT)
 HIGHEST    77
 LOWEST     41
 AVERAGE    59

..........................................................


THE UKIAH CA CLIMATE NORMALS FOR TOMORROW
                         NORMAL    RECORD    YEAR
 MAXIMUM TEMPERATURE (F)   60        84      1930
 MINIMUM TEMPERATURE (F)   39        24      1932


SUNRISE AND SUNSET
FEBRUARY 14 2016......SUNRISE   706 AM PST   SUNSET   548 PM PST
FEBRUARY 15 2016......SUNRISE   705 AM PST   SUNSET   550 PM PST


-  INDICATES NEGATIVE NUMBERS.
R  INDICATES RECORD WAS SET OR TIED.
MM INDICATES DATA IS MISSING.
T  INDICATES TRACE AMOUNT.




$$
