000
CDUS46 KEKA 281219
CLIUKI


CLIMATE REPORT
NATIONAL WEATHER SERVICE EUREKA CA
419 AM PST SAT FEB 28 2015


...................................

...THE UKIAH CA CLIMATE SUMMARY FOR FEBRUARY 27 2015...

CLIMATE NORMAL PERIOD 1981 TO 2010
CLIMATE RECORD PERIOD 1903 TO 2015


WEATHER ITEM   OBSERVED TIME   RECORD YEAR NORMAL DEPARTURE LAST
                VALUE   (LST)  VALUE       VALUE  FROM      YEAR
                                                  NORMAL
..................................................................
TEMPERATURE (F)
 YESTERDAY
  MAXIMUM         59    230 PM  84    1932  62     -3       61
  MINIMUM         46   1159 PM  21    1962  40      6       50
  AVERAGE         53                        51      2       56

PRECIPITATION (IN)
  YESTERDAY        0.00          3.00 1940   0.24  -0.24     0.37
  MONTH TO DATE    4.72                      6.28  -1.56     7.85
  SINCE OCT 1     22.95                     26.67  -3.72     9.76
  SINCE JAN 1      5.18                     13.29  -8.11     8.42

SNOWFALL (IN)
  YESTERDAY        0.0          MM      MM  MM     MM        0.0
  MONTH TO DATE    0.0                      MM     MM        0.0
  SINCE DEC 1      0.0                      MM     MM        0.0
  SINCE JUL 1      0.0                      MM     MM        0.0
  SNOW DEPTH       0

DEGREE DAYS
 HEATING
  YESTERDAY       12                        14     -2        9
  MONTH TO DATE  251                       418   -167      370
  SINCE DEC 1   1097                      1595   -498     1470
  SINCE JUL 1   1498                      2218   -720     1995

 COOLING
  YESTERDAY        0                         0      0        0
  MONTH TO DATE    0                         0      0        0
  SINCE DEC 1      0                         0      0        0
  SINCE JAN 1      0                         0      0        0
..................................................................


WIND (MPH)
  HIGHEST WIND SPEED    22   HIGHEST WIND DIRECTION    NW (300)
  HIGHEST GUST SPEED    32   HIGHEST GUST DIRECTION    NW (310)
  AVERAGE WIND SPEED     9.2


SKY COVER
  AVERAGE SKY COVER 0.4


WEATHER CONDITIONS
 THE FOLLOWING WEATHER WAS RECORDED YESTERDAY.
  NO SIGNIFICANT WEATHER WAS OBSERVED.


RELATIVE HUMIDITY (PERCENT)
 HIGHEST    86
 LOWEST     51
 AVERAGE    69

..........................................................


THE UKIAH CA CLIMATE NORMALS FOR TODAY
                         NORMAL    RECORD    YEAR
 MAXIMUM TEMPERATURE (F)   62        81      1926
 MINIMUM TEMPERATURE (F)   40        19      1962


SUNRISE AND SUNSET
FEBRUARY 28 2015......SUNRISE   647 AM PST   SUNSET   604 PM PST
MARCH  1 2015.........SUNRISE   646 AM PST   SUNSET   605 PM PST


-  INDICATES NEGATIVE NUMBERS.
R  INDICATES RECORD WAS SET OR TIED.
MM INDICATES DATA IS MISSING.
T  INDICATES TRACE AMOUNT.




$$
