000
CDUS43 KSGF 282229
CLIUNO


CLIMATE REPORT
NATIONAL WEATHER SERVICE SPRINGFIELD MO
529 PM CDT SUN AUG 28 2016


...................................

...THE WEST PLAINS MO CLIMATE SUMMARY FOR AUGUST 28 2016...
VALID TODAY AS OF 0500 PM LOCAL TIME.

CLIMATE NORMAL PERIOD 1981 TO 2010
CLIMATE RECORD PERIOD 1947 TO 2016


WEATHER ITEM   OBSERVED TIME   RECORD YEAR NORMAL DEPARTURE LAST
                VALUE   (LST)  VALUE       VALUE  FROM      YEAR
                                                  NORMAL
..................................................................
TEMPERATURE (F)
 TODAY
  MAXIMUM         90    205 PM 102    2000  87      3       80
  MINIMUM         67    548 AM  46    1967  64      3       55
                                      1986
  AVERAGE         79                        76      3       68

PRECIPITATION (IN)
  TODAY            0.00          2.52 1950   0.10  -0.10     0.00
  MONTH TO DATE    3.63                      2.91   0.72     4.35
  SINCE JUN 1     17.38                     10.48   6.90    17.93
  SINCE JAN 1     32.12                     29.75   2.37    35.54

DEGREE DAYS
 HEATING
  TODAY            0                         0      0        0
  MONTH TO DATE    0                         0      0        0
  SINCE JUN 1      0                         5     -5        5
  SINCE JUL 1      0                         0      0        0

 COOLING
  TODAY           14                        11      3        3
  MONTH TO DATE  348                       348      0      246
  SINCE JUN 1   1153                      1019    134     1005
  SINCE JAN 1   1246                      1141    105     1127
..................................................................


WIND (MPH)
  HIGHEST WIND SPEED    12   HIGHEST WIND DIRECTION    SE (120)
  HIGHEST GUST SPEED    16   HIGHEST GUST DIRECTION    SE (120)


SKY COVER
  AVERAGE SKY COVER 0.2


WEATHER CONDITIONS
 THE FOLLOWING WEATHER WAS RECORDED TODAY.
  FOG
  FOG W/VISIBILITY <= 1/4 MILE


RELATIVE HUMIDITY (PERCENT)
 HIGHEST   100           400 AM
 LOWEST     47           300 PM
 AVERAGE    74

..........................................................


THE WEST PLAINS MO CLIMATE NORMALS FOR TOMORROW
                         NORMAL    RECORD    YEAR
 MAXIMUM TEMPERATURE (F)   87       104      1954
 MINIMUM TEMPERATURE (F)   64        40      1986


SUNRISE AND SUNSET
AUGUST 28 2016........SUNRISE   636 AM CDT   SUNSET   741 PM CDT
AUGUST 29 2016........SUNRISE   637 AM CDT   SUNSET   740 PM CDT


-  INDICATES NEGATIVE NUMBERS.
R  INDICATES RECORD WAS SET OR TIED.
MM INDICATES DATA IS MISSING.
T  INDICATES TRACE AMOUNT.




$$
