000
CDUS43 KSGF 270629
CLIUNO


CLIMATE REPORT
NATIONAL WEATHER SERVICE SPRINGFIELD MO
129 AM CDT TUE SEP 27 2016


...................................

...THE WEST PLAINS MO CLIMATE SUMMARY FOR SEPTEMBER 26 2016...

CLIMATE NORMAL PERIOD 1981 TO 2010
CLIMATE RECORD PERIOD 1947 TO 2016


WEATHER ITEM   OBSERVED TIME   RECORD YEAR NORMAL DEPARTURE LAST
                VALUE   (LST)  VALUE       VALUE  FROM      YEAR
                                                  NORMAL
..................................................................
TEMPERATURE (F)
 YESTERDAY
  MAXIMUM         74    316 PM  90    1954  77     -3       76
  MINIMUM         48   1102 PM  37    1985  52     -4       56
                                      2001
  AVERAGE         61                        64     -3       66

PRECIPITATION (IN)
  YESTERDAY        0.06          3.51 1996   0.14  -0.08     0.00
  MONTH TO DATE    1.35                      3.51  -2.16     0.97
  SINCE SEP 1      1.35                      3.51  -2.16     0.97
  SINCE JAN 1     33.47                     33.58  -0.11    36.68

DEGREE DAYS
 HEATING
  YESTERDAY        4                         3      1        0
  MONTH TO DATE    4                        24    -20       17
  SINCE SEP 1      4                        24    -20       17
  SINCE JUL 1      4                        25    -21       17

 COOLING
  YESTERDAY        0                         2     -2        1
  MONTH TO DATE  226                       148     78      177
  SINCE SEP 1    226                       148     78      177
  SINCE JAN 1   1515                      1320    195     1334
..................................................................


WIND (MPH)
  HIGHEST WIND SPEED    17   HIGHEST WIND DIRECTION     N (10)
  HIGHEST GUST SPEED    22   HIGHEST GUST DIRECTION     N (360)
  AVERAGE WIND SPEED     6.1


SKY COVER
  AVERAGE SKY COVER 0.4


WEATHER CONDITIONS
 THE FOLLOWING WEATHER WAS RECORDED YESTERDAY.
  RAIN
  LIGHT RAIN


RELATIVE HUMIDITY (PERCENT)
 HIGHEST    86           500 AM
 LOWEST     33           200 PM
 AVERAGE    60

..........................................................


THE WEST PLAINS MO CLIMATE NORMALS FOR TODAY
                         NORMAL    RECORD    YEAR
 MAXIMUM TEMPERATURE (F)   76        95      1954
 MINIMUM TEMPERATURE (F)   52        32      1985


SUNRISE AND SUNSET
SEPTEMBER 27 2016.....SUNRISE   700 AM CDT   SUNSET   656 PM CDT
SEPTEMBER 28 2016.....SUNRISE   701 AM CDT   SUNSET   655 PM CDT


-  INDICATES NEGATIVE NUMBERS.
R  INDICATES RECORD WAS SET OR TIED.
MM INDICATES DATA IS MISSING.
T  INDICATES TRACE AMOUNT.




$$
