000
CDUS43 KSGF 050629
CLIUNO


CLIMATE REPORT
NATIONAL WEATHER SERVICE SPRINGFIELD MO
129 AM CDT SUN JUL 5 2015


...................................

...THE WEST PLAINS MO CLIMATE SUMMARY FOR JULY 4 2015...

CLIMATE NORMAL PERIOD 1981 TO 2010
CLIMATE RECORD PERIOD 1947 TO 2015


WEATHER ITEM   OBSERVED TIME   RECORD YEAR NORMAL DEPARTURE LAST
                VALUE   (LST)  VALUE       VALUE  FROM      YEAR
                                                  NORMAL
..................................................................
TEMPERATURE (F)
 YESTERDAY
  MAXIMUM         83    400 PM 101    2012  88     -5       79
  MINIMUM         64    508 AM  48    1968  67     -3       56
  AVERAGE         74                        77     -3       68

PRECIPITATION (IN)
  YESTERDAY        0.00          1.29 1987   0.12  -0.12     0.00
  MONTH TO DATE    2.06                      0.42   1.64     0.28
  SINCE JUN 1      7.78                      4.44   3.34     5.51
  SINCE JAN 1     25.39                     23.71   1.68    17.49

DEGREE DAYS
 HEATING
  YESTERDAY        0                         0      0        0
  MONTH TO DATE    0                         0      0        0
  SINCE JUN 1      5                         5      0        2
  SINCE JUL 1      0                         0      0        0

 COOLING
  YESTERDAY        9                        12     -3        3
  MONTH TO DATE   38                        48    -10       25
  SINCE JUN 1    353                       314     39      290
  SINCE JAN 1    475                       436     39      440
..................................................................


WIND (MPH)
  HIGHEST WIND SPEED     8   HIGHEST WIND DIRECTION    SE (130)
  HIGHEST GUST SPEED    12   HIGHEST GUST DIRECTION    SE (130)
  AVERAGE WIND SPEED     3.9


SKY COVER
  AVERAGE SKY COVER 0.3


WEATHER CONDITIONS
 THE FOLLOWING WEATHER WAS RECORDED YESTERDAY.
  FOG
  HAZE


RELATIVE HUMIDITY (PERCENT)
 HIGHEST    93           100 AM
 LOWEST     58           400 PM
 AVERAGE    76

..........................................................


THE WEST PLAINS MO CLIMATE NORMALS FOR TODAY
                         NORMAL    RECORD    YEAR
 MAXIMUM TEMPERATURE (F)   88       102      2012
 MINIMUM TEMPERATURE (F)   67        50      1968


SUNRISE AND SUNSET
JULY  5 2015..........SUNRISE   554 AM CDT   SUNSET   830 PM CDT
JULY  6 2015..........SUNRISE   554 AM CDT   SUNSET   830 PM CDT


-  INDICATES NEGATIVE NUMBERS.
R  INDICATES RECORD WAS SET OR TIED.
MM INDICATES DATA IS MISSING.
T  INDICATES TRACE AMOUNT.




$$
