000
CDUS43 KSGF 250627
CLIUNO


CLIMATE REPORT
NATIONAL WEATHER SERVICE SPRINGFIELD MO
126 AM CDT TUE JUL 25 2017


...................................

...THE WEST PLAINS MO CLIMATE SUMMARY FOR JULY 24 2017...

CLIMATE NORMAL PERIOD 1981 TO 2010
CLIMATE RECORD PERIOD 1947 TO 2017


WEATHER ITEM   OBSERVED TIME   RECORD YEAR NORMAL DEPARTURE LAST
                VALUE   (LST)  VALUE       VALUE  FROM      YEAR
                                                  NORMAL
..................................................................
TEMPERATURE (F)
 YESTERDAY
  MAXIMUM         95   1205 PM 100    2012  90      5       95
  MINIMUM         67    527 AM  55    2000  66      1       72
                                      2007
  AVERAGE         81                        78      3       84

PRECIPITATION (IN)
  YESTERDAY        0.02          1.60 1998   0.12  -0.10      T
  MONTH TO DATE    2.15                      2.88  -0.73     2.93
  SINCE JUN 1      3.82                      6.90  -3.08     7.34
  SINCE JAN 1     39.23                     26.17  13.06    22.08

DEGREE DAYS
 HEATING
  YESTERDAY        0                         0      0        0
  MONTH TO DATE    0                         0      0        0
  SINCE JUN 1      0                         5     -5        0
  SINCE JUL 1      0                         0      0        0

 COOLING
  YESTERDAY       16                        13      3       19
  MONTH TO DATE  354                       308     46      353
  SINCE JUN 1    608                       574     34      703
  SINCE JAN 1    730                       696     34      796
..................................................................


WIND (MPH)
  HIGHEST WIND SPEED    13   HIGHEST WIND DIRECTION     S (160)
  HIGHEST GUST SPEED    23   HIGHEST GUST DIRECTION     S (170)
  AVERAGE WIND SPEED     2.4


SKY COVER
  AVERAGE SKY COVER 0.3


WEATHER CONDITIONS
 THE FOLLOWING WEATHER WAS RECORDED YESTERDAY.
  NO SIGNIFICANT WEATHER WAS OBSERVED.


RELATIVE HUMIDITY (PERCENT)
 HIGHEST    91           900 PM
 LOWEST     41          1200 PM
 AVERAGE    66

..........................................................


THE WEST PLAINS MO CLIMATE NORMALS FOR TODAY
                         NORMAL    RECORD    YEAR
 MAXIMUM TEMPERATURE (F)   90       104      1986
 MINIMUM TEMPERATURE (F)   66        54      1957


SUNRISE AND SUNSET
JULY 25 2017..........SUNRISE   608 AM CDT   SUNSET   820 PM CDT
JULY 26 2017..........SUNRISE   609 AM CDT   SUNSET   819 PM CDT


-  INDICATES NEGATIVE NUMBERS.
R  INDICATES RECORD WAS SET OR TIED.
MM INDICATES DATA IS MISSING.
T  INDICATES TRACE AMOUNT.




$$
