000
CDUS43 KSGF 290627
CLIUNO


CLIMATE REPORT
NATIONAL WEATHER SERVICE SPRINGFIELD MO
127 AM CDT MON MAY 29 2017


...................................

...THE WEST PLAINS MO CLIMATE SUMMARY FOR MAY 28 2017...

CLIMATE NORMAL PERIOD 1981 TO 2010
CLIMATE RECORD PERIOD 1947 TO 2017


WEATHER ITEM   OBSERVED TIME   RECORD YEAR NORMAL DEPARTURE LAST
                VALUE   (LST)  VALUE       VALUE  FROM      YEAR
                                                  NORMAL
..................................................................
TEMPERATURE (F)
 YESTERDAY
  MAXIMUM         79    352 PM  94    2012  79      0       82
  MINIMUM         58   1137 PM  38    1961  58      0       66
  AVERAGE         69                        69      0       74

PRECIPITATION (IN)
  YESTERDAY       MM             2.27 1954   0.12  MM        0.00
  MONTH TO DATE    6.55                      4.51   2.04     6.51
  SINCE MAR 1     30.77                     13.28  17.49    11.74
  SINCE JAN 1     35.40                     18.84  16.56    14.38

DEGREE DAYS
 HEATING
  YESTERDAY        0                         1     -1        0
  MONTH TO DATE   84                        78      6      112
  SINCE MAR 1    675                       876   -201      692
  SINCE JUL 1   3324                      4340  -1016     3525

 COOLING
  YESTERDAY        4                         5     -1        9
  MONTH TO DATE   76                        79     -3       56
  SINCE MAR 1    104                       107     -3       72
  SINCE JAN 1    105                       107     -2       72
..................................................................


WIND (MPH)
  HIGHEST WIND SPEED    21   HIGHEST WIND DIRECTION     S (160)
  HIGHEST GUST SPEED    26   HIGHEST GUST DIRECTION     S (160)
  AVERAGE WIND SPEED     5.8


SKY COVER
  AVERAGE SKY COVER 0.5


WEATHER CONDITIONS
 THE FOLLOWING WEATHER WAS RECORDED YESTERDAY.
  THUNDERSTORM
  RAIN
  LIGHT RAIN
  FOG


RELATIVE HUMIDITY (PERCENT)
 HIGHEST   100           700 AM
 LOWEST     50           600 PM
 AVERAGE    75

..........................................................


THE WEST PLAINS MO CLIMATE NORMALS FOR TODAY
                         NORMAL    RECORD    YEAR
 MAXIMUM TEMPERATURE (F)   80        93      2012
 MINIMUM TEMPERATURE (F)   58        41      1984


SUNRISE AND SUNSET
MAY 29 2017...........SUNRISE   551 AM CDT   SUNSET   820 PM CDT
MAY 30 2017...........SUNRISE   551 AM CDT   SUNSET   820 PM CDT


-  INDICATES NEGATIVE NUMBERS.
R  INDICATES RECORD WAS SET OR TIED.
MM INDICATES DATA IS MISSING.
T  INDICATES TRACE AMOUNT.




$$
