323
CDUS43 KUNR 290039
CLIUNR


CLIMATE REPORT
NATIONAL WEATHER SERVICE RAPID CITY SD
638 PM MDT WED JUN 28 2017


...................................

...THE EAST RAPID CITY SD CLIMATE SUMMARY FOR JUNE 28 2017...
VALID TODAY AS OF 0500 PM LOCAL TIME.

CLIMATE NORMAL PERIOD 1981 TO 2010
CLIMATE RECORD PERIOD 1888 TO 2017


WEATHER ITEM   OBSERVED RECORD YEAR NORMAL DEPARTURE LAST
                VALUE   VALUE       VALUE  FROM      YEAR
                                           NORMAL
...........................................................
TEMPERATURE (F)
 TODAY
  MAXIMUM         82    105    1931  80      2       86
  MINIMUM         63     46    1944  58      5       60
  AVERAGE         73                 69      4       73

PRECIPITATION (IN)
  TODAY            0.20   0.98 1919   0.07   0.13     0.06
  MONTH TO DATE    1.40               3.04  -1.64     0.58
  SINCE JUN 1      1.40               3.04  -1.64     0.58
  SINCE JAN 1      6.03              11.09  -5.06     5.12

SNOWFALL (IN)
  TODAY            0.0    0.0  2002   0.0    0.0      0.0
                               2001
                               1955
  MONTH TO DATE    0.0                0.0    0.0      0.0
  SINCE JUN 1      0.0                0.0    0.0      0.0
  SINCE JUL 1     39.2               49.3  -10.1     41.6
  SNOW DEPTH       0

DEGREE DAYS
 HEATING
  TODAY            0                  1     -1        0
  MONTH TO DATE   12                 85    -73        5
  SINCE JUN 1     12                 85    -73        5
  SINCE JUL 1   6188               6857   -669     5719

 COOLING
  TODAY            8                  5      3        8
  MONTH TO DATE  142                 78     64      233
  SINCE JUN 1    142                 78     64      233
  SINCE JAN 1    155                 96     59      239
...........................................................





WEATHER CONDITIONS
 THE FOLLOWING WEATHER WAS RECORDED TODAY.
  THUNDERSTORM
  RAIN
  LIGHT RAIN


..........................................................


THE EAST RAPID CITY SD CLIMATE NORMALS FOR TOMORROW
                         NORMAL    RECORD    YEAR
 MAXIMUM TEMPERATURE (F)   81       105      2002
 MINIMUM TEMPERATURE (F)   59        46      1945


SUNRISE AND SUNSET
JUNE 28 2017..........SUNRISE   512 AM MDT   SUNSET   840 PM MDT
JUNE 29 2017..........SUNRISE   513 AM MDT   SUNSET   840 PM MDT


-  INDICATES NEGATIVE NUMBERS.
R  INDICATES RECORD WAS SET OR TIED.
MM INDICATES DATA IS MISSING.
T  INDICATES TRACE AMOUNT.




$$
