000
CDUS43 KUNR 310839
CLIUNR


CLIMATE REPORT
NATIONAL WEATHER SERVICE RAPID CITY SD
238 AM MDT MON AUG 31 2015


...................................

...THE EAST RAPID CITY SD CLIMATE SUMMARY FOR AUGUST 30 2015...

CLIMATE NORMAL PERIOD 1981 TO 2010
CLIMATE RECORD PERIOD 1888 TO 2015


WEATHER ITEM   OBSERVED RECORD YEAR NORMAL DEPARTURE LAST
                VALUE   VALUE       VALUE  FROM      YEAR
                                           NORMAL
...........................................................
TEMPERATURE (F)
 YESTERDAY
  MAXIMUM        101R   101    1948  80     21       86
  MINIMUM         61     41    1935  57      4       55
  AVERAGE         81                 68     13       71

PRECIPITATION (IN)
  YESTERDAY        0.38   1.16 2013   0.05   0.33     0.09
  MONTH TO DATE    2.25               1.92   0.33     3.60
  SINCE JUN 1     12.74               7.58   5.16    11.07
  SINCE JAN 1     22.10              15.63   6.47    16.25

SNOWFALL (IN)
  YESTERDAY        0.0    0.0  2002   0.0    0.0      0.0
                               2001
                               2000
  MONTH TO DATE    0.0                0.0    0.0      0.0
  SINCE JUN 1      0.0                0.0    0.0      0.0
  SINCE JUL 1      0.0                0.0    0.0      0.0
  SNOW DEPTH       0

DEGREE DAYS
 HEATING
  YESTERDAY        0                  2     -2        0
  MONTH TO DATE   29                 11     18       10
  SINCE JUN 1     63                111    -48      129
  SINCE JUL 1     30                 23      7       21

 COOLING
  YESTERDAY       16                  5     11        6
  MONTH TO DATE  232                221     11      171
  SINCE JUN 1    562                572    -10      408
  SINCE JAN 1    570                590    -20      436
...........................................................


WIND (MPH)
  HIGHEST GUST SPEED    46   HIGHEST GUST DIRECTION    SW (220)



WEATHER CONDITIONS
 THE FOLLOWING WEATHER WAS RECORDED YESTERDAY.
  THUNDERSTORM
  RAIN


..........................................................


THE EAST RAPID CITY SD CLIMATE NORMALS FOR TODAY
                         NORMAL    RECORD    YEAR
 MAXIMUM TEMPERATURE (F)   80       103      1954
 MINIMUM TEMPERATURE (F)   56        43      1965


SUNRISE AND SUNSET
AUGUST 31 2015........SUNRISE   615 AM MDT   SUNSET   731 PM MDT
SEPTEMBER  1 2015.....SUNRISE   616 AM MDT   SUNSET   729 PM MDT


-  INDICATES NEGATIVE NUMBERS.
R  INDICATES RECORD WAS SET OR TIED.
MM INDICATES DATA IS MISSING.
T  INDICATES TRACE AMOUNT.




$$
