000
CDUS43 KUNR 230832
CLIUNR


CLIMATE REPORT
NATIONAL WEATHER SERVICE RAPID CITY SD
230 AM MDT SAT AUG 23 2014


...................................

...THE EAST RAPID CITY SD CLIMATE SUMMARY FOR AUGUST 22 2014...

CLIMATE NORMAL PERIOD 1981 TO 2010
CLIMATE RECORD PERIOD 1888 TO 2014


WEATHER ITEM   OBSERVED RECORD YEAR NORMAL DEPARTURE LAST
                VALUE   VALUE       VALUE  FROM      YEAR
                                           NORMAL
...........................................................
TEMPERATURE (F)
 YESTERDAY
  MAXIMUM         74    102    1960  83     -9       84
  MINIMUM         60     41    1966  59      1       59
  AVERAGE         67                 71     -4       72

PRECIPITATION (IN)
  YESTERDAY        0.00   1.02 1927   0.05  -0.05     0.00
  MONTH TO DATE    3.35               1.52   1.83     1.88
  SINCE JUN 1     10.82               7.18   3.64     5.87
  SINCE JAN 1     16.00              15.23   0.77    14.59

SNOWFALL (IN)
  YESTERDAY        0.0                0.0    0.0      0.0
  MONTH TO DATE    0.0                0.0    0.0      0.0
  SINCE JUN 1      0.0                0.0    0.0      0.0
  SINCE JUL 1      0.0                0.0    0.0      0.0
  SNOW DEPTH       0

DEGREE DAYS
 HEATING
  YESTERDAY        0                  1     -1        0
  MONTH TO DATE    0                  2     -2        0
  SINCE JUN 1    119                102     17       64
  SINCE JUL 1     11                 14     -3        6

 COOLING
  YESTERDAY        2                  6     -4        7
  MONTH TO DATE  156                176    -20      141
  SINCE JUN 1    393                527   -134      514
  SINCE JAN 1    421                545   -124      538
...........................................................


WIND (MPH)
  HIGHEST GUST SPEED    28   HIGHEST GUST DIRECTION     N (340)



WEATHER CONDITIONS
 THE FOLLOWING WEATHER WAS RECORDED YESTERDAY.
  NO SIGNIFICANT WEATHER WAS OBSERVED.


..........................................................


THE EAST RAPID CITY SD CLIMATE NORMALS FOR TODAY
                         NORMAL    RECORD    YEAR
 MAXIMUM TEMPERATURE (F)   83       102      1949
 MINIMUM TEMPERATURE (F)   59        42      1934


SUNRISE AND SUNSET
AUGUST 23 2014........SUNRISE   606 AM MDT   SUNSET   744 PM MDT
AUGUST 24 2014........SUNRISE   607 AM MDT   SUNSET   743 PM MDT


-  INDICATES NEGATIVE NUMBERS.
R  INDICATES RECORD WAS SET OR TIED.
MM INDICATES DATA IS MISSING.
T  INDICATES TRACE AMOUNT.




$$
