000
CDUS43 KUNR 060837
CLIUNR


CLIMATE REPORT
NATIONAL WEATHER SERVICE RAPID CITY SD
132 AM MST FRI MAR 6 2015


...................................

...THE EAST RAPID CITY SD CLIMATE SUMMARY FOR MARCH 5 2015...

CLIMATE NORMAL PERIOD 1981 TO 2010
CLIMATE RECORD PERIOD 1888 TO 2015


WEATHER ITEM   OBSERVED RECORD YEAR NORMAL DEPARTURE LAST
                VALUE   VALUE       VALUE  FROM      YEAR
                                           NORMAL
...........................................................
TEMPERATURE (F)
 YESTERDAY
  MAXIMUM         47     74    2000  43      4       51
  MINIMUM          3    -12    1888  22    -19       11
  AVERAGE         25                 33     -8       31

PRECIPITATION (IN)
  YESTERDAY        0.00   0.56 1999   0.02  -0.02     0.00
  MONTH TO DATE    0.09               0.10  -0.01     0.13
  SINCE MAR 1      0.09               0.10  -0.01     0.13
  SINCE JAN 1      0.64               0.87  -0.23     0.64

SNOWFALL (IN)
  YESTERDAY        0.0   13.4  1999   0.4   -0.4      0.0
  MONTH TO DATE    1.4                1.6   -0.2      3.0
  SINCE MAR 1      1.4                1.6   -0.2      3.0
  SINCE JUL 1     37.1               28.3    8.8     53.1
  SNOW DEPTH       T

DEGREE DAYS
 HEATING
  YESTERDAY       40                 32      8       34
  MONTH TO DATE  220                165     55      290
  SINCE MAR 1    220                165     55      290
  SINCE JUL 1   4916               5119   -203     5638

 COOLING
  YESTERDAY        0                  0      0        0
  MONTH TO DATE    0                  0      0        0
  SINCE MAR 1      0                  0      0        0
  SINCE JAN 1      0                  0      0        0
...........................................................


WIND (MPH)
  HIGHEST GUST SPEED    25   HIGHEST GUST DIRECTION     N (360)



WEATHER CONDITIONS
 THE FOLLOWING WEATHER WAS RECORDED YESTERDAY.
  NO SIGNIFICANT WEATHER WAS OBSERVED.


..........................................................


THE EAST RAPID CITY SD CLIMATE NORMALS FOR TODAY
                         NORMAL    RECORD    YEAR
 MAXIMUM TEMPERATURE (F)   44        75      1968
 MINIMUM TEMPERATURE (F)   22       -13      1943


SUNRISE AND SUNSET
MARCH  6 2015.........SUNRISE   622 AM MST   SUNSET   547 PM MST
MARCH  7 2015.........SUNRISE   620 AM MST   SUNSET   549 PM MST


-  INDICATES NEGATIVE NUMBERS.
R  INDICATES RECORD WAS SET OR TIED.
MM INDICATES DATA IS MISSING.
T  INDICATES TRACE AMOUNT.




$$
