000
CDUS43 KUNR 300830
CLIUNR


CLIMATE REPORT
NATIONAL WEATHER SERVICE RAPID CITY SD
230 AM MDT SUN APR 30 2017


...................................

...THE EAST RAPID CITY SD CLIMATE SUMMARY FOR APRIL 29 2017...

CLIMATE NORMAL PERIOD 1981 TO 2010
CLIMATE RECORD PERIOD 1888 TO 2017


WEATHER ITEM   OBSERVED RECORD YEAR NORMAL DEPARTURE LAST
                VALUE   VALUE       VALUE  FROM      YEAR
                                           NORMAL
...........................................................
TEMPERATURE (F)
 YESTERDAY
  MAXIMUM         53     85    1926  61     -8       42
  MINIMUM         33     12    1950  39     -6       34
  AVERAGE         43                 50     -7       38

PRECIPITATION (IN)
  YESTERDAY        0.00   0.88 1953   0.10  -0.10      T
  MONTH TO DATE    1.63               2.00  -0.37     1.18
  SINCE MAR 1      2.43               2.99  -0.56     2.23
  SINCE JAN 1      3.22               3.76  -0.54     3.04

SNOWFALL (IN)
  YESTERDAY        0.0    2.6  1950   0.2   -0.2      0.0
  MONTH TO DATE    4.7                8.6   -3.9      3.8
  SINCE MAR 1      6.0               20.4  -14.4     11.7
  SINCE JUL 1     39.2               47.1   -7.9     41.6
  SNOW DEPTH       0

DEGREE DAYS
 HEATING
  YESTERDAY       22                 15      7       27
  MONTH TO DATE  525                589    -64      491
  SINCE MAR 1   1294               1497   -203     1176
  SINCE JUL 1   5890               6451   -561     5425

 COOLING
  YESTERDAY        0                  0      0        0
  MONTH TO DATE    0                  0      0        2
  SINCE MAR 1      0                  0      0        2
  SINCE JAN 1      0                  0      0        2
...........................................................


WIND (MPH)
  HIGHEST GUST SPEED    22   HIGHEST GUST DIRECTION     N (360)



WEATHER CONDITIONS
 THE FOLLOWING WEATHER WAS RECORDED YESTERDAY.
  NO SIGNIFICANT WEATHER WAS OBSERVED.


..........................................................


THE EAST RAPID CITY SD CLIMATE NORMALS FOR TODAY
                         NORMAL    RECORD    YEAR
 MAXIMUM TEMPERATURE (F)   61        89      1901
 MINIMUM TEMPERATURE (F)   40        13      1950


SUNRISE AND SUNSET
APRIL 30 2017.........SUNRISE   545 AM MDT   SUNSET   755 PM MDT
MAY  1 2017...........SUNRISE   544 AM MDT   SUNSET   757 PM MDT


-  INDICATES NEGATIVE NUMBERS.
R  INDICATES RECORD WAS SET OR TIED.
MM INDICATES DATA IS MISSING.
T  INDICATES TRACE AMOUNT.




$$
