000
CDUS43 KUNR 170832
CLIUNR


CLIMATE REPORT
NATIONAL WEATHER SERVICE RAPID CITY SD
231 AM MDT THU APR 17 2014


...................................

...THE EAST RAPID CITY SD CLIMATE SUMMARY FOR APRIL 16 2014...

CLIMATE NORMAL PERIOD 1981 TO 2010
CLIMATE RECORD PERIOD 1888 TO 2014


WEATHER ITEM   OBSERVED RECORD YEAR NORMAL DEPARTURE LAST
                VALUE   VALUE       VALUE  FROM      YEAR
                                           NORMAL
...........................................................
TEMPERATURE (F)
 YESTERDAY
  MAXIMUM         44     84    1958  56    -12       27
  MINIMUM         29     13    1907  34     -5       23
  AVERAGE         37                 45     -8       25

PRECIPITATION (IN)
  YESTERDAY        T      1.00 1960   0.08  -0.08     0.25
  MONTH TO DATE    0.68               0.92  -0.24     1.83
  SINCE MAR 1      1.81               1.91  -0.10     2.52
  SINCE JAN 1      2.32               2.68  -0.36     3.20

SNOWFALL (IN)
  YESTERDAY        T                  0.3   -0.3      4.2
  MONTH TO DATE    7.8                5.6    2.2     26.6
  SINCE MAR 1     22.2               17.4    4.8     38.4
  SINCE JUL 1     72.3               44.1   28.2     60.1
  SNOW DEPTH       0

DEGREE DAYS
 HEATING
  YESTERDAY       28                 20      8       40
  MONTH TO DATE  388                362     26      482
  SINCE MAR 1   1408               1270    138     1426
  SINCE JUL 1   6756               6224    532     6054

 COOLING
  YESTERDAY        0                  0      0        0
  MONTH TO DATE    0                  0      0        0
  SINCE MAR 1      0                  0      0        0
  SINCE JAN 1      0                  0      0        0
...........................................................


WIND (MPH)
  HIGHEST GUST SPEED    41   HIGHEST GUST DIRECTION    NW (330)



WEATHER CONDITIONS
 THE FOLLOWING WEATHER WAS RECORDED YESTERDAY.
  LIGHT RAIN
  LIGHT SNOW


..........................................................


THE EAST RAPID CITY SD CLIMATE NORMALS FOR TODAY
                         NORMAL    RECORD    YEAR
 MAXIMUM TEMPERATURE (F)   56        86      2005
 MINIMUM TEMPERATURE (F)   34        20      2001
                                             1953


SUNRISE AND SUNSET
APRIL 17 2014.........SUNRISE   606 AM MDT   SUNSET   739 PM MDT
APRIL 18 2014.........SUNRISE   604 AM MDT   SUNSET   741 PM MDT


-  INDICATES NEGATIVE NUMBERS.
R  INDICATES RECORD WAS SET OR TIED.
MM INDICATES DATA IS MISSING.
T  INDICATES TRACE AMOUNT.




$$
