057
CDUS43 KUNR 110833
CLIUNR


CLIMATE REPORT
NATIONAL WEATHER SERVICE RAPID CITY SD
133 AM MST THU FEB 11 2016


...................................

...THE EAST RAPID CITY SD CLIMATE SUMMARY FOR FEBRUARY 10 2016...

CLIMATE NORMAL PERIOD 1981 TO 2010
CLIMATE RECORD PERIOD 1888 TO 2016


WEATHER ITEM   OBSERVED RECORD YEAR NORMAL DEPARTURE LAST
                VALUE   VALUE       VALUE  FROM      YEAR
                                           NORMAL
...........................................................
TEMPERATURE (F)
 YESTERDAY
  MAXIMUM         63     74    1951  38     25       54
  MINIMUM         29    -26    1939  17     12       25
  AVERAGE         46                 27     19       40

PRECIPITATION (IN)
  YESTERDAY        0.00   0.32 1944   0.02  -0.02     0.01
  MONTH TO DATE    0.24               0.17   0.07     0.02
  SINCE DEC 1      1.14               0.78   0.36     0.55
  SINCE JAN 1      0.41               0.46  -0.05     0.17

SNOWFALL (IN)
  YESTERDAY        0.0    4.2  1944   0.3   -0.3      0.0
  MONTH TO DATE    3.8                2.6    1.2      0.4
  SINCE DEC 1     21.8               13.3    8.5     12.2
  SINCE JUL 1     27.8               21.9    5.9     27.5
  SNOW DEPTH       0

DEGREE DAYS
 HEATING
  YESTERDAY       19                 38    -19       25
  MONTH TO DATE  308                380    -72      288
  SINCE DEC 1   2534               2728   -194     2378
  SINCE JUL 1   3792               4308   -516     3992

 COOLING
  YESTERDAY        0                  0      0        0
  MONTH TO DATE    0                  0      0        0
  SINCE DEC 1      0                  0      0        0
  SINCE JAN 1      0                  0      0        0
...........................................................


WIND (MPH)
  HIGHEST GUST SPEED    44   HIGHEST GUST DIRECTION    NW (320)



WEATHER CONDITIONS
 THE FOLLOWING WEATHER WAS RECORDED YESTERDAY.
  NO SIGNIFICANT WEATHER WAS OBSERVED.


..........................................................


THE EAST RAPID CITY SD CLIMATE NORMALS FOR TODAY
                         NORMAL    RECORD    YEAR
 MAXIMUM TEMPERATURE (F)   38        65      1952
 MINIMUM TEMPERATURE (F)   17       -34      1899


SUNRISE AND SUNSET
FEBRUARY 11 2016......SUNRISE   658 AM MST   SUNSET   516 PM MST
FEBRUARY 12 2016......SUNRISE   657 AM MST   SUNSET   518 PM MST


-  INDICATES NEGATIVE NUMBERS.
R  INDICATES RECORD WAS SET OR TIED.
MM INDICATES DATA IS MISSING.
T  INDICATES TRACE AMOUNT.




$$
