000
CDUS44 KCRP 231124
CLIVCT

CLIMATE REPORT
NATIONAL WEATHER SERVICE CORPUS CHRISTI TX
521 AM CST SUN NOV 23 2014


...................................

...THE VICTORIA CLIMATE SUMMARY FOR NOVEMBER 22 2014...

CLIMATE NORMAL PERIOD 1981 TO 2010
CLIMATE RECORD PERIOD 1893 TO 2014


WEATHER ITEM   OBSERVED TIME   RECORD YEAR NORMAL DEPARTURE LAST
                VALUE   (LST)  VALUE       VALUE  FROM      YEAR
                                                  NORMAL
..................................................................
TEMPERATURE (F)
 YESTERDAY
  MAXIMUM         75    213 PM  88    1917  72      3       75
  MINIMUM         62   1159 PM  32    1945  50     12       40
  AVERAGE         69                        61      8       58

PRECIPITATION (IN)
  YESTERDAY        0.07          1.56 2004   0.10  -0.03     0.04
  MONTH TO DATE    4.53                      2.44   2.09     0.74
  SINCE SEP 1      9.09                     11.24  -2.15     9.14
  SINCE JAN 1     27.98                     38.11 -10.13    24.06

SNOWFALL (IN)
  YESTERDAY        0.0
  MONTH TO DATE    0.0
  SINCE SEP 1      0.0
  SINCE JUL 1      0.0
  SNOW DEPTH       0

DEGREE DAYS
 HEATING
  YESTERDAY        0                         6     -6        7
  MONTH TO DATE  157                        83     74       56
  SINCE SEP 1    157                       106     51       60
  SINCE JUL 1    157                       106     51       60

 COOLING
  YESTERDAY        4                         2      2        0
  MONTH TO DATE   33                        68    -35       80
  SINCE SEP 1    913                       758    155      908
  SINCE JAN 1   3479                      3111    368     3402
..................................................................


WIND (MPH)
  HIGHEST WIND SPEED    37   HIGHEST WIND DIRECTION     W (270)
  HIGHEST GUST SPEED    47   HIGHEST GUST DIRECTION     W (270)
  AVERAGE WIND SPEED    14.2


SKY COVER
  POSSIBLE SUNSHINE  MM
  AVERAGE SKY COVER 0.9


WEATHER CONDITIONS
 THE FOLLOWING WEATHER WAS RECORDED YESTERDAY.
  THUNDERSTORM
  RAIN
  LIGHT RAIN
  FOG


RELATIVE HUMIDITY (PERCENT)
 HIGHEST    93          1200 AM
 LOWEST     64           900 PM
 AVERAGE    79

..........................................................


THE VICTORIA CLIMATE NORMALS FOR TODAY
                         NORMAL    RECORD    YEAR
 MAXIMUM TEMPERATURE (F)   72        89      1924
 MINIMUM TEMPERATURE (F)   49        30      1975


SUNRISE AND SUNSET
NOVEMBER 23 2014......SUNRISE   657 AM CST   SUNSET   531 PM CST
NOVEMBER 24 2014......SUNRISE   658 AM CST   SUNSET   531 PM CST


-  INDICATES NEGATIVE NUMBERS.
R  INDICATES RECORD WAS SET OR TIED.
MM INDICATES DATA IS MISSING.
T  INDICATES TRACE AMOUNT.

$$

GW
