000
CDUS44 KCRP 242329 RRA
CLIVCT

CLIMATE REPORT
NATIONAL WEATHER SERVICE CORPUS CHRISTI TX
627 PM CDT MON APR 24 2017

...................................

...THE VICTORIA CLIMATE SUMMARY FOR APRIL 24 2017...
VALID AS OF 627 PM LOCAL TIME.

CLIMATE NORMAL PERIOD 1981 TO 2010
CLIMATE RECORD PERIOD 1893 TO 2017


WEATHER ITEM   OBSERVED TIME   RECORD YEAR NORMAL DEPARTURE LAST
                VALUE   (LST)  VALUE       VALUE  FROM      YEAR
                                                  NORMAL
..................................................................
TEMPERATURE (F)
 TODAY
  MAXIMUM         81    350 PM  92    1955  82     -1       77
  MINIMUM         50    558 AM  44    1995  62    -12       64
  AVERAGE         66                        72     -6       71

PRECIPITATION (IN)
  TODAY            0.00          1.25 2004   0.09  -0.09     0.61
  MONTH TO DATE    2.78                      2.15   0.63     4.38
  SINCE MAR 1      7.76                      4.92   2.84     8.70
  SINCE JAN 1     16.36                      9.52   6.84    13.64

SNOWFALL (IN)
  TODAY            0.0
  MONTH TO DATE    0.0
  SINCE MAR 1      0.0
  SINCE JUL 1      0.0
  SNOW DEPTH       0

DEGREE DAYS
 HEATING
  TODAY            0                         0      0        0
  MONTH TO DATE    2                        29    -27        9
  SINCE MAR 1     36                       154   -118       63
  SINCE JUL 1    567                      1247   -680      913

 COOLING
  TODAY            1                         7     -6        6
  MONTH TO DATE  181                       129     52      112
  SINCE MAR 1    361                       203    158      234
  SINCE JAN 1    568                       241    327      269
..................................................................


WIND (MPH)
  HIGHEST WIND SPEED    18   HIGHEST WIND DIRECTION     S (170)
  HIGHEST GUST SPEED    22   HIGHEST GUST DIRECTION     S (170)


SKY COVER
  POSSIBLE SUNSHINE  MM
  AVERAGE SKY COVER 0.0


WEATHER CONDITIONS
 THE FOLLOWING WEATHER WAS RECORDED TODAY.
  NO SIGNIFICANT WEATHER WAS OBSERVED.


RELATIVE HUMIDITY (PERCENT)
 HIGHEST    93           600 AM
 LOWEST     33          1200 PM
 AVERAGE    63

..........................................................


THE VICTORIA CLIMATE NORMALS FOR TOMORROW
                         NORMAL    RECORD    YEAR
 MAXIMUM TEMPERATURE (F)   82        96      1932
 MINIMUM TEMPERATURE (F)   62        45      1910


SUNRISE AND SUNSET
APRIL 24 2017.........SUNRISE   653 AM CDT   SUNSET   759 PM CDT
APRIL 25 2017.........SUNRISE   652 AM CDT   SUNSET   800 PM CDT


-  INDICATES NEGATIVE NUMBERS.
R  INDICATES RECORD WAS SET OR TIED.
MM INDICATES DATA IS MISSING.
T  INDICATES TRACE AMOUNT.




$$
