000
CDUS44 KCRP 270038 RRA
CLIVCT

CLIMATE REPORT
NATIONAL WEATHER SERVICE CORPUS CHRISTI TX
736 PM CDT SUN MAR 26 2017


...................................

...THE VICTORIA CLIMATE SUMMARY FOR MARCH 26 2017...
VALID TODAY AS OF 700 PM LOCAL TIME.

CLIMATE NORMAL PERIOD 1981 TO 2010
CLIMATE RECORD PERIOD 1893 TO 2017


WEATHER ITEM   OBSERVED TIME   RECORD YEAR NORMAL DEPARTURE LAST
                VALUE   (LST)  VALUE       VALUE  FROM      YEAR
                                                  NORMAL
..................................................................
TEMPERATURE (F)
 TODAY
  MAXIMUM         84    141 PM  99    1928  77      7       76
  MINIMUM         66    700 AM  32    1955  54     12       50
  AVERAGE         75                        65     10       63

PRECIPITATION (IN)
  TODAY            T             1.12 1951   0.10  -0.10     0.00
  MONTH TO DATE    4.19                      2.31   1.88     4.26
  SINCE MAR 1      4.19                      2.31   1.88     4.26
  SINCE JAN 1     12.79                      6.91   5.88     9.20

SNOWFALL (IN)
  TODAY            0.0
  MONTH TO DATE    0.0
  SINCE MAR 1      0.0
  SINCE JUL 1      0.0
  SNOW DEPTH       0

DEGREE DAYS
 HEATING
  TODAY            0                         3     -3        2
  MONTH TO DATE   34                       114    -80       53
  SINCE MAR 1     34                       114    -80       53
  SINCE JUL 1    565                      1207   -642      903

 COOLING
  TODAY           10                         3      7        0
  MONTH TO DATE  137                        57     80       94
  SINCE MAR 1    137                        57     80       94
  SINCE JAN 1    344                        95    249      129
..................................................................


WIND (MPH)
  HIGHEST WIND SPEED    26   HIGHEST WIND DIRECTION     S (160)
  HIGHEST GUST SPEED    31   HIGHEST GUST DIRECTION    SE (150)


SKY COVER
  POSSIBLE SUNSHINE  MM
  AVERAGE SKY COVER 0.7


WEATHER CONDITIONS
 THE FOLLOWING WEATHER WAS RECORDED TODAY.
  LIGHT RAIN
  FOG
  FOG W/VISIBILITY <= 1/4 MILE
  HAZE


RELATIVE HUMIDITY (PERCENT)
 HIGHEST    97           100 AM
 LOWEST     55           100 PM
 AVERAGE    76

..........................................................


THE VICTORIA CLIMATE NORMALS FOR TOMORROW
                         NORMAL    RECORD    YEAR
 MAXIMUM TEMPERATURE (F)   77        98      1939
 MINIMUM TEMPERATURE (F)   55        32      1913


SUNRISE AND SUNSET
MARCH 26 2017.........SUNRISE   724 AM CDT   SUNSET   743 PM CDT
MARCH 27 2017.........SUNRISE   723 AM CDT   SUNSET   743 PM CDT


-  INDICATES NEGATIVE NUMBERS.
R  INDICATES RECORD WAS SET OR TIED.
MM INDICATES DATA IS MISSING.
T  INDICATES TRACE AMOUNT.




$$

92
