000
CDUS44 KCRP 200904
CLIVCT

CLIMATE REPORT
NATIONAL WEATHER SERVICE CORPUS CHRISTI TX
303 AM CST SAT DEC 20 2014


...................................

...THE VICTORIA CLIMATE SUMMARY FOR DECEMBER 19 2014...

CLIMATE NORMAL PERIOD 1981 TO 2010
CLIMATE RECORD PERIOD 1893 TO 2014


WEATHER ITEM   OBSERVED TIME   RECORD YEAR NORMAL DEPARTURE LAST
                VALUE   (LST)  VALUE       VALUE  FROM      YEAR
                                                  NORMAL
..................................................................
TEMPERATURE (F)
 YESTERDAY
  MAXIMUM         65    201 AM  81    1921  65      0       78
  MINIMUM         54   1159 PM  20    1996  44     10       57
  AVERAGE         60                        54      6       68

PRECIPITATION (IN)
  YESTERDAY        1.35R         1.03 1976   0.07   1.28      T
  MONTH TO DATE    1.61                      1.42   0.19     0.11
  SINCE DEC 1      1.61                      1.42   0.19     0.11
  SINCE JAN 1     29.59                     40.33 -10.74    25.22

SNOWFALL (IN)
  YESTERDAY        0.0
  MONTH TO DATE    0.0
  SINCE DEC 1      0.0
  SINCE JUL 1      0.0
  SNOW DEPTH       0

DEGREE DAYS
 HEATING
  YESTERDAY        5                        11     -6        0
  MONTH TO DATE   63                       189   -126      243
  SINCE DEC 1     63                       189   -126      243
  SINCE JUL 1    254                       352    -98      440

 COOLING
  YESTERDAY        0                         1     -1        3
  MONTH TO DATE   24                        19      5       23
  SINCE DEC 1     24                        19      5       23
  SINCE JAN 1   3513                      3142    371     3425
..................................................................


WIND (MPH)
  HIGHEST WIND SPEED    23   HIGHEST WIND DIRECTION     N (360)
  HIGHEST GUST SPEED    28   HIGHEST GUST DIRECTION     N (360)
  AVERAGE WIND SPEED    12.1


SKY COVER
  POSSIBLE SUNSHINE  MM
  AVERAGE SKY COVER 1.0


WEATHER CONDITIONS
 THE FOLLOWING WEATHER WAS RECORDED YESTERDAY.
  HEAVY RAIN
  RAIN
  LIGHT RAIN
  FOG


RELATIVE HUMIDITY (PERCENT)
 HIGHEST   100           300 AM
 LOWEST     78           500 PM
 AVERAGE    89

..........................................................


THE VICTORIA CLIMATE NORMALS FOR TODAY
                         NORMAL    RECORD    YEAR
 MAXIMUM TEMPERATURE (F)   65        84      1951
 MINIMUM TEMPERATURE (F)   44        19      1924


SUNRISE AND SUNSET
DECEMBER 20 2014......SUNRISE   716 AM CST   SUNSET   534 PM CST
DECEMBER 21 2014......SUNRISE   717 AM CST   SUNSET   535 PM CST


-  INDICATES NEGATIVE NUMBERS.
R  INDICATES RECORD WAS SET OR TIED.
MM INDICATES DATA IS MISSING.
T  INDICATES TRACE AMOUNT.




$$
