148
CDUS44 KCRP 270737
CLIVCT

CLIMATE REPORT
NATIONAL WEATHER SERVICE CORPUS CHRISTI TX
234 AM CDT TUE SEP 27 2016


...................................

...THE VICTORIA CLIMATE SUMMARY FOR SEPTEMBER 26 2016...

CLIMATE NORMAL PERIOD 1981 TO 2010
CLIMATE RECORD PERIOD 1893 TO 2016


WEATHER ITEM   OBSERVED TIME   RECORD YEAR NORMAL DEPARTURE LAST
                VALUE   (LST)  VALUE       VALUE  FROM      YEAR
                                                  NORMAL
..................................................................
TEMPERATURE (F)
 YESTERDAY
  MAXIMUM         88    108 PM 101    2005  88      0       94
  MINIMUM         70   1159 PM  48    2000  66      4       66
  AVERAGE         79                        77      2       80

PRECIPITATION (IN)
  YESTERDAY        0.01          1.80 1972   0.12  -0.11     0.43
  MONTH TO DATE    2.55                      3.65  -1.10     4.20
  SINCE SEP 1      2.55                      3.65  -1.10     4.20
  SINCE JAN 1     32.13                     30.52   1.61    44.48

SNOWFALL (IN)
  YESTERDAY        0.0
  MONTH TO DATE    0.0
  SINCE SEP 1      0.0
  SINCE JUL 1      0.0
  SNOW DEPTH       0

DEGREE DAYS
 HEATING
  YESTERDAY        0                         0      0        0
  MONTH TO DATE    0                         0      0        0
  SINCE SEP 1      0                         0      0        0
  SINCE JUL 1      0                         0      0        0

 COOLING
  YESTERDAY       14                        12      2       15
  MONTH TO DATE  463                       399     64      406
  SINCE SEP 1    463                       399     64      406
  SINCE JAN 1   2950                      2752    198     2828
..................................................................


WIND (MPH)
  HIGHEST WIND SPEED    18   HIGHEST WIND DIRECTION    NW (310)
  HIGHEST GUST SPEED    21   HIGHEST GUST DIRECTION    NW (300)
  AVERAGE WIND SPEED     8.0


SKY COVER
  POSSIBLE SUNSHINE  MM
  AVERAGE SKY COVER 0.6


WEATHER CONDITIONS
 THE FOLLOWING WEATHER WAS RECORDED YESTERDAY.
  THUNDERSTORM
  RAIN
  LIGHT RAIN
  FOG


RELATIVE HUMIDITY (PERCENT)
 HIGHEST   100          1200 AM
 LOWEST     63           100 PM
 AVERAGE    82

..........................................................


THE VICTORIA CLIMATE NORMALS FOR TODAY
                         NORMAL    RECORD    YEAR
 MAXIMUM TEMPERATURE (F)   88       101      2005
 MINIMUM TEMPERATURE (F)   66        45      1942


SUNRISE AND SUNSET
SEPTEMBER 27 2016.....SUNRISE   719 AM CDT   SUNSET   717 PM CDT
SEPTEMBER 28 2016.....SUNRISE   719 AM CDT   SUNSET   716 PM CDT


-  INDICATES NEGATIVE NUMBERS.
R  INDICATES RECORD WAS SET OR TIED.
MM INDICATES DATA IS MISSING.
T  INDICATES TRACE AMOUNT.

$$

CB
