000
CDUS44 KCRP 232321
CLIVCT

CLIMATE REPORT
NATIONAL WEATHER SERVICE CORPUS CHRISTI TX
520 PM CST MON JAN 23 2017

...................................

...THE VICTORIA CLIMATE SUMMARY FOR JANUARY 23 2017...
VALID AS OF 520 PM LOCAL TIME.

CLIMATE NORMAL PERIOD 1981 TO 2010
CLIMATE RECORD PERIOD 1893 TO 2017


WEATHER ITEM   OBSERVED TIME   RECORD YEAR NORMAL DEPARTURE LAST
                VALUE   (LST)  VALUE       VALUE  FROM      YEAR
                                                  NORMAL
..................................................................
TEMPERATURE (F)
 TODAY
  MAXIMUM         77    348 PM  84    1933  65     12       61
  MINIMUM         43    728 AM  14    1940  43      0       31
  AVERAGE         60                        54      6       46

PRECIPITATION (IN)
  TODAY            0.00          1.42 1958   0.08  -0.08     0.00
  MONTH TO DATE    3.73                      1.91   1.82     3.08
  SINCE DEC 1      6.74                      4.22   2.52     4.68
  SINCE JAN 1      3.73                      1.91   1.82     3.08

SNOWFALL (IN)
  TODAY            0.0
  MONTH TO DATE    0.0
  SINCE DEC 1      0.0
  SINCE JUL 1      0.0
  SNOW DEPTH       0

DEGREE DAYS
 HEATING
  TODAY            5                        11     -6       19
  MONTH TO DATE  134                       272   -138      302
  SINCE DEC 1    369                       603   -234      515
  SINCE JUL 1    419                       766   -347      613

 COOLING
  TODAY            0                         0      0        0
  MONTH TO DATE   68                         7     61        0
  SINCE DEC 1    125                        34     91       56
  SINCE JAN 1     68                         7     61        0
..................................................................


WIND (MPH)
  HIGHEST WIND SPEED    15   HIGHEST WIND DIRECTION     W (260)
  HIGHEST GUST SPEED    20   HIGHEST GUST DIRECTION     W (250)


SKY COVER
  POSSIBLE SUNSHINE  MM
  AVERAGE SKY COVER 0.0


WEATHER CONDITIONS
 THE FOLLOWING WEATHER WAS RECORDED TODAY.
  NO SIGNIFICANT WEATHER WAS OBSERVED.


RELATIVE HUMIDITY (PERCENT)
 HIGHEST    83           500 AM
 LOWEST     23           300 PM
 AVERAGE    53

..........................................................


THE VICTORIA CLIMATE NORMALS FOR TOMORROW
                         NORMAL    RECORD    YEAR
 MAXIMUM TEMPERATURE (F)   65        82      2013
                                             1929
                                             1909
 MINIMUM TEMPERATURE (F)   43        17      1963
                                             1940


SUNRISE AND SUNSET
JANUARY 23 2017.......SUNRISE   720 AM CST   SUNSET   600 PM CST
JANUARY 24 2017.......SUNRISE   720 AM CST   SUNSET   600 PM CST


-  INDICATES NEGATIVE NUMBERS.
R  INDICATES RECORD WAS SET OR TIED.
MM INDICATES DATA IS MISSING.
T  INDICATES TRACE AMOUNT.




$$
