000
CDUS44 KCRP 220743 RRA
CLIVCT

CLIMATE REPORT
NATIONAL WEATHER SERVICE CORPUS CHRISTI TX
140 AM CST WED FEB 22 2017


...................................

...THE VICTORIA CLIMATE SUMMARY FOR FEBRUARY 21 2017...

CLIMATE NORMAL PERIOD 1981 TO 2010
CLIMATE RECORD PERIOD 1893 TO 2017


WEATHER ITEM   OBSERVED TIME   RECORD YEAR NORMAL DEPARTURE LAST
                VALUE   (LST)  VALUE       VALUE  FROM      YEAR
                                                  NORMAL
..................................................................
TEMPERATURE (F)
 YESTERDAY
  MAXIMUM         80    342 PM  89    1909  69     11       79
  MINIMUM         54    725 AM  30    1921  48      6       64
                                      1905
  AVERAGE         67                        58      9       72

PRECIPITATION (IN)
  YESTERDAY        0.00          2.51 1969   0.07  -0.07     0.00
  MONTH TO DATE    4.83                      1.54   3.29      T
  SINCE DEC 1     11.60                      6.37   5.23     4.75
  SINCE JAN 1      8.59                      4.06   4.53     3.15

SNOWFALL (IN)
  YESTERDAY        0.0
  MONTH TO DATE    0.0
  SINCE DEC 1      0.0
  SINCE JUL 1      0.0
  SNOW DEPTH       0

DEGREE DAYS
 HEATING
  YESTERDAY        0                         8     -8        0
  MONTH TO DATE   42                       193   -151      131
  SINCE DEC 1    470                       882   -412      711
  SINCE JUL 1    520                      1045   -525      809

 COOLING
  YESTERDAY        2                         1      1        7
  MONTH TO DATE  100                        21     79       19
  SINCE DEC 1    228                        62    166       80
  SINCE JAN 1    171                        35    136       24
..................................................................


WIND (MPH)
  HIGHEST WIND SPEED    25   HIGHEST WIND DIRECTION    NW (310)
  HIGHEST GUST SPEED    33   HIGHEST GUST DIRECTION    NW (310)
  AVERAGE WIND SPEED    11.7


SKY COVER
  POSSIBLE SUNSHINE  MM
  AVERAGE SKY COVER 0.1


WEATHER CONDITIONS
 THE FOLLOWING WEATHER WAS RECORDED YESTERDAY.
  NO SIGNIFICANT WEATHER WAS OBSERVED.


RELATIVE HUMIDITY (PERCENT)
 HIGHEST    97           200 AM
 LOWEST     25           400 PM
 AVERAGE    61

..........................................................


THE VICTORIA CLIMATE NORMALS FOR TODAY
                         NORMAL    RECORD    YEAR
 MAXIMUM TEMPERATURE (F)   69        90      1927
 MINIMUM TEMPERATURE (F)   48        27      1939


SUNRISE AND SUNSET
FEBRUARY 22 2017......SUNRISE   700 AM CST   SUNSET   623 PM CST
FEBRUARY 23 2017......SUNRISE   659 AM CST   SUNSET   624 PM CST


-  INDICATES NEGATIVE NUMBERS.
R  INDICATES RECORD WAS SET OR TIED.
MM INDICATES DATA IS MISSING.
T  INDICATES TRACE AMOUNT.




$$
