000
CDUS44 KCRP 080042 RRA
CLIVCT

CLIMATE REPORT
NATIONAL WEATHER SERVICE CORPUS CHRISTI TX
640 PM CST WED DEC 7 2016

...................................

...THE VICTORIA CLIMATE SUMMARY FOR DECEMBER 7 2016...
VALID TODAY AS OF 600 PM LOCAL TIME.

CLIMATE NORMAL PERIOD 1981 TO 2010
CLIMATE RECORD PERIOD 1893 TO 2016


WEATHER ITEM   OBSERVED TIME   RECORD YEAR NORMAL DEPARTURE LAST
                VALUE   (LST)  VALUE       VALUE  FROM      YEAR
                                                  NORMAL
..................................................................
TEMPERATURE (F)
 TODAY
  MAXIMUM         62        MM  86    1924  68     -6       72
                                      1916
  MINIMUM         47    306 AM  20    1950  45      2       43
  AVERAGE         55                        56     -1       58

PRECIPITATION (IN)
  TODAY            0.00          2.02 1998   0.07  -0.07     0.00
  MONTH TO DATE    2.62                      0.57   2.05     0.04
  SINCE DEC 1      2.62                      0.57   2.05     0.04
  SINCE JAN 1     38.86                     39.48  -0.62    52.12

SNOWFALL (IN)
  TODAY            0.0
  MONTH TO DATE    0.0
  SINCE DEC 1      0.0
  SINCE JUL 1      0.0
  SNOW DEPTH       0

DEGREE DAYS
 HEATING
  TODAY           10                         9      1        7
  MONTH TO DATE   67                        62      5       74
  SINCE DEC 1     67                        62      5       74
  SINCE JUL 1    117                       225   -108      172

 COOLING
  TODAY            0                         1     -1        0
  MONTH TO DATE    0                         7     -7        0
  SINCE DEC 1      0                         7     -7        0
  SINCE JAN 1   3427                      3130    297     3280
..................................................................


WIND (MPH)
  HIGHEST WIND SPEED    12   HIGHEST WIND DIRECTION    NE (50)
  HIGHEST GUST SPEED    14   HIGHEST GUST DIRECTION    NE (30)


SKY COVER
  POSSIBLE SUNSHINE  MM
  AVERAGE SKY COVER 0.7


WEATHER CONDITIONS
 THE FOLLOWING WEATHER WAS RECORDED TODAY.
  FOG
  HAZE


RELATIVE HUMIDITY (PERCENT)
 HIGHEST    93          1200 AM
 LOWEST     60           700 AM
 AVERAGE    77

..........................................................


THE VICTORIA CLIMATE NORMALS FOR TOMORROW
                         NORMAL    RECORD    YEAR
 MAXIMUM TEMPERATURE (F)   67        85      2012
 MINIMUM TEMPERATURE (F)   45        26      2011


SUNRISE AND SUNSET
DECEMBER  7 2016......SUNRISE   708 AM CST   SUNSET   530 PM CST
DECEMBER  8 2016......SUNRISE   709 AM CST   SUNSET   531 PM CST


-  INDICATES NEGATIVE NUMBERS.
R  INDICATES RECORD WAS SET OR TIED.
MM INDICATES DATA IS MISSING.
T  INDICATES TRACE AMOUNT.




$$
