000
CDUS45 KGJT 160733
CLIVEL


CLIMATE REPORT
NATIONAL WEATHER SERVICE GRAND JUNCTION CO
131 AM MDT TUE SEP 16 2014


...................................

...THE VERNAL UT CLIMATE SUMMARY FOR SEPTEMBER 15 2014...

CLIMATE NORMAL PERIOD 1981 TO 2010
CLIMATE RECORD PERIOD 9999 TO 9999


WEATHER ITEM   OBSERVED TIME   RECORD YEAR NORMAL DEPARTURE LAST
                VALUE   (LST)  VALUE       VALUE  FROM      YEAR
                                                  NORMAL
..................................................................
TEMPERATURE (F)
 YESTERDAY
  MAXIMUM         83    435 PM  MM      MM  75      8       70
  MINIMUM         50    552 AM  MM      MM  46      4       55
  AVERAGE         67                        60      7       63

PRECIPITATION (IN)
  YESTERDAY        0.00         MM      MM   0.03  -0.03     0.47
  MONTH TO DATE    0.67                      0.51   0.16     1.46
  SINCE SEP 1      0.67                      0.51   0.16     1.46
  SINCE JAN 1      7.41                      6.12   1.29     6.29

SNOWFALL (IN)
  YESTERDAY       MM            MM      MM   0.0   MM       MM
  MONTH TO DATE   MM                         0.0   MM       MM
  SINCE SEP 1     MM                         0.0   MM       MM
  SINCE JUL 1     MM                         0.0   MM       MM
  SNOW DEPTH      MM

DEGREE DAYS
 HEATING
  YESTERDAY        0                         5     -5        2
  MONTH TO DATE   47                        46      1        8
  SINCE SEP 1     47                        46      1        8
  SINCE JUL 1     69                        62      7       10

 COOLING
  YESTERDAY        2                         1      1        0
  MONTH TO DATE   17                        20     -3       69
  SINCE SEP 1     17                        20     -3       69
  SINCE JAN 1    604                       509     95      786
..................................................................


WIND (MPH)
  HIGHEST WIND SPEED     9   HIGHEST WIND DIRECTION    NW (320)
  HIGHEST GUST SPEED    12   HIGHEST GUST DIRECTION    NW (320)
  AVERAGE WIND SPEED     3.8


SKY COVER
  POSSIBLE SUNSHINE  MM
  AVERAGE SKY COVER 0.0


WEATHER CONDITIONS
 THE FOLLOWING WEATHER WAS RECORDED YESTERDAY.
  NO SIGNIFICANT WEATHER WAS OBSERVED.


RELATIVE HUMIDITY (PERCENT)
 HIGHEST    68           600 AM
 LOWEST     20           300 PM
 AVERAGE    44

..........................................................


THE VERNAL UT CLIMATE NORMALS FOR TODAY
                         NORMAL    RECORD    YEAR
 MAXIMUM TEMPERATURE (F)   75        MM        MM
 MINIMUM TEMPERATURE (F)   46        MM        MM


SUNRISE AND SUNSET
SEPTEMBER 16 2014.....SUNRISE   700 AM MDT   SUNSET   725 PM MDT
SEPTEMBER 17 2014.....SUNRISE   701 AM MDT   SUNSET   723 PM MDT


-  INDICATES NEGATIVE NUMBERS.
R  INDICATES RECORD WAS SET OR TIED.
MM INDICATES DATA IS MISSING.
T  INDICATES TRACE AMOUNT.




$$
