000
CDUS43 KSGF 040629
CLIVIH


CLIMATE REPORT
NATIONAL WEATHER SERVICE SPRINGFIELD MO
129 AM CDT FRI SEP 4 2015


...................................

...THE VICHY-ROLLA MO CLIMATE SUMMARY FOR SEPTEMBER 3 2015...

CLIMATE NORMAL PERIOD 1981 TO 2010
CLIMATE RECORD PERIOD 1888 TO 2015


WEATHER ITEM   OBSERVED TIME   RECORD YEAR NORMAL DEPARTURE LAST
                VALUE   (LST)  VALUE       VALUE  FROM      YEAR
                                                  NORMAL
..................................................................
TEMPERATURE (F)
 YESTERDAY
  MAXIMUM         93    222 PM 100    1897  84      9       81
  MINIMUM         67    608 AM  44    1974  62      5       63
  AVERAGE         80                        73      7       72

PRECIPITATION (IN)
  YESTERDAY        0.00          1.87 1993   0.15  -0.15     0.01
  MONTH TO DATE    0.00                      0.43  -0.43     1.25
  SINCE SEP 1      0.00                      0.43  -0.43     1.25
  SINCE JAN 1     29.26                     29.98  -0.72    18.55

DEGREE DAYS
 HEATING
  YESTERDAY        0                         0      0        0
  MONTH TO DATE    0                         0      0        0
  SINCE SEP 1      0                         0      0        0
  SINCE JUL 1      2                         3     -1        3

 COOLING
  YESTERDAY       15                         8      7        7
  MONTH TO DATE   45                        24     21       16
  SINCE SEP 1     45                        24     21       16
  SINCE JAN 1   1060                      1101    -41     1055
..................................................................


WIND (MPH)
  HIGHEST WIND SPEED    13   HIGHEST WIND DIRECTION    SW (220)
  HIGHEST GUST SPEED    19   HIGHEST GUST DIRECTION    SW (230)
  AVERAGE WIND SPEED     7.4


SKY COVER
  AVERAGE SKY COVER 0.1


WEATHER CONDITIONS
 THE FOLLOWING WEATHER WAS RECORDED YESTERDAY.
  FOG


RELATIVE HUMIDITY (PERCENT)
 HIGHEST    93           500 AM
 LOWEST     41           200 PM
 AVERAGE    67

..........................................................


THE VICHY-ROLLA MO CLIMATE NORMALS FOR TODAY
                         NORMAL    RECORD    YEAR
 MAXIMUM TEMPERATURE (F)   83       102      1899
 MINIMUM TEMPERATURE (F)   61        44      1974


SUNRISE AND SUNSET
SEPTEMBER  4 2015.....SUNRISE   639 AM CDT   SUNSET   732 PM CDT
SEPTEMBER  5 2015.....SUNRISE   640 AM CDT   SUNSET   731 PM CDT


-  INDICATES NEGATIVE NUMBERS.
R  INDICATES RECORD WAS SET OR TIED.
MM INDICATES DATA IS MISSING.
T  INDICATES TRACE AMOUNT.




$$
