000
CDUS43 KSGF 022225
CLIVIH


CLIMATE REPORT
NATIONAL WEATHER SERVICE SPRINGFIELD MO
525 PM CDT TUE SEP 2 2014


...................................

...THE VICHY-ROLLA MO CLIMATE SUMMARY FOR SEPTEMBER 2 2014...
VALID TODAY AS OF 0500 PM LOCAL TIME.

CLIMATE NORMAL PERIOD 1981 TO 2010
CLIMATE RECORD PERIOD 1888 TO 2014


WEATHER ITEM   OBSERVED TIME   RECORD YEAR NORMAL DEPARTURE LAST
                VALUE   (LST)  VALUE       VALUE  FROM      YEAR
                                                  NORMAL
..................................................................
TEMPERATURE (F)
 TODAY
  MAXIMUM         MM        MM  99    1899  84     MM       85
  MINIMUM         MM        MM  49    1974  62     MM       56
  AVERAGE         MM                        73     MM       71

PRECIPITATION (IN)
  TODAY            0.71          1.35 1958   0.14   0.57     0.00
  MONTH TO DATE    1.24                      0.28   0.96     0.05
  SINCE SEP 1      1.24                      0.28   0.96     0.05
  SINCE JAN 1     18.54                     29.83 -11.29    33.03

DEGREE DAYS
 HEATING
  TODAY           MM                         0     MM        0
  MONTH TO DATE    0                         0      0        0
  SINCE SEP 1      0                         0      0        0
  SINCE JUL 1      3                         3      0        4

 COOLING
  TODAY           MM                         8     MM        6
  MONTH TO DATE    9                        16     -7       19
  SINCE SEP 1      9                        16     -7       19
  SINCE JAN 1   1048                      1093    -45      918
..................................................................


WIND (MPH)
  HIGHEST WIND SPEED    13   HIGHEST WIND DIRECTION     W (270)
  HIGHEST GUST SPEED    22   HIGHEST GUST DIRECTION     W (260)


SKY COVER
  AVERAGE SKY COVER 0.3


WEATHER CONDITIONS
 THE FOLLOWING WEATHER WAS RECORDED TODAY.
  THUNDERSTORM
  HEAVY RAIN
  RAIN
  LIGHT RAIN
  FOG


RELATIVE HUMIDITY (PERCENT)
 HIGHEST    84          1200 PM
 LOWEST     69           300 PM
 AVERAGE    77

..........................................................


THE VICHY-ROLLA MO CLIMATE NORMALS FOR TOMORROW
                         NORMAL    RECORD    YEAR
 MAXIMUM TEMPERATURE (F)   84       100      1897
 MINIMUM TEMPERATURE (F)   62        44      1974


SUNRISE AND SUNSET
SEPTEMBER  2 2014.....SUNRISE   638 AM CDT   SUNSET   735 PM CDT
SEPTEMBER  3 2014.....SUNRISE   638 AM CDT   SUNSET   734 PM CDT


-  INDICATES NEGATIVE NUMBERS.
R  INDICATES RECORD WAS SET OR TIED.
MM INDICATES DATA IS MISSING.
T  INDICATES TRACE AMOUNT.




$$
