000
CDUS43 KSGF 010631
CLIVIH


CLIMATE REPORT
NATIONAL WEATHER SERVICE SPRINGFIELD MO
131 AM CDT SAT AUG 1 2015


...................................

...THE VICHY-ROLLA MO CLIMATE SUMMARY FOR JULY 31 2015...

CLIMATE NORMAL PERIOD 1981 TO 2010
CLIMATE RECORD PERIOD 1888 TO 2015


WEATHER ITEM   OBSERVED TIME   RECORD YEAR NORMAL DEPARTURE LAST
                VALUE   (LST)  VALUE       VALUE  FROM      YEAR
                                                  NORMAL
..................................................................
TEMPERATURE (F)
 YESTERDAY
  MAXIMUM         90    138 PM 106    1980  89      1       85
  MINIMUM         61    538 AM  50    1971  66     -5       56
  AVERAGE         76                        78     -2       71

PRECIPITATION (IN)
  YESTERDAY        0.00          2.23 1958   0.14  -0.14     0.00
  MONTH TO DATE    5.40                      4.44   0.96     0.11
  SINCE JUN 1     12.85                      9.07   3.78     3.42
  SINCE JAN 1     26.87                     25.88   0.99    13.04

DEGREE DAYS
 HEATING
  YESTERDAY        0                         0      0        0
  MONTH TO DATE    0                         0      0        3
  SINCE JUN 1     15                        15      0        4
  SINCE JUL 1      0                         1     -1        3

 COOLING
  YESTERDAY       11                        13     -2        6
  MONTH TO DATE  379                       382     -3      241
  SINCE JUN 1    651                       617     34      499
  SINCE JAN 1    758                       724     34      646
..................................................................


WIND (MPH)
  HIGHEST WIND SPEED    14   HIGHEST WIND DIRECTION     W (260)
  HIGHEST GUST SPEED    20   HIGHEST GUST DIRECTION     W (260)
  AVERAGE WIND SPEED     4.9


SKY COVER
  AVERAGE SKY COVER 0.0


WEATHER CONDITIONS
 THE FOLLOWING WEATHER WAS RECORDED YESTERDAY.
  FOG
  HAZE


RELATIVE HUMIDITY (PERCENT)
 HIGHEST   100           500 AM
 LOWEST     32           200 PM
 AVERAGE    66

..........................................................


THE VICHY-ROLLA MO CLIMATE NORMALS FOR TODAY
                         NORMAL    RECORD    YEAR
 MAXIMUM TEMPERATURE (F)   89       104      1897
 MINIMUM TEMPERATURE (F)   66        56      1992


SUNRISE AND SUNSET
AUGUST  1 2015........SUNRISE   610 AM CDT   SUNSET   817 PM CDT
AUGUST  2 2015........SUNRISE   610 AM CDT   SUNSET   816 PM CDT


-  INDICATES NEGATIVE NUMBERS.
R  INDICATES RECORD WAS SET OR TIED.
MM INDICATES DATA IS MISSING.
T  INDICATES TRACE AMOUNT.




$$
