000
CDUS43 KSGF 230645
CLIVIH


CLIMATE REPORT
NATIONAL WEATHER SERVICE SPRINGFIELD MO
145 AM CDT FRI JUN 23 2017


...................................

...THE VICHY-ROLLA MO CLIMATE SUMMARY FOR JUNE 22 2017...

CLIMATE NORMAL PERIOD 1981 TO 2010
CLIMATE RECORD PERIOD 1888 TO 2017


WEATHER ITEM   OBSERVED TIME   RECORD YEAR NORMAL DEPARTURE LAST
                VALUE   (LST)  VALUE       VALUE  FROM      YEAR
                                                  NORMAL
..................................................................
TEMPERATURE (F)
 YESTERDAY
  MAXIMUM         84    534 PM  98    1901  84      0       96
  MINIMUM         67    343 AM  43    1902  64      3       70
  AVERAGE         76                        74      2       83

PRECIPITATION (IN)
  YESTERDAY        0.00          1.35 1951   0.15  -0.15     0.00
  MONTH TO DATE    2.75                      3.52  -0.77     0.83
  SINCE JUN 1      2.75                      3.52  -0.77     0.83
  SINCE JAN 1     25.19                     20.33   4.86    15.07

DEGREE DAYS
 HEATING
  YESTERDAY        0                         0      0        0
  MONTH TO DATE    1                        12    -11        0
  SINCE JUN 1      1                        12    -11        0
  SINCE JUL 1   3804                      4846  -1042     4052

 COOLING
  YESTERDAY       11                         9      2       18
  MONTH TO DATE  184                       152     32      237
  SINCE JUN 1    184                       152     32      237
  SINCE JAN 1    288                       259     29      315
..................................................................


WIND (MPH)
  HIGHEST WIND SPEED    18   HIGHEST WIND DIRECTION     S (180)
  HIGHEST GUST SPEED    24   HIGHEST GUST DIRECTION     S (170)
  AVERAGE WIND SPEED     9.9


SKY COVER
  AVERAGE SKY COVER 0.5


WEATHER CONDITIONS
 THE FOLLOWING WEATHER WAS RECORDED YESTERDAY.
  NO SIGNIFICANT WEATHER WAS OBSERVED.


RELATIVE HUMIDITY (PERCENT)
 HIGHEST   100           300 AM
 LOWEST     69           200 PM
 AVERAGE    85

..........................................................


THE VICHY-ROLLA MO CLIMATE NORMALS FOR TODAY
                         NORMAL    RECORD    YEAR
 MAXIMUM TEMPERATURE (F)   85        98      1901
 MINIMUM TEMPERATURE (F)   64        47      1902


SUNRISE AND SUNSET
JUNE 23 2017..........SUNRISE   545 AM CDT   SUNSET   834 PM CDT
JUNE 24 2017..........SUNRISE   545 AM CDT   SUNSET   834 PM CDT


-  INDICATES NEGATIVE NUMBERS.
R  INDICATES RECORD WAS SET OR TIED.
MM INDICATES DATA IS MISSING.
T  INDICATES TRACE AMOUNT.




$$
