000
CDUS43 KSGF 252226
CLIVIH


CLIMATE REPORT
NATIONAL WEATHER SERVICE SPRINGFIELD MO
526 PM CDT SAT OCT 25 2014


...................................

...THE VICHY-ROLLA MO CLIMATE SUMMARY FOR OCTOBER 25 2014...
VALID TODAY AS OF 0500 PM LOCAL TIME.

CLIMATE NORMAL PERIOD 1981 TO 2010
CLIMATE RECORD PERIOD 1888 TO 2014


WEATHER ITEM   OBSERVED TIME   RECORD YEAR NORMAL DEPARTURE LAST
                VALUE   (LST)  VALUE       VALUE  FROM      YEAR
                                                  NORMAL
..................................................................
TEMPERATURE (F)
 TODAY
  MAXIMUM         80    303 PM  83    1902  65     15       54
  MINIMUM         54    620 AM  24    2013  43     11       24
  AVERAGE         67                        54     13       39

PRECIPITATION (IN)
  TODAY            0.00          1.42 2002   0.11  -0.11     0.00
  MONTH TO DATE    5.20                      2.82   2.38     0.98
  SINCE SEP 1      7.11                      6.86   0.25     3.84
  SINCE JAN 1     24.41                     36.41 -12.00    36.82

DEGREE DAYS
 HEATING
  TODAY            0                        12    -12       26
  MONTH TO DATE  200                       209     -9      261
  SINCE SEP 1    261                       270     -9      289
  SINCE JUL 1    264                       273     -9      293

 COOLING
  TODAY            2                         0      2        0
  MONTH TO DATE   15                        25    -10       38
  SINCE SEP 1    137                       166    -29      225
  SINCE JAN 1   1176                      1243    -67     1124
..................................................................


WIND (MPH)
  HIGHEST WIND SPEED    12   HIGHEST WIND DIRECTION    SW (230)
  HIGHEST GUST SPEED    17   HIGHEST GUST DIRECTION    SW (220)


SKY COVER
  AVERAGE SKY COVER 0.0


WEATHER CONDITIONS
 THE FOLLOWING WEATHER WAS RECORDED TODAY.
  FOG
  HAZE


RELATIVE HUMIDITY (PERCENT)
 HIGHEST   100           600 AM
 LOWEST     52           400 PM
 AVERAGE    76

..........................................................


THE VICHY-ROLLA MO CLIMATE NORMALS FOR TOMORROW
                         NORMAL    RECORD    YEAR
 MAXIMUM TEMPERATURE (F)   64        84      1952
 MINIMUM TEMPERATURE (F)   43        25      1957


SUNRISE AND SUNSET
OCTOBER 25 2014.......SUNRISE   726 AM CDT   SUNSET   616 PM CDT
OCTOBER 26 2014.......SUNRISE   727 AM CDT   SUNSET   615 PM CDT


-  INDICATES NEGATIVE NUMBERS.
R  INDICATES RECORD WAS SET OR TIED.
MM INDICATES DATA IS MISSING.
T  INDICATES TRACE AMOUNT.




$$
