000
CDUS43 KSGF 200636
CLIVIH


CLIMATE REPORT
NATIONAL WEATHER SERVICE SPRINGFIELD MO
136 AM CDT SAT SEP 20 2014


...................................

...THE VICHY-ROLLA MO CLIMATE SUMMARY FOR SEPTEMBER 19 2014...

CLIMATE NORMAL PERIOD 1981 TO 2010
CLIMATE RECORD PERIOD 1888 TO 2014


WEATHER ITEM   OBSERVED TIME   RECORD YEAR NORMAL DEPARTURE LAST
                VALUE   (LST)  VALUE       VALUE  FROM      YEAR
                                                  NORMAL
..................................................................
TEMPERATURE (F)
 YESTERDAY
  MAXIMUM         77    424 PM 100    1954  77      0       87
  MINIMUM         55    609 AM  37    1991  55      0       71
  AVERAGE         66                        66      0       79

PRECIPITATION (IN)
  YESTERDAY        0.00          1.60 2005   0.13  -0.13     0.00
  MONTH TO DATE    1.91                      2.70  -0.79     2.16
  SINCE SEP 1      1.91                      2.70  -0.79     2.16
  SINCE JAN 1     19.21                     32.25 -13.04    35.14

DEGREE DAYS
 HEATING
  YESTERDAY        0                         2     -2        0
  MONTH TO DATE   52                        18     34        8
  SINCE SEP 1     52                        18     34        8
  SINCE JUL 1     55                        21     34       12

 COOLING
  YESTERDAY        1                         4     -3       14
  MONTH TO DATE   81                       113    -32      162
  SINCE SEP 1     81                       113    -32      162
  SINCE JAN 1   1120                      1190    -70     1061
..................................................................


WIND (MPH)
  HIGHEST WIND SPEED    12   HIGHEST WIND DIRECTION     S (190)
  HIGHEST GUST SPEED    17   HIGHEST GUST DIRECTION    SE (150)
  AVERAGE WIND SPEED     7.6


SKY COVER
  AVERAGE SKY COVER 0.1


WEATHER CONDITIONS
 THE FOLLOWING WEATHER WAS RECORDED YESTERDAY.
  FOG
  FOG W/VISIBILITY <= 1/4 MILE
  HAZE


RELATIVE HUMIDITY (PERCENT)
 HIGHEST   100          1200 AM
 LOWEST     56           200 PM
 AVERAGE    78

..........................................................


THE VICHY-ROLLA MO CLIMATE NORMALS FOR TODAY
                         NORMAL    RECORD    YEAR
 MAXIMUM TEMPERATURE (F)   77        95      1954
 MINIMUM TEMPERATURE (F)   55        37      1991


SUNRISE AND SUNSET
SEPTEMBER 20 2014.....SUNRISE   653 AM CDT   SUNSET   707 PM CDT
SEPTEMBER 21 2014.....SUNRISE   654 AM CDT   SUNSET   706 PM CDT


-  INDICATES NEGATIVE NUMBERS.
R  INDICATES RECORD WAS SET OR TIED.
MM INDICATES DATA IS MISSING.
T  INDICATES TRACE AMOUNT.




$$
