762
CDUS42 KTAE 090633
CLIVLD


CLIMATE REPORT
NATIONAL WEATHER SERVICE TALLAHASSEE FL
131 AM EST FRI DEC 9 2016

...................................

...THE VALDOSTA CLIMATE SUMMARY FOR DECEMBER 8 2016...

CLIMATE NORMAL PERIOD 1981 TO 2010
CLIMATE RECORD PERIOD 1948 TO 2016


WEATHER ITEM   OBSERVED TIME   NORMAL DEPARTURE LAST
                VALUE   (LST)  VALUE  FROM      YEAR
                                      NORMAL
......................................................
TEMPERATURE (F)
 YESTERDAY
  MAXIMUM         62    326 PM  66     -4       71
  MINIMUM         40    659 AM  43     -3       40
  AVERAGE         51            54     -3       56

PRECIPITATION (IN)
  YESTERDAY        0.00          0.10  -0.10     0.00
  MONTH TO DATE    1.29          0.87   0.42     0.24
  SINCE DEC 1      1.29          0.87   0.42     0.24
  SINCE JAN 1     51.69         48.30   3.39    46.67

DEGREE DAYS
 HEATING
  YESTERDAY       14            11      3        9
  MONTH TO DATE   61            83    -22       45
  SINCE DEC 1     61            83    -22       45
  SINCE JUL 1    228           314    -86      121
......................................................


WIND (MPH)
  HIGHEST WIND SPEED    21   HIGHEST WIND DIRECTION     N (360)
  HIGHEST GUST SPEED    27   HIGHEST GUST DIRECTION     N (360)
  AVERAGE WIND SPEED     3.3




RELATIVE HUMIDITY (PERCENT)
 HIGHEST   100
 LOWEST     46
 AVERAGE    73

..........................................................




SUNRISE AND SUNSET
DECEMBER  9 2016......SUNRISE   720 AM EST   SUNSET   532 PM EST
DECEMBER 10 2016......SUNRISE   720 AM EST   SUNSET   532 PM EST


-  INDICATES NEGATIVE NUMBERS.
R  INDICATES RECORD WAS SET OR TIED.
MM INDICATES DATA IS MISSING.
T  INDICATES TRACE AMOUNT.

$$
