000
CDUS42 KTAE 280631
CLIVLD


CLIMATE REPORT
NATIONAL WEATHER SERVICE TALLAHASSEE FL
231 AM EDT FRI JUL 28 2017


...................................

...THE VALDOSTA CLIMATE SUMMARY FOR JULY 27 2017...

CLIMATE NORMAL PERIOD 1981 TO 2010
CLIMATE RECORD PERIOD 1948 TO 2017


WEATHER ITEM   OBSERVED TIME   NORMAL DEPARTURE LAST
                VALUE   (LST)  VALUE  FROM      YEAR
                                      NORMAL
......................................................
TEMPERATURE (F)
 YESTERDAY
  MAXIMUM         89    411 PM  92     -3       95
  MINIMUM         73    234 AM  71      2       73
  AVERAGE         81            82     -1       84

PRECIPITATION (IN)
  YESTERDAY        0.00          0.21  -0.21     0.00
  MONTH TO DATE    2.90          5.76  -2.86     9.71
  SINCE JUN 1     11.79         11.82  -0.03    18.11
  SINCE JAN 1     27.58         30.82  -3.24    42.41

DEGREE DAYS
 COOLING
  YESTERDAY       16            17     -1       19
  MONTH TO DATE  460           442     18      508
  SINCE JUN 1    867           874     -7      993
  SINCE JAN 1   1408          1286    122     1503
......................................................


WIND (MPH)
  HIGHEST WIND SPEED     9   HIGHEST WIND DIRECTION    NE (40)
  HIGHEST GUST SPEED    13   HIGHEST GUST DIRECTION     N (10)
  AVERAGE WIND SPEED     3.0




RELATIVE HUMIDITY (PERCENT)
 HIGHEST   100
 LOWEST     59
 AVERAGE    80

..........................................................




SUNRISE AND SUNSET
JULY 28 2017..........SUNRISE   648 AM EDT   SUNSET   830 PM EDT
JULY 29 2017..........SUNRISE   649 AM EDT   SUNSET   830 PM EDT


-  INDICATES NEGATIVE NUMBERS.
R  INDICATES RECORD WAS SET OR TIED.
MM INDICATES DATA IS MISSING.
T  INDICATES TRACE AMOUNT.




$$
