000
CDUS42 KTAE 250637
CLIVLD


CLIMATE REPORT
NATIONAL WEATHER SERVICE TALLAHASSEE FL
237 AM EDT MON JUL 25 2016


...................................

...THE VALDOSTA CLIMATE SUMMARY FOR JULY 24 2016...

CLIMATE NORMAL PERIOD 1981 TO 2010
CLIMATE RECORD PERIOD 1948 TO 2016


WEATHER ITEM   OBSERVED TIME   NORMAL DEPARTURE LAST
                VALUE   (LST)  VALUE  FROM      YEAR
                                      NORMAL
......................................................
TEMPERATURE (F)
 YESTERDAY
  MAXIMUM         96    346 PM  92      4       94
  MINIMUM         73    448 AM  71      2       74
  AVERAGE         85            82      3       84

PRECIPITATION (IN)
  YESTERDAY        T             0.24  -0.24     0.22
  MONTH TO DATE    9.71          5.12   4.59     8.21
  SINCE JUN 1     18.11         11.18   6.93    11.34
  SINCE JAN 1     42.41         30.18  12.23    29.90

DEGREE DAYS
 COOLING
  YESTERDAY       20            17      3       19
  MONTH TO DATE  452           391     61      444
  SINCE JUN 1    937           823    114      945
  SINCE JAN 1   1447          1235    212     1592
......................................................


WIND (MPH)
  HIGHEST WIND SPEED    21   HIGHEST WIND DIRECTION    SE (150)
  HIGHEST GUST SPEED    27   HIGHEST GUST DIRECTION     S (160)
  AVERAGE WIND SPEED     3.4




RELATIVE HUMIDITY (PERCENT)
 HIGHEST   100
 LOWEST     41
 AVERAGE    71

..........................................................




SUNRISE AND SUNSET
JULY 25 2016..........SUNRISE   647 AM EDT   SUNSET   832 PM EDT
JULY 26 2016..........SUNRISE   647 AM EDT   SUNSET   832 PM EDT


-  INDICATES NEGATIVE NUMBERS.
R  INDICATES RECORD WAS SET OR TIED.
MM INDICATES DATA IS MISSING.
T  INDICATES TRACE AMOUNT.




$$
