000
CDUS42 KTAE 280632
CLIVLD


CLIMATE REPORT
NATIONAL WEATHER SERVICE TALLAHASSEE FL
231 AM EDT THU AUG 28 2014


...................................

...THE VALDOSTA CLIMATE SUMMARY FOR AUGUST 27 2014...

CLIMATE NORMAL PERIOD 1981 TO 2010
CLIMATE RECORD PERIOD 1948 TO 2014


WEATHER ITEM   OBSERVED TIME   NORMAL DEPARTURE LAST
                VALUE   (LST)  VALUE  FROM      YEAR
                                      NORMAL
......................................................
TEMPERATURE (F)
 YESTERDAY
  MAXIMUM         91    500 PM  91      0       93
  MINIMUM         66    602 AM  71     -5       74
  AVERAGE         79            81     -2       84

PRECIPITATION (IN)
  YESTERDAY        0.00          0.16  -0.16     0.00
  MONTH TO DATE    2.77          4.72  -1.95     5.33
  SINCE JUN 1      8.85         17.41  -8.56    18.49
  SINCE JAN 1     32.12         36.41  -4.29    33.03

DEGREE DAYS
 COOLING
  YESTERDAY       14            16     -2       19
  MONTH TO DATE  529           439     90      516
  SINCE JUN 1   1693          1379    314     1637
  SINCE JAN 1   2296          1791    505     2199
......................................................


WIND (MPH)
  HIGHEST WIND SPEED    15   HIGHEST WIND DIRECTION     N (10)
  HIGHEST GUST SPEED    20   HIGHEST GUST DIRECTION     N (10)
  AVERAGE WIND SPEED     3.2




RELATIVE HUMIDITY (PERCENT)
 HIGHEST    97
 LOWEST     37
 AVERAGE    67

..........................................................




SUNRISE AND SUNSET
AUGUST 28 2014........SUNRISE   707 AM EDT   SUNSET   801 PM EDT
AUGUST 29 2014........SUNRISE   708 AM EDT   SUNSET   800 PM EDT


-  INDICATES NEGATIVE NUMBERS.
R  INDICATES RECORD WAS SET OR TIED.
MM INDICATES DATA IS MISSING.
T  INDICATES TRACE AMOUNT.




$$
