000
CDUS42 KTAE 080631
CLIVLD


CLIMATE REPORT
NATIONAL WEATHER SERVICE TALLAHASSEE FL
131 AM EST MON FEB 8 2016


...................................

...THE VALDOSTA CLIMATE SUMMARY FOR FEBRUARY 7 2016...

CLIMATE NORMAL PERIOD 1981 TO 2010
CLIMATE RECORD PERIOD 1948 TO 2016


WEATHER ITEM   OBSERVED TIME   NORMAL DEPARTURE LAST
                VALUE   (LST)  VALUE  FROM      YEAR
                                      NORMAL
......................................................
TEMPERATURE (F)
 YESTERDAY
  MAXIMUM         58    333 PM  65     -7       66
  MINIMUM         37   1123 PM  40     -3       31
  AVERAGE         48            52     -4       49

PRECIPITATION (IN)
  YESTERDAY        0.00          0.09  -0.09     0.00
  MONTH TO DATE    3.09          0.44   2.65     0.85
  SINCE DEC 1      9.49          8.18   1.31     9.51
  SINCE JAN 1      6.98          5.01   1.97     5.41

DEGREE DAYS
 HEATING
  YESTERDAY       17            13      4       16
  MONTH TO DATE   69            93    -24      110
  SINCE DEC 1    638           931   -293      803
  SINCE JUL 1    714          1162   -448     1170
......................................................


WIND (MPH)
  HIGHEST WIND SPEED    22   HIGHEST WIND DIRECTION     N (10)
  HIGHEST GUST SPEED    29   HIGHEST GUST DIRECTION     N (10)
  AVERAGE WIND SPEED     4.2




RELATIVE HUMIDITY (PERCENT)
 HIGHEST    89
 LOWEST     24
 AVERAGE    57

..........................................................




SUNRISE AND SUNSET
FEBRUARY  8 2016......SUNRISE   720 AM EST   SUNSET   615 PM EST
FEBRUARY  9 2016......SUNRISE   719 AM EST   SUNSET   616 PM EST


-  INDICATES NEGATIVE NUMBERS.
R  INDICATES RECORD WAS SET OR TIED.
MM INDICATES DATA IS MISSING.
T  INDICATES TRACE AMOUNT.




$$
