000
CDUS42 KTAE 270633
CLIVLD


CLIMATE REPORT
NATIONAL WEATHER SERVICE TALLAHASSEE FL
133 AM EST SAT DEC 27 2014


...................................

...THE VALDOSTA CLIMATE SUMMARY FOR DECEMBER 26 2014...

CLIMATE NORMAL PERIOD 1981 TO 2010
CLIMATE RECORD PERIOD 1948 TO 2014


WEATHER ITEM   OBSERVED TIME   NORMAL DEPARTURE LAST
                VALUE   (LST)  VALUE  FROM      YEAR
                                      NORMAL
......................................................
TEMPERATURE (F)
 YESTERDAY
  MAXIMUM         65    402 PM  63      2       58
  MINIMUM         37    750 AM  40     -3       46
  AVERAGE         51            51      0       52

PRECIPITATION (IN)
  YESTERDAY        0.00          0.08  -0.08     0.04
  MONTH TO DATE    4.10          2.80   1.30     3.45
  SINCE DEC 1      4.10          2.80   1.30     3.45
  SINCE JAN 1     52.23         50.23   2.00    44.79

DEGREE DAYS
 HEATING
  YESTERDAY       14            14      0       13
  MONTH TO DATE  251           311    -60      162
  SINCE DEC 1    251           311    -60      162
  SINCE JUL 1    618           542     76      328
......................................................


WIND (MPH)
  HIGHEST WIND SPEED     9   HIGHEST WIND DIRECTION     N (20)
  HIGHEST GUST SPEED    12   HIGHEST GUST DIRECTION     N (20)
  AVERAGE WIND SPEED     2.1




RELATIVE HUMIDITY (PERCENT)
 HIGHEST   100
 LOWEST     43
 AVERAGE    72

..........................................................




SUNRISE AND SUNSET
DECEMBER 27 2014......SUNRISE   729 AM EST   SUNSET   539 PM EST
DECEMBER 28 2014......SUNRISE   730 AM EST   SUNSET   540 PM EST


-  INDICATES NEGATIVE NUMBERS.
R  INDICATES RECORD WAS SET OR TIED.
MM INDICATES DATA IS MISSING.
T  INDICATES TRACE AMOUNT.




$$
