000
CDUS42 KFFC 240821
CLIVPC


CLIMATE REPORT
NATIONAL WEATHER SERVICE PEACHTREE CITY GA
421 AM EDT MON JUL 24 2017


...................................

...THE CARTERSVILLE CLIMATE SUMMARY FOR JULY 23 2017...

CLIMATE NORMAL PERIOD 1981 TO 2010
CLIMATE RECORD PERIOD 9999 TO 9999


WEATHER ITEM   OBSERVED TIME   RECORD YEAR NORMAL DEPARTURE LAST
                VALUE   (LST)  VALUE       VALUE  FROM      YEAR
                                                  NORMAL
..................................................................
TEMPERATURE (F)
 YESTERDAY
  MAXIMUM         92    338 PM  MM      MM  89      3       90
  MINIMUM         71    604 PM  MM      MM  68      3       73
  AVERAGE         82                        79      3       82

PRECIPITATION (IN)
  YESTERDAY        0.94         MM      MM   0.15   0.79     0.15
  MONTH TO DATE    5.26                      3.76   1.50     2.19
  SINCE JUN 1     10.85                      7.60   3.25     7.63
  SINCE JAN 1     36.82                     29.76   7.06    24.15

DEGREE DAYS
 COOLING
  YESTERDAY       17                        14      3       17
  MONTH TO DATE  331                       302     29      370
  SINCE JUN 1    636                       597     39      754
  SINCE JAN 1    881                       746    135      947
..................................................................


WIND (MPH)
  RESULTANT WIND SPEED   0   RESULTANT WIND DIRECTION   S (160)
  HIGHEST WIND SPEED    13   HIGHEST WIND DIRECTION     N (10)
  HIGHEST GUST SPEED    18   HIGHEST GUST DIRECTION    SW (240)
  AVERAGE WIND SPEED     0.7


SKY COVER
  AVERAGE SKY COVER 0.2


WEATHER CONDITIONS
 THE FOLLOWING WEATHER WAS RECORDED YESTERDAY.
  THUNDERSTORM
  HEAVY RAIN
  RAIN
  LIGHT RAIN
  FOG
  HAZE


RELATIVE HUMIDITY (PERCENT)
 HIGHEST   100          1200 AM
 LOWEST     56           100 PM
 AVERAGE    78

..........................................................


THE CARTERSVILLE CLIMATE NORMALS FOR TODAY
                         NORMAL    RECORD    YEAR
 MAXIMUM TEMPERATURE (F)   89        MM        MM
 MINIMUM TEMPERATURE (F)   68        MM        MM


SUNRISE AND SUNSET
JULY 24 2017..........SUNRISE   645 AM EDT   SUNSET   846 PM EDT
JULY 25 2017..........SUNRISE   646 AM EDT   SUNSET   846 PM EDT


-  INDICATES NEGATIVE NUMBERS.
R  INDICATES RECORD WAS SET OR TIED.
MM INDICATES DATA IS MISSING.
T  INDICATES TRACE AMOUNT.




$$
