108
CDUS42 KFFC 240027
CLIVPC


CLIMATE REPORT
NATIONAL WEATHER SERVICE PEACHTREE CITY GA
727 PM EST TUE JAN 23 2018


...................................

...THE CARTERSVILLE CLIMATE SUMMARY FOR JANUARY 23 2018...
VALID AS OF 0700 PM LOCAL TIME.

CLIMATE NORMAL PERIOD 1981 TO 2010
CLIMATE RECORD PERIOD 9999 TO 9999


WEATHER ITEM   OBSERVED TIME   RECORD YEAR NORMAL DEPARTURE LAST
                VALUE   (LST)  VALUE       VALUE  FROM      YEAR
                                                  NORMAL
..................................................................
TEMPERATURE (F)
 TODAY
  MAXIMUM         60    116 AM  MM      MM  52      8       57
  MINIMUM         38    811 AM  MM      MM  31      7       47
  AVERAGE         49                        41      8       52

PRECIPITATION (IN)
  TODAY            0.00         MM      MM   0.18  -0.18     0.47
  MONTH TO DATE    0.62                      3.20  -2.58     6.01
  SINCE DEC 1      3.63                      7.44  -3.81     8.53

SNOWFALL (IN)
  TODAY            0.0          MM      MM  MM     MM       MM
  MONTH TO DATE    0.0                      MM     MM         T
  SINCE DEC 1      0.0                      MM     MM         T
  SINCE JUL 1      0.0                      MM     MM         T
  SNOW DEPTH       0

DEGREE DAYS
 HEATING
  TODAY           16                        24     -8       13
  MONTH TO DATE  690                       552    138      331
  SINCE DEC 1   1360                      1245    115      929
  SINCE JUL 1   1904                      1854     50     1298
..................................................................


WIND (MPH)
  RESULTANT WIND SPEED   2   RESULTANT WIND DIRECTION   E (100)
  HIGHEST WIND SPEED     8   HIGHEST WIND DIRECTION    SW (240)
  HIGHEST GUST SPEED    17   HIGHEST GUST DIRECTION     W (250)
  AVERAGE WIND SPEED     1.8


SKY COVER
  AVERAGE SKY COVER 0.1


WEATHER CONDITIONS
 THE FOLLOWING WEATHER WAS RECORDED TODAY.
  NO SIGNIFICANT WEATHER WAS OBSERVED.


RELATIVE HUMIDITY (PERCENT)
 HIGHEST   100          1200 AM
 LOWEST     41           200 PM
 AVERAGE    71

..........................................................


THE CARTERSVILLE CLIMATE NORMALS FOR TOMORROW
                         NORMAL    RECORD    YEAR
 MAXIMUM TEMPERATURE (F)   52        MM        MM
 MINIMUM TEMPERATURE (F)   31        MM        MM


SUNRISE AND SUNSET
JANUARY 23 2018.......SUNRISE   742 AM EST   SUNSET   601 PM EST
JANUARY 24 2018.......SUNRISE   741 AM EST   SUNSET   602 PM EST


-  INDICATES NEGATIVE NUMBERS.
R  INDICATES RECORD WAS SET OR TIED.
MM INDICATES DATA IS MISSING.
T  INDICATES TRACE AMOUNT.




$$
