000
CDUS42 KFFC 020819
CLIVPC


CLIMATE REPORT
NATIONAL WEATHER SERVICE PEACHTREE CITY GA
419 AM EDT WED SEP 2 2015


...................................

...THE CARTERSVILLE CLIMATE SUMMARY FOR SEPTEMBER 1 2015...

CLIMATE NORMAL PERIOD 1981 TO 2010
CLIMATE RECORD PERIOD 9999 TO 9999


WEATHER ITEM   OBSERVED TIME   RECORD YEAR NORMAL DEPARTURE LAST
                VALUE   (LST)  VALUE       VALUE  FROM      YEAR
                                                  NORMAL
..................................................................
TEMPERATURE (F)
 YESTERDAY
  MAXIMUM         91    347 PM  MM      MM  88      3       93
  MINIMUM         63    627 AM  MM      MM  65     -2       69
  AVERAGE         77                        76      1       81

PRECIPITATION (IN)
  YESTERDAY        0.00         MM      MM   0.06  -0.06     0.00
  MONTH TO DATE    0.00                      0.06  -0.06     0.00
  SINCE SEP 1      0.00                      0.06  -0.06     0.00
  SINCE JAN 1     26.82                     34.65  -7.83    28.57

DEGREE DAYS
 COOLING
  YESTERDAY       12                        11      1       16
  MONTH TO DATE   12                        11      1       16
  SINCE SEP 1     12                        11      1       16
  SINCE JAN 1   1460                      1276    184     1296
..................................................................


WIND (MPH)
  RESULTANT WIND SPEED   1   RESULTANT WIND DIRECTION   E (100)
  HIGHEST WIND SPEED     8   HIGHEST WIND DIRECTION     N (10)
  HIGHEST GUST SPEED    10   HIGHEST GUST DIRECTION    SE (150)
  AVERAGE WIND SPEED     0.9


SKY COVER
  AVERAGE SKY COVER 0.1


WEATHER CONDITIONS
 THE FOLLOWING WEATHER WAS RECORDED YESTERDAY.
  FOG


RELATIVE HUMIDITY (PERCENT)
 HIGHEST   100           200 AM
 LOWEST     41           300 PM
 AVERAGE    71

..........................................................


THE CARTERSVILLE CLIMATE NORMALS FOR TODAY
                         NORMAL    RECORD    YEAR
 MAXIMUM TEMPERATURE (F)   88        MM        MM
 MINIMUM TEMPERATURE (F)   64        MM        MM


SUNRISE AND SUNSET
SEPTEMBER  2 2015.....SUNRISE   713 AM EDT   SUNSET   804 PM EDT
SEPTEMBER  3 2015.....SUNRISE   714 AM EDT   SUNSET   803 PM EDT


-  INDICATES NEGATIVE NUMBERS.
R  INDICATES RECORD WAS SET OR TIED.
MM INDICATES DATA IS MISSING.
T  INDICATES TRACE AMOUNT.




$$
