000
CDUS43 KLOT 270634
CLIVPZ


CLIMATE REPORT
NATIONAL WEATHER SERVICE CHICAGO IL
1233 AM CST TUE JAN 27 2015


...................................

...THE VALPARAISO CLIMATE SUMMARY FOR JANUARY 26 2015...

CLIMATE NORMAL PERIOD 1981 TO 2010
CLIMATE RECORD PERIOD 1998 TO 2015


WEATHER ITEM   OBSERVED TIME   RECORD YEAR NORMAL DEPARTURE LAST
                VALUE   (LST)  VALUE       VALUE  FROM      YEAR
                                                  NORMAL
..................................................................
TEMPERATURE (F)
 YESTERDAY
  MAXIMUM         24    643 PM  53    2002  31     -7       30
  MINIMUM          9    611 AM   2    2003  16     -7        3
  AVERAGE         17                        24     -7       17

PRECIPITATION (IN)
  YESTERDAY        0.01          0.25 2012   0.07  -0.06     0.04
  MONTH TO DATE    0.83                      1.47  -0.64     0.93
  SINCE DEC 1      1.64                      3.65  -2.01     2.04
  SINCE JAN 1      0.83                      1.47  -0.64     0.93

DEGREE DAYS
 HEATING
  YESTERDAY       48                        41      7       48
  MONTH TO DATE 1154                      1081     73     1112
  SINCE DEC 1   2162                      2225    -63     2409
  SINCE JUL 1   3663                      3483    180     3795

 COOLING
  YESTERDAY        0                         0      0        0
  MONTH TO DATE    0                         0      0        0
  SINCE DEC 1      0                         0      0        0
  SINCE JAN 1      0                         0      0        0
..................................................................


WIND (MPH)
  RESULTANT WIND SPEED   1   RESULTANT WIND DIRECTION  SE (120)
  HIGHEST WIND SPEED    10   HIGHEST WIND DIRECTION    SE (120)
  HIGHEST GUST SPEED    12   HIGHEST GUST DIRECTION     N (20)
  AVERAGE WIND SPEED     4.6



WEATHER CONDITIONS
 THE FOLLOWING WEATHER WAS RECORDED YESTERDAY.
  LIGHT SNOW
  FOG


..........................................................


THE VALPARAISO CLIMATE NORMALS FOR TODAY
                         NORMAL    RECORD    YEAR
 MAXIMUM TEMPERATURE (F)   31        59      2002
 MINIMUM TEMPERATURE (F)   16       -11      2014


SUNRISE AND SUNSET
JANUARY 27 2015.......SUNRISE   704 AM CST   SUNSET   458 PM CST
JANUARY 28 2015.......SUNRISE   704 AM CST   SUNSET   459 PM CST


-  INDICATES NEGATIVE NUMBERS.
R  INDICATES RECORD WAS SET OR TIED.
MM INDICATES DATA IS MISSING.
T  INDICATES TRACE AMOUNT.




$$
