000
CDUS43 KLOT 210636
CLIVPZ


CLIMATE REPORT
NATIONAL WEATHER SERVICE CHICAGO IL
1234 AM CST TUE FEB 21 2017


...................................

...THE VALPARAISO CLIMATE SUMMARY FOR FEBRUARY 20 2017...

CLIMATE NORMAL PERIOD 1981 TO 2010
CLIMATE RECORD PERIOD 1998 TO 2017


WEATHER ITEM   OBSERVED TIME   RECORD YEAR NORMAL DEPARTURE LAST
                VALUE   (LST)  VALUE       VALUE  FROM      YEAR
                                                  NORMAL
..................................................................
TEMPERATURE (F)
 YESTERDAY
  MAXIMUM         68R   251 PM  63    2016  37     31       63
  MINIMUM         36    418 AM -14    2015  21     15       38
  AVERAGE         52                        29     23       51

PRECIPITATION (IN)
  YESTERDAY        0.00          1.31 2014   0.05  -0.05     0.00
  MONTH TO DATE    0.48                      1.00  -0.52     0.72
  SINCE DEC 1      3.64                      4.93  -1.29     3.31
  SINCE JAN 1      2.89                      2.75   0.14     1.18

DEGREE DAYS
 HEATING
  YESTERDAY       13                        36    -23       14
  MONTH TO DATE  521                       773   -252      725
  SINCE DEC 1   2762                      3200   -438     2630
  SINCE JUL 1   3575                      4458   -883     3606

 COOLING
  YESTERDAY        0                         0      0        0
  MONTH TO DATE    0                         0      0        0
  SINCE DEC 1      0                         0      0        0
  SINCE JAN 1      0                         0      0        0
..................................................................


WIND (MPH)
  RESULTANT WIND SPEED   9   RESULTANT WIND DIRECTION  SE (140)
  HIGHEST WIND SPEED    21   HIGHEST WIND DIRECTION    SE (150)
  HIGHEST GUST SPEED    27   HIGHEST GUST DIRECTION     S (160)
  AVERAGE WIND SPEED     9.9



WEATHER CONDITIONS
 THE FOLLOWING WEATHER WAS RECORDED YESTERDAY.
  FOG
  HAZE


..........................................................


THE VALPARAISO CLIMATE NORMALS FOR TODAY
                         NORMAL    RECORD    YEAR
 MAXIMUM TEMPERATURE (F)   37        46      2016
 MINIMUM TEMPERATURE (F)   22         4      2008


SUNRISE AND SUNSET
FEBRUARY 21 2017......SUNRISE   634 AM CST   SUNSET   529 PM CST
FEBRUARY 22 2017......SUNRISE   633 AM CST   SUNSET   531 PM CST


-  INDICATES NEGATIVE NUMBERS.
R  INDICATES RECORD WAS SET OR TIED.
MM INDICATES DATA IS MISSING.
T  INDICATES TRACE AMOUNT.




$$
