000
CDUS43 KLOT 220633
CLIVPZ


CLIMATE REPORT
NATIONAL WEATHER SERVICE CHICAGO IL
133 AM CDT MON SEP 22 2014


...................................

...THE VALPARAISO CLIMATE SUMMARY FOR SEPTEMBER 21 2014...

CLIMATE NORMAL PERIOD 1981 TO 2010
CLIMATE RECORD PERIOD 1998 TO 2014


WEATHER ITEM   OBSERVED TIME   RECORD YEAR NORMAL DEPARTURE LAST
                VALUE   (LST)  VALUE       VALUE  FROM      YEAR
                                                  NORMAL
..................................................................
TEMPERATURE (F)
 YESTERDAY
  MAXIMUM         69   1248 AM  91    2010  73     -4       66
  MINIMUM         52   1159 PM  37    2006  50      2       49
  AVERAGE         61                        61      0       58

PRECIPITATION (IN)
  YESTERDAY        0.06          0.64 2010   0.10  -0.04     0.00
  MONTH TO DATE    2.38                      2.26   0.12     2.42
  SINCE SEP 1      2.38                      2.26   0.12     2.42
  SINCE JAN 1     31.74                     27.80   3.94    28.10

DEGREE DAYS
 HEATING
  YESTERDAY        4                         5     -1        7
  MONTH TO DATE   98                        53     45       48
  SINCE SEP 1     98                        53     45       48
  SINCE JUL 1    138                        70     68       76

 COOLING
  YESTERDAY        0                         1     -1        0
  MONTH TO DATE   59                        56      3      116
  SINCE SEP 1     59                        56      3      116
  SINCE JAN 1    606                       692    -86      783
..................................................................


WIND (MPH)
  RESULTANT WIND SPEED   9   RESULTANT WIND DIRECTION  NW (300)
  HIGHEST WIND SPEED    23   HIGHEST WIND DIRECTION     W (290)
  HIGHEST GUST SPEED    30   HIGHEST GUST DIRECTION    NW (300)
  AVERAGE WIND SPEED    10.9



WEATHER CONDITIONS
 THE FOLLOWING WEATHER WAS RECORDED YESTERDAY.
  LIGHT RAIN
  FOG


..........................................................


THE VALPARAISO CLIMATE NORMALS FOR TODAY
                         NORMAL    RECORD    YEAR
 MAXIMUM TEMPERATURE (F)   72        91      2005
 MINIMUM TEMPERATURE (F)   50        38      1999


SUNRISE AND SUNSET
SEPTEMBER 22 2014.....SUNRISE   635 AM CDT   SUNSET   645 PM CDT
SEPTEMBER 23 2014.....SUNRISE   636 AM CDT   SUNSET   643 PM CDT


-  INDICATES NEGATIVE NUMBERS.
R  INDICATES RECORD WAS SET OR TIED.
MM INDICATES DATA IS MISSING.
T  INDICATES TRACE AMOUNT.




$$
