000
CDUS43 KLOT 280641
CLIVPZ


CLIMATE REPORT
NATIONAL WEATHER SERVICE CHICAGO IL
138 AM CDT FRI APR 28 2017


...................................

...THE VALPARAISO CLIMATE SUMMARY FOR APRIL 27 2017...

CLIMATE NORMAL PERIOD 1981 TO 2010
CLIMATE RECORD PERIOD 1998 TO 2017


WEATHER ITEM   OBSERVED TIME   RECORD YEAR NORMAL DEPARTURE LAST
                VALUE   (LST)  VALUE       VALUE  FROM      YEAR
                                                  NORMAL
..................................................................
TEMPERATURE (F)
 YESTERDAY
  MAXIMUM         62    224 AM  76    2009  64     -2       56
  MINIMUM         45   1159 PM  28    2012  42      3       45
  AVERAGE         54                        53      1       51

PRECIPITATION (IN)
  YESTERDAY        0.03          1.13 1999   0.14  -0.11     0.02
  MONTH TO DATE    4.12                      3.05   1.07     1.89
  SINCE MAR 1      7.17                      5.53   1.64     4.94
  SINCE JAN 1     10.61                      8.70   1.91     6.27

DEGREE DAYS
 HEATING
  YESTERDAY       11                        12     -1       14
  MONTH TO DATE  286                       447   -161      446
  SINCE MAR 1   1068                      1292   -224     1087
  SINCE JUL 1   4782                      6024  -1242     4945

 COOLING
  YESTERDAY        0                         0      0        0
  MONTH TO DATE   13                         0     13        6
  SINCE MAR 1     13                         0     13        6
  SINCE JAN 1     13                         0     13        6
..................................................................


WIND (MPH)
  RESULTANT WIND SPEED  17   RESULTANT WIND DIRECTION  SW (230)
  HIGHEST WIND SPEED    31   HIGHEST WIND DIRECTION    SW (220)
  HIGHEST GUST SPEED    42   HIGHEST GUST DIRECTION    SW (210)
  AVERAGE WIND SPEED    17.3



WEATHER CONDITIONS
 THE FOLLOWING WEATHER WAS RECORDED YESTERDAY.
  LIGHT RAIN
  FOG


..........................................................


THE VALPARAISO CLIMATE NORMALS FOR TODAY
                         NORMAL    RECORD    YEAR
 MAXIMUM TEMPERATURE (F)   65        79      2004
 MINIMUM TEMPERATURE (F)   43        32      2015
                                             2010


SUNRISE AND SUNSET
APRIL 28 2017.........SUNRISE   549 AM CDT   SUNSET   743 PM CDT
APRIL 29 2017.........SUNRISE   547 AM CDT   SUNSET   744 PM CDT


-  INDICATES NEGATIVE NUMBERS.
R  INDICATES RECORD WAS SET OR TIED.
MM INDICATES DATA IS MISSING.
T  INDICATES TRACE AMOUNT.




$$
