000
CDUS42 KMLB 232119
CLIVRB


CLIMATE REPORT
NATIONAL WEATHER SERVICE MELBOURNE FL
418 PM EST THU FEB 23 2017


...................................

...THE VERO BEACH CLIMATE SUMMARY FOR FEBRUARY 23 2017...
VALID TODAY AS OF 0400 PM LOCAL TIME.

CLIMATE NORMAL PERIOD 1981 TO 2010
CLIMATE RECORD PERIOD 1942 TO 2017


WEATHER ITEM   OBSERVED TIME   RECORD YEAR NORMAL DEPARTURE LAST
                VALUE   (LST)  VALUE       VALUE  FROM      YEAR
                                                  NORMAL
..................................................................
TEMPERATURE (F)
 TODAY
  MAXIMUM         78    244 PM  89    2008  75      3       81
  MINIMUM         55    430 AM  30    1978  55      0       65
  AVERAGE         67                        65      2       73

PRECIPITATION (IN)
  TODAY            0.00          2.65 1966   0.10  -0.10     0.03
  MONTH TO DATE    1.23                      2.13  -0.90     3.18
  SINCE DEC 1      4.10                      6.82  -2.72    17.14
  SINCE JAN 1      1.96                      4.63  -2.67    12.57

SNOWFALL (IN)
  TODAY            0.0
  MONTH TO DATE    0.0
  SINCE JUL 1      0.0

DEGREE DAYS
 HEATING
  TODAY            0                         3     -3        0
  MONTH TO DATE   20                        83    -63       96
  SINCE DEC 1    124                       340   -216      236
  SINCE JUL 1    143                       370   -227      237

 COOLING
  TODAY            2                         3     -1        8
  MONTH TO DATE   63                        61      2       54
  SINCE DEC 1    368                       215    153      383
  SINCE JAN 1    163                       122     41       91
..................................................................


WIND (MPH)
  HIGHEST WIND SPEED    13   HIGHEST WIND DIRECTION     W (270)
  HIGHEST GUST SPEED    16   HIGHEST GUST DIRECTION     W (250)
  AVERAGE WIND SPEED     4.6


SKY COVER
  AVERAGE SKY COVER 0.5


WEATHER CONDITIONS
 THE FOLLOWING WEATHER WAS RECORDED TODAY.
  FOG
  FOG W/VISIBILITY <= 1/4 MILE


RELATIVE HUMIDITY (PERCENT)
 HIGHEST   100           100 AM
 LOWEST     50           400 PM
 AVERAGE    75

..........................................................


THE VERO BEACH CLIMATE NORMALS FOR TOMORROW
                         NORMAL    RECORD    YEAR
 MAXIMUM TEMPERATURE (F)   75        89      2012
 MINIMUM TEMPERATURE (F)   55        28      1989


SUNRISE AND SUNSET
FEBRUARY 23 2017......SUNRISE   652 AM EST   SUNSET   619 PM EST
FEBRUARY 24 2017......SUNRISE   651 AM EST   SUNSET   619 PM EST


-  INDICATES NEGATIVE NUMBERS.
R  INDICATES RECORD WAS SET OR TIED.
MM INDICATES DATA IS MISSING.
T  INDICATES TRACE AMOUNT.




$$
