000
CDUS42 KMLB 020635
CLIVRB


CLIMATE REPORT
NATIONAL WEATHER SERVICE MELBOURNE FL
135 AM EST MON MAR 2 2015


...................................

...THE VERO BEACH CLIMATE SUMMARY FOR MARCH 1 2015...

CLIMATE NORMAL PERIOD 1981 TO 2010
CLIMATE RECORD PERIOD 1942 TO 2015


WEATHER ITEM   OBSERVED TIME   RECORD YEAR NORMAL DEPARTURE LAST
                VALUE   (LST)  VALUE       VALUE  FROM      YEAR
                                                  NORMAL
..................................................................
TEMPERATURE (F)
 YESTERDAY
  MAXIMUM         81   1236 PM  88    2003  76      5       79
  MINIMUM         68   1122 PM  34    2010  56     12       53
  AVERAGE         75                        66      9       66

PRECIPITATION (IN)
  YESTERDAY        T             1.82 1947   0.10  -0.10     0.00
  MONTH TO DATE    T                         0.10  -0.10     0.00
  SINCE MAR 1      T                         0.10  -0.10     0.00
  SINCE JAN 1      3.63                      5.27  -1.64     6.55

SNOWFALL (IN)
  YESTERDAY        0.0
  MONTH TO DATE    0.0
  SINCE JUL 1      0.0

DEGREE DAYS
 HEATING
  YESTERDAY        0                         3     -3        0
  MONTH TO DATE    0                         3     -3        0
  SINCE MAR 1      0                         3     -3        0
  SINCE JUL 1    372                       388    -16      235

 COOLING
  YESTERDAY       10                         4      6        1
  MONTH TO DATE   10                         4      6        1
  SINCE MAR 1     10                         4      6        1
  SINCE JAN 1    135                       143     -8      209
..................................................................


WIND (MPH)
  HIGHEST WIND SPEED    17   HIGHEST WIND DIRECTION     E (90)
  HIGHEST GUST SPEED    25   HIGHEST GUST DIRECTION    SE (120)
  AVERAGE WIND SPEED     9.3


SKY COVER
  AVERAGE SKY COVER 0.5


WEATHER CONDITIONS
 THE FOLLOWING WEATHER WAS RECORDED YESTERDAY.
  HAZE


RELATIVE HUMIDITY (PERCENT)
 HIGHEST    90           900 PM
 LOWEST     62          1200 PM
 AVERAGE    76

..........................................................


THE VERO BEACH CLIMATE NORMALS FOR TODAY
                         NORMAL    RECORD    YEAR
 MAXIMUM TEMPERATURE (F)   76        91      2007
 MINIMUM TEMPERATURE (F)   56        31      1968


SUNRISE AND SUNSET
MARCH  2 2015.........SUNRISE   645 AM EST   SUNSET   623 PM EST
MARCH  3 2015.........SUNRISE   644 AM EST   SUNSET   623 PM EST


-  INDICATES NEGATIVE NUMBERS.
R  INDICATES RECORD WAS SET OR TIED.
MM INDICATES DATA IS MISSING.
T  INDICATES TRACE AMOUNT.




$$
