000
CDUS42 KMLB 272016
CLIVRB


CLIMATE REPORT
NATIONAL WEATHER SERVICE MELBOURNE FL
415 PM EDT WED MAY 27 2015


...................................

...THE VERO BEACH CLIMATE SUMMARY FOR MAY 27 2015...
VALID TODAY AS OF 0400 PM LOCAL TIME.

CLIMATE NORMAL PERIOD 1981 TO 2010
CLIMATE RECORD PERIOD 1942 TO 2015


WEATHER ITEM   OBSERVED TIME   RECORD YEAR NORMAL DEPARTURE LAST
                VALUE   (LST)  VALUE       VALUE  FROM      YEAR
                                                  NORMAL
..................................................................
TEMPERATURE (F)
 TODAY
  MAXIMUM         87    253 PM  98    1953  86      1       85
  MINIMUM         77    425 AM  55    1979  70      7       73
  AVERAGE         82                        78      4       79

PRECIPITATION (IN)
  TODAY            0.00          2.67 1990   0.14  -0.14     0.00
  MONTH TO DATE    0.45                      2.73  -2.28     2.56
  SINCE MAR 1      7.55                      9.57  -2.02     6.53
  SINCE JAN 1     11.18                     14.74  -3.56    13.08

SNOWFALL (IN)
  TODAY            0.0
  MONTH TO DATE    0.0
  SINCE JUL 1      0.0

DEGREE DAYS
 HEATING
  TODAY            0                         0      0        0
  MONTH TO DATE    0                         0      0        0
  SINCE MAR 1     12                        70    -58       33
  SINCE JUL 1    384                       455    -71      268

 COOLING
  TODAY           17                        13      4       14
  MONTH TO DATE  363                       293     70      315
  SINCE MAR 1    971                       612    359      665
  SINCE JAN 1   1096                       751    345      873
..................................................................


WIND (MPH)
  HIGHEST WIND SPEED    20   HIGHEST WIND DIRECTION     E (100)
  HIGHEST GUST SPEED    27   HIGHEST GUST DIRECTION     E (100)
  AVERAGE WIND SPEED    11.9


SKY COVER
  AVERAGE SKY COVER 0.3


WEATHER CONDITIONS
 THE FOLLOWING WEATHER WAS RECORDED TODAY.
  NO SIGNIFICANT WEATHER WAS OBSERVED.


RELATIVE HUMIDITY (PERCENT)
 HIGHEST    67          1200 AM
 LOWEST     43           200 PM
 AVERAGE    55

..........................................................


THE VERO BEACH CLIMATE NORMALS FOR TOMORROW
                         NORMAL    RECORD    YEAR
 MAXIMUM TEMPERATURE (F)   87        96      1967
 MINIMUM TEMPERATURE (F)   70        62      1985


SUNRISE AND SUNSET
MAY 27 2015...........SUNRISE   628 AM EDT   SUNSET   810 PM EDT
MAY 28 2015...........SUNRISE   627 AM EDT   SUNSET   811 PM EDT


-  INDICATES NEGATIVE NUMBERS.
R  INDICATES RECORD WAS SET OR TIED.
MM INDICATES DATA IS MISSING.
T  INDICATES TRACE AMOUNT.




$$
