000
CDUS42 KMLB 230635
CLIVRB


CLIMATE REPORT
NATIONAL WEATHER SERVICE MELBOURNE FL
235 AM EDT SAT JUL 23 2016


...................................

...THE VERO BEACH CLIMATE SUMMARY FOR JULY 22 2016...

CLIMATE NORMAL PERIOD 1981 TO 2010
CLIMATE RECORD PERIOD 1942 TO 2016


WEATHER ITEM   OBSERVED TIME   RECORD YEAR NORMAL DEPARTURE LAST
                VALUE   (LST)  VALUE       VALUE  FROM      YEAR
                                                  NORMAL
..................................................................
TEMPERATURE (F)
 YESTERDAY
  MAXIMUM         91    230 PM  96    1993  90      1       93
                                      1981
  MINIMUM         74   1155 PM  69    2007  74      0       76
                                      1965
  AVERAGE         83                        82      1       85

PRECIPITATION (IN)
  YESTERDAY        0.00          1.32 1986   0.18  -0.18     0.35
  MONTH TO DATE    0.61                      4.03  -3.42     4.16
  SINCE JUN 1      5.46                     10.70  -5.24     9.07
  SINCE JAN 1     41.25                     26.07  15.18    20.79

SNOWFALL (IN)
  YESTERDAY        0.0
  MONTH TO DATE    0.0
  SINCE JUL 1      0.0

DEGREE DAYS
 HEATING
  YESTERDAY        0                         0      0        0
  MONTH TO DATE    0                         0      0        0
  SINCE JUN 1      0                         0      0        0
  SINCE JUL 1      0                         0      0        0

 COOLING
  YESTERDAY       18                        17      1       20
  MONTH TO DATE  415                       365     50      397
  SINCE JUN 1    932                       821    111      910
  SINCE JAN 1   1861                      1627    234     2062
..................................................................


WIND (MPH)
  HIGHEST WIND SPEED    18   HIGHEST WIND DIRECTION    SW (230)
  HIGHEST GUST SPEED    21   HIGHEST GUST DIRECTION    SW (220)
  AVERAGE WIND SPEED     4.8


SKY COVER
  AVERAGE SKY COVER 0.2


WEATHER CONDITIONS
 THE FOLLOWING WEATHER WAS RECORDED YESTERDAY.
  THUNDERSTORM


RELATIVE HUMIDITY (PERCENT)
 HIGHEST    94           300 AM
 LOWEST     56           100 PM
 AVERAGE    75

..........................................................


THE VERO BEACH CLIMATE NORMALS FOR TODAY
                         NORMAL    RECORD    YEAR
 MAXIMUM TEMPERATURE (F)   90        97      2005
 MINIMUM TEMPERATURE (F)   74        67      1976
                                             1974


SUNRISE AND SUNSET
JULY 23 2016..........SUNRISE   640 AM EDT   SUNSET   816 PM EDT
JULY 24 2016..........SUNRISE   641 AM EDT   SUNSET   815 PM EDT


-  INDICATES NEGATIVE NUMBERS.
R  INDICATES RECORD WAS SET OR TIED.
MM INDICATES DATA IS MISSING.
T  INDICATES TRACE AMOUNT.




$$
