000
CDUS42 KMLB 022015
CLIVRB


CLIMATE REPORT
NATIONAL WEATHER SERVICE MELBOURNE FL
414 PM EDT WED SEP 2 2015


...................................

...THE VERO BEACH CLIMATE SUMMARY FOR SEPTEMBER 2 2015...
VALID TODAY AS OF 0400 PM LOCAL TIME.

CLIMATE NORMAL PERIOD 1981 TO 2010
CLIMATE RECORD PERIOD 1942 TO 2015


WEATHER ITEM   OBSERVED TIME   RECORD YEAR NORMAL DEPARTURE LAST
                VALUE   (LST)  VALUE       VALUE  FROM      YEAR
                                                  NORMAL
..................................................................
TEMPERATURE (F)
 TODAY
  MAXIMUM         93   1244 PM  94    1947  89      4       89
  MINIMUM         75    538 AM  68    1999  74      1       72
  AVERAGE         84                        81      3       81

PRECIPITATION (IN)
  TODAY            0.00          2.53 1959   0.25  -0.25     0.00
  MONTH TO DATE    0.00                      0.49  -0.49     0.01
  SINCE SEP 1      0.00                      0.49  -0.49     0.01
  SINCE JAN 1     31.60                     35.19  -3.59    33.32

SNOWFALL (IN)
  TODAY            0.0
  MONTH TO DATE    0.0
  SINCE JUL 1      0.0

DEGREE DAYS
 HEATING
  TODAY            0                         0      0        0
  MONTH TO DATE    0                         0      0        0
  SINCE SEP 1      0                         0      0        0
  SINCE JUL 1      0                         0      0        0

 COOLING
  TODAY           19                        16      3       16
  MONTH TO DATE   36                        32      4       31
  SINCE SEP 1     36                        32      4       31
  SINCE JAN 1   2833                      2330    503     2398
..................................................................


WIND (MPH)
  HIGHEST WIND SPEED    13   HIGHEST WIND DIRECTION     E (100)
  HIGHEST GUST SPEED    16   HIGHEST GUST DIRECTION     E (110)
  AVERAGE WIND SPEED     3.5


SKY COVER
  AVERAGE SKY COVER 0.1


WEATHER CONDITIONS
 THE FOLLOWING WEATHER WAS RECORDED TODAY.
  NO SIGNIFICANT WEATHER WAS OBSERVED.


RELATIVE HUMIDITY (PERCENT)
 HIGHEST    94           600 AM
 LOWEST     49          1200 PM
 AVERAGE    72

..........................................................


THE VERO BEACH CLIMATE NORMALS FOR TOMORROW
                         NORMAL    RECORD    YEAR
 MAXIMUM TEMPERATURE (F)   89        96      1947
 MINIMUM TEMPERATURE (F)   74        65      1984


SUNRISE AND SUNSET
SEPTEMBER  2 2015.....SUNRISE   701 AM EDT   SUNSET   741 PM EDT
SEPTEMBER  3 2015.....SUNRISE   701 AM EDT   SUNSET   740 PM EDT


-  INDICATES NEGATIVE NUMBERS.
R  INDICATES RECORD WAS SET OR TIED.
MM INDICATES DATA IS MISSING.
T  INDICATES TRACE AMOUNT.




$$
