253
CDUS42 KMLB 230626
CLIVRB


CLIMATE REPORT
NATIONAL WEATHER SERVICE MELBOURNE FL
225 AM EDT THU MAR 23 2017


...................................

...THE VERO BEACH CLIMATE SUMMARY FOR MARCH 22 2017...

CLIMATE NORMAL PERIOD 1981 TO 2010
CLIMATE RECORD PERIOD 1942 TO 2017


WEATHER ITEM   OBSERVED TIME   RECORD YEAR NORMAL DEPARTURE LAST
                VALUE   (LST)  VALUE       VALUE  FROM      YEAR
                                                  NORMAL
..................................................................
TEMPERATURE (F)
 YESTERDAY
  MAXIMUM         86    409 PM  90    1977  78      8       73
  MINIMUM         55    522 AM  40    1996  58     -3       48
  AVERAGE         71                        68      3       61

PRECIPITATION (IN)
  YESTERDAY        0.00          2.37 1957   0.15  -0.15     0.00
  MONTH TO DATE    0.91                      2.89  -1.98     0.53
  SINCE MAR 1      0.91                      2.89  -1.98     0.53
  SINCE JAN 1      2.87                      8.06  -5.19    13.88

SNOWFALL (IN)
  YESTERDAY        0.0
  MONTH TO DATE    0.0
  SINCE JUL 1      0.0

DEGREE DAYS
 HEATING
  YESTERDAY        0                         1     -1        4
  MONTH TO DATE   39                        46     -7       11
  SINCE MAR 1     39                        46     -7       11
  SINCE JUL 1    182                       431   -249      279

 COOLING
  YESTERDAY        6                         4      2        0
  MONTH TO DATE   96                        88      8      152
  SINCE MAR 1     96                        88      8      152
  SINCE JAN 1    297                       227     70      250
..................................................................


WIND (MPH)
  HIGHEST WIND SPEED    17   HIGHEST WIND DIRECTION     W (260)
  HIGHEST GUST SPEED    22   HIGHEST GUST DIRECTION     W (280)
  AVERAGE WIND SPEED     6.7


SKY COVER
  AVERAGE SKY COVER 0.1


WEATHER CONDITIONS
 THE FOLLOWING WEATHER WAS RECORDED YESTERDAY.
  FOG


RELATIVE HUMIDITY (PERCENT)
 HIGHEST    93           300 AM
 LOWEST     34           300 PM
 AVERAGE    64

..........................................................


THE VERO BEACH CLIMATE NORMALS FOR TODAY
                         NORMAL    RECORD    YEAR
 MAXIMUM TEMPERATURE (F)   78        90      2013
                                             1977
                                             1944
 MINIMUM TEMPERATURE (F)   58        37      1996


SUNRISE AND SUNSET
MARCH 23 2017.........SUNRISE   722 AM EDT   SUNSET   735 PM EDT
MARCH 24 2017.........SUNRISE   721 AM EDT   SUNSET   735 PM EDT


-  INDICATES NEGATIVE NUMBERS.
R  INDICATES RECORD WAS SET OR TIED.
MM INDICATES DATA IS MISSING.
T  INDICATES TRACE AMOUNT.




$$
