000
CDUS41 KBTV 250533
CLIVSF


CLIMATE REPORT
NATIONAL WEATHER SERVICE BURLINGTON VT
133 AM EDT FRI JUL 25 2014


...................................

...THE SPRINGFIELD VT CLIMATE SUMMARY FOR JULY 24 2014...

CLIMATE NORMAL PERIOD 1981 TO 2010
CLIMATE RECORD PERIOD 9999 TO 9999


WEATHER ITEM   OBSERVED TIME   NORMAL DEPARTURE LAST
                VALUE   (LST)  VALUE  FROM      YEAR
                                      NORMAL
......................................................
TEMPERATURE (F)
 YESTERDAY
  MAXIMUM         76    356 PM  81     -5       77
  MINIMUM         53   1159 PM  57     -4       53
  AVERAGE         65            69     -4       65

PRECIPITATION (IN)
  YESTERDAY        0.02          0.14  -0.12     0.00
  MONTH TO DATE    2.83          3.45  -0.62     4.97
  SINCE JUN 1      7.01          7.34  -0.33    11.37
  SINCE JAN 1     20.54         23.61  -3.07    23.08

DEGREE DAYS
 HEATING
  YESTERDAY        0             1     -1        0
  MONTH TO DATE    0            10    -10        0
  SINCE JUN 1     58           106    -48      101
  SINCE JUL 1      0            10    -10        0

 COOLING
  YESTERDAY        0             5     -5        0
  MONTH TO DATE  106           113     -7      238
  SINCE JUN 1    165           177    -12      327
  SINCE JAN 1    170           189    -19      351
......................................................


WIND (MPH)
  HIGHEST WIND SPEED    12   HIGHEST WIND DIRECTION     W (290)
  HIGHEST GUST SPEED    17   HIGHEST GUST DIRECTION     N (360)
  AVERAGE WIND SPEED     3.3


SKY COVER
  AVERAGE SKY COVER 0.3


WEATHER CONDITIONS
 THE FOLLOWING WEATHER WAS RECORDED YESTERDAY.
  LIGHT RAIN
  FOG


RELATIVE HUMIDITY (PERCENT)
 HIGHEST   100          1100 PM
 LOWEST     41           600 PM
 AVERAGE    71

..........................................................


THE SPRINGFIELD VT CLIMATE NORMALS FOR TODAY
                         NORMAL    RECORD    YEAR
 MAXIMUM TEMPERATURE (F)   81        MM        MM
 MINIMUM TEMPERATURE (F)   57        MM        MM


SUNRISE AND SUNSET
JULY 25 2014..........SUNRISE   533 AM EDT   SUNSET   820 PM EDT
JULY 26 2014..........SUNRISE   534 AM EDT   SUNSET   819 PM EDT


-  INDICATES NEGATIVE NUMBERS.
R  INDICATES RECORD WAS SET OR TIED.
MM INDICATES DATA IS MISSING.
T  INDICATES TRACE AMOUNT.




$$
