000
CDUS41 KBTV 030614
CLIVSF


CLIMATE REPORT
NATIONAL WEATHER SERVICE BURLINGTON VT
213 AM EDT MON AUG 3 2015


...................................

...THE SPRINGFIELD VT CLIMATE SUMMARY FOR AUGUST 2 2015...

CLIMATE NORMAL PERIOD 1981 TO 2010
CLIMATE RECORD PERIOD 9999 TO 9999


WEATHER ITEM   OBSERVED TIME   NORMAL DEPARTURE LAST
                VALUE   (LST)  VALUE  FROM      YEAR
                                      NORMAL
......................................................
TEMPERATURE (F)
 YESTERDAY
  MAXIMUM         86    302 PM  81      5       79
  MINIMUM         51    527 AM  56     -5       59
  AVERAGE         69            68      1       69

PRECIPITATION (IN)
  YESTERDAY        0.00          0.14  -0.14     0.00
  MONTH TO DATE    0.00          0.29  -0.29     0.00
  SINCE JUN 1      6.48          8.61  -2.13    10.56
  SINCE JAN 1     14.98         24.88  -9.90    24.09

DEGREE DAYS
 HEATING
  YESTERDAY        0             1     -1        0
  MONTH TO DATE    0             2     -2        0
  SINCE JUN 1    123           115      8       65
  SINCE JUL 1     16            19     -3        7

 COOLING
  YESTERDAY        4             4      0        4
  MONTH TO DATE    9             8      1        9
  SINCE JUN 1    194           211    -17      181
  SINCE JAN 1    243           223     20      186
......................................................


WIND (MPH)
  HIGHEST WIND SPEED    16   HIGHEST WIND DIRECTION     W (260)
  HIGHEST GUST SPEED    22   HIGHEST GUST DIRECTION    SW (230)
  AVERAGE WIND SPEED     3.8


SKY COVER
  AVERAGE SKY COVER 0.1


WEATHER CONDITIONS
 THE FOLLOWING WEATHER WAS RECORDED YESTERDAY.
  NO SIGNIFICANT WEATHER WAS OBSERVED.


RELATIVE HUMIDITY (PERCENT)
 HIGHEST    96           400 AM
 LOWEST     29           300 PM
 AVERAGE    63

..........................................................


THE SPRINGFIELD VT CLIMATE NORMALS FOR TODAY
                         NORMAL    RECORD    YEAR
 MAXIMUM TEMPERATURE (F)   81        92      2007
 MINIMUM TEMPERATURE (F)   56        49      1999


SUNRISE AND SUNSET
AUGUST  3 2015........SUNRISE   542 AM EDT   SUNSET   810 PM EDT
AUGUST  4 2015........SUNRISE   543 AM EDT   SUNSET   809 PM EDT


-  INDICATES NEGATIVE NUMBERS.
R  INDICATES RECORD WAS SET OR TIED.
MM INDICATES DATA IS MISSING.
T  INDICATES TRACE AMOUNT.




$$
