526
CDUS41 KBTV 230538
CLIVSF

CLIMATE REPORT
NATIONAL WEATHER SERVICE BURLINGTON VT
1236 AM EST FRI FEB 23 2018

...................................

...THE SPRINGFIELD VT CLIMATE SUMMARY FOR FEBRUARY 22 2018...

CLIMATE NORMAL PERIOD 1981 TO 2010
CLIMATE RECORD PERIOD 9999 TO 9999


WEATHER ITEM   OBSERVED TIME   NORMAL DEPARTURE LAST
                VALUE   (LST)  VALUE  FROM      YEAR
                                      NORMAL
......................................................
TEMPERATURE (F)
 YESTERDAY
  MAXIMUM         42   1225 AM  35      7       58
  MINIMUM         25    843 PM  15     10       30
  AVERAGE         34            25      9       44

PRECIPITATION (IN)
  YESTERDAY        0.10          0.10   0.00     0.00
  MONTH TO DATE    2.09          2.16  -0.07     0.72
  SINCE DEC 1      8.51          8.35   0.16     5.54
  SINCE JAN 1      5.10          5.08   0.02     3.14

DEGREE DAYS
 HEATING
  YESTERDAY       31            40     -9       21
  MONTH TO DATE  853           939    -86      872
  SINCE DEC 1   3639          3568     71     3273
  SINCE JUL 1   5031          5211   -180     4729

 COOLING
  YESTERDAY        0             0      0        0
  MONTH TO DATE    0             0      0        0
  SINCE DEC 1      0             0      0        0
  SINCE JAN 1      0             0      0        0
......................................................


WIND (MPH)
  HIGHEST WIND SPEED    10   HIGHEST WIND DIRECTION     N (20)
  HIGHEST GUST SPEED    16   HIGHEST GUST DIRECTION     N (10)
  AVERAGE WIND SPEED     3.2


SKY COVER
  AVERAGE SKY COVER 0.9


WEATHER CONDITIONS
 THE FOLLOWING WEATHER WAS RECORDED YESTERDAY.
  SNOW
  LIGHT SNOW
  FOG


RELATIVE HUMIDITY (PERCENT)
 HIGHEST   100           300 PM
 LOWEST     45          1200 AM
 AVERAGE    73

..........................................................


THE SPRINGFIELD VT CLIMATE NORMALS FOR TODAY
                         NORMAL    RECORD    YEAR
 MAXIMUM TEMPERATURE (F)   35        66      2017
 MINIMUM TEMPERATURE (F)   15        -7      1999


SUNRISE AND SUNSET
FEBRUARY 23 2018......SUNRISE   636 AM EST   SUNSET   531 PM EST
FEBRUARY 24 2018......SUNRISE   634 AM EST   SUNSET   533 PM EST


-  INDICATES NEGATIVE NUMBERS.
R  INDICATES RECORD WAS SET OR TIED.
MM INDICATES DATA IS MISSING.
T  INDICATES TRACE AMOUNT.

$$
