000
CDUS41 KBTV 250546
CLIVSF


CLIMATE REPORT
NATIONAL WEATHER SERVICE BURLINGTON VT
1242 AM EST SAT FEB 25 2017


...................................

...THE SPRINGFIELD VT CLIMATE SUMMARY FOR FEBRUARY 24 2017...

CLIMATE NORMAL PERIOD 1981 TO 2010
CLIMATE RECORD PERIOD 9999 TO 9999


WEATHER ITEM   OBSERVED TIME   NORMAL DEPARTURE LAST
                VALUE   (LST)  VALUE  FROM      YEAR
                                      NORMAL
......................................................
TEMPERATURE (F)
 YESTERDAY
  MAXIMUM         58    357 PM  36     22       34
  MINIMUM         30    211 AM  15     15       28
  AVERAGE         44            25     19       31

PRECIPITATION (IN)
  YESTERDAY        0.01          0.09  -0.08     0.85
  MONTH TO DATE    0.73          2.35  -1.62     2.91
  SINCE DEC 1      5.55          8.54  -2.99     7.72
  SINCE JAN 1      3.15          5.27  -2.12     4.40

DEGREE DAYS
 HEATING
  YESTERDAY       21            40    -19       34
  MONTH TO DATE  912          1019   -107      959
  SINCE DEC 1   3313          3648   -335     3094
  SINCE JUL 1   4769          5291   -522     4507

 COOLING
  YESTERDAY        0             0      0        0
  MONTH TO DATE    0             0      0        0
  SINCE DEC 1      0             0      0        0
  SINCE JAN 1      0             0      0        0
......................................................


WIND (MPH)
  HIGHEST WIND SPEED     6   HIGHEST WIND DIRECTION    SE (150)
  HIGHEST GUST SPEED     7   HIGHEST GUST DIRECTION     W (290)
  AVERAGE WIND SPEED     0.8


SKY COVER
  AVERAGE SKY COVER 0.3


WEATHER CONDITIONS
 THE FOLLOWING WEATHER WAS RECORDED YESTERDAY.
  RAIN
  LIGHT RAIN
  FOG
  FOG W/VISIBILITY <= 1/4 MILE


RELATIVE HUMIDITY (PERCENT)
 HIGHEST    96          1200 PM
 LOWEST     67           400 PM
 AVERAGE    82

..........................................................


THE SPRINGFIELD VT CLIMATE NORMALS FOR TODAY
                         NORMAL    RECORD    YEAR
 MAXIMUM TEMPERATURE (F)   36        58      2016
 MINIMUM TEMPERATURE (F)   16        -3      2003


SUNRISE AND SUNSET
FEBRUARY 25 2017......SUNRISE   632 AM EST   SUNSET   534 PM EST
FEBRUARY 26 2017......SUNRISE   631 AM EST   SUNSET   536 PM EST


-  INDICATES NEGATIVE NUMBERS.
R  INDICATES RECORD WAS SET OR TIED.
MM INDICATES DATA IS MISSING.
T  INDICATES TRACE AMOUNT.




$$
