000
CDUS41 KBTV 290531
CLIVSF


CLIMATE REPORT
NATIONAL WEATHER SERVICE BURLINGTON VT
129 AM EDT FRI MAY 29 2015


...................................

...THE SPRINGFIELD VT CLIMATE SUMMARY FOR MAY 28 2015...

CLIMATE NORMAL PERIOD 1981 TO 2010
CLIMATE RECORD PERIOD 9999 TO 9999


WEATHER ITEM   OBSERVED TIME   NORMAL DEPARTURE LAST
                VALUE   (LST)  VALUE  FROM      YEAR
                                      NORMAL
......................................................
TEMPERATURE (F)
 YESTERDAY
  MAXIMUM         84    108 PM  71     13       53
  MINIMUM         57   1159 PM  46     11       45
  AVERAGE         71            58     13       49

PRECIPITATION (IN)
  YESTERDAY        0.00          0.15  -0.15     0.56
  MONTH TO DATE    0.64          3.24  -2.60     4.04
  SINCE MAR 1      3.73         10.16  -6.43     9.76
  SINCE JAN 1      7.88         15.77  -7.89    13.45

DEGREE DAYS
 HEATING
  YESTERDAY        0             7     -7       16
  MONTH TO DATE  170           296   -126      256
  SINCE MAR 1   2029          1957     72     2173
  SINCE JUL 1   7581          7402    179     7884

 COOLING
  YESTERDAY        6             1      5        0
  MONTH TO DATE   39             2     37        5
  SINCE MAR 1     39             4     35        5
  SINCE JAN 1     39             4     35        5
......................................................


WIND (MPH)
  HIGHEST WIND SPEED    22   HIGHEST WIND DIRECTION     W (270)
  HIGHEST GUST SPEED    31   HIGHEST GUST DIRECTION    SW (230)
  AVERAGE WIND SPEED     5.8


SKY COVER
  AVERAGE SKY COVER 0.5


WEATHER CONDITIONS
 THE FOLLOWING WEATHER WAS RECORDED YESTERDAY.
  NO SIGNIFICANT WEATHER WAS OBSERVED.


RELATIVE HUMIDITY (PERCENT)
 HIGHEST   100           100 AM
 LOWEST     42           300 PM
 AVERAGE    71

..........................................................


THE SPRINGFIELD VT CLIMATE NORMALS FOR TODAY
                         NORMAL    RECORD    YEAR
 MAXIMUM TEMPERATURE (F)   71        88      1998
 MINIMUM TEMPERATURE (F)   46        33      2008


SUNRISE AND SUNSET
MAY 29 2015...........SUNRISE   514 AM EDT   SUNSET   821 PM EDT
MAY 30 2015...........SUNRISE   514 AM EDT   SUNSET   822 PM EDT


-  INDICATES NEGATIVE NUMBERS.
R  INDICATES RECORD WAS SET OR TIED.
MM INDICATES DATA IS MISSING.
T  INDICATES TRACE AMOUNT.




$$
