000
CDUS41 KBTV 250708
CLIVSF


CLIMATE REPORT
NATIONAL WEATHER SERVICE BURLINGTON VT
307 AM EDT MON SEP 25 2017


...................................

...THE SPRINGFIELD VT CLIMATE SUMMARY FOR SEPTEMBER 24 2017...

CLIMATE NORMAL PERIOD 1981 TO 2010
CLIMATE RECORD PERIOD 9999 TO 9999


WEATHER ITEM   OBSERVED TIME   NORMAL DEPARTURE LAST
                VALUE   (LST)  VALUE  FROM      YEAR
                                      NORMAL
......................................................
TEMPERATURE (F)
 YESTERDAY
  MAXIMUM         90    308 PM  67     23       63
  MINIMUM         55    610 AM  44     11       37
  AVERAGE         73            56     17       50

PRECIPITATION (IN)
  YESTERDAY        0.00          0.15  -0.15     0.00
  MONTH TO DATE    2.23          2.80  -0.57     0.97
  SINCE SEP 1      2.23          2.80  -0.57     0.97
  SINCE JAN 1     30.52         31.17  -0.65    19.85

DEGREE DAYS
 HEATING
  YESTERDAY        0            10    -10       15
  MONTH TO DATE   83           131    -48       65
  SINCE SEP 1     83           131    -48       65
  SINCE JUL 1    148           186    -38       87

 COOLING
  YESTERDAY        8             0      8        0
  MONTH TO DATE   50            21     29       44
  SINCE SEP 1     50            21     29       44
  SINCE JAN 1    350           342      8      481
......................................................


WIND (MPH)
  HIGHEST WIND SPEED    10   HIGHEST WIND DIRECTION     W (270)
  HIGHEST GUST SPEED    14   HIGHEST GUST DIRECTION    NW (310)
  AVERAGE WIND SPEED     1.3


SKY COVER
  AVERAGE SKY COVER 0.1


WEATHER CONDITIONS
 THE FOLLOWING WEATHER WAS RECORDED YESTERDAY.
  FOG
  FOG W/VISIBILITY <= 1/4 MILE


RELATIVE HUMIDITY (PERCENT)
 HIGHEST    93           100 AM
 LOWEST     41           300 PM
 AVERAGE    67

..........................................................


THE SPRINGFIELD VT CLIMATE NORMALS FOR TODAY
                         NORMAL    RECORD    YEAR
 MAXIMUM TEMPERATURE (F)   67        85      2007
 MINIMUM TEMPERATURE (F)   43        32      2016
                                             1997


SUNRISE AND SUNSET
SEPTEMBER 25 2017.....SUNRISE   641 AM EDT   SUNSET   642 PM EDT
SEPTEMBER 26 2017.....SUNRISE   642 AM EDT   SUNSET   640 PM EDT


-  INDICATES NEGATIVE NUMBERS.
R  INDICATES RECORD WAS SET OR TIED.
MM INDICATES DATA IS MISSING.
T  INDICATES TRACE AMOUNT.




$$
