000
CDUS41 KBTV 030534
CLIVSF


CLIMATE REPORT
NATIONAL WEATHER SERVICE BURLINGTON VT
129 AM EDT TUE MAY 3 2016


...................................

...THE SPRINGFIELD VT CLIMATE SUMMARY FOR MAY 2 2016...

CLIMATE NORMAL PERIOD 1981 TO 2010
CLIMATE RECORD PERIOD 9999 TO 9999


WEATHER ITEM   OBSERVED TIME   NORMAL DEPARTURE LAST
                VALUE   (LST)  VALUE  FROM      YEAR
                                      NORMAL
......................................................
TEMPERATURE (F)
 YESTERDAY
  MAXIMUM         48    528 PM  64    -16       72
  MINIMUM         39    327 AM  39      0       36
  AVERAGE         44            51     -7       54

PRECIPITATION (IN)
  YESTERDAY        0.37          0.10   0.27     0.00
  MONTH TO DATE    0.46          0.20   0.26      T
  SINCE MAR 1      3.57          7.12  -3.55     3.09
  SINCE JAN 1      8.79         12.73  -3.94     7.24

DEGREE DAYS
 HEATING
  YESTERDAY       21            14      7       11
  MONTH TO DATE   41            28     13       26
  SINCE MAR 1   1540          1689   -149     1885
  SINCE JUL 1   6196          7134   -938     7437

 COOLING
  YESTERDAY        0             0      0        0
  MONTH TO DATE    0             0      0        0
  SINCE MAR 1      0             2     -2        0
  SINCE JAN 1      0             2     -2        0
......................................................


WIND (MPH)
  HIGHEST WIND SPEED     7   HIGHEST WIND DIRECTION    NE (30)
  HIGHEST GUST SPEED    10   HIGHEST GUST DIRECTION    NE (40)
  AVERAGE WIND SPEED     0.9


SKY COVER
  AVERAGE SKY COVER 1.0


WEATHER CONDITIONS
 THE FOLLOWING WEATHER WAS RECORDED YESTERDAY.
  HEAVY RAIN
  RAIN
  LIGHT RAIN
  FOG


RELATIVE HUMIDITY (PERCENT)
 HIGHEST   100           600 AM
 LOWEST     79           100 AM
 AVERAGE    90

..........................................................


THE SPRINGFIELD VT CLIMATE NORMALS FOR TODAY
                         NORMAL    RECORD    YEAR
 MAXIMUM TEMPERATURE (F)   64        89      2001
 MINIMUM TEMPERATURE (F)   39        28      2000


SUNRISE AND SUNSET
MAY  3 2016...........SUNRISE   540 AM EDT   SUNSET   755 PM EDT
MAY  4 2016...........SUNRISE   538 AM EDT   SUNSET   756 PM EDT


-  INDICATES NEGATIVE NUMBERS.
R  INDICATES RECORD WAS SET OR TIED.
MM INDICATES DATA IS MISSING.
T  INDICATES TRACE AMOUNT.




$$
