000
CDUS41 KBTV 240523
CLIVSF


CLIMATE REPORT
NATIONAL WEATHER SERVICE BURLINGTON VT
120 AM EDT SAT JUN 24 2017


...................................

...THE SPRINGFIELD VT CLIMATE SUMMARY FOR JUNE 23 2017...

CLIMATE NORMAL PERIOD 1981 TO 2010
CLIMATE RECORD PERIOD 9999 TO 9999


WEATHER ITEM   OBSERVED TIME   NORMAL DEPARTURE LAST
                VALUE   (LST)  VALUE  FROM      YEAR
                                      NORMAL
......................................................
TEMPERATURE (F)
 YESTERDAY
  MAXIMUM         88    218 PM  78     10       77
  MINIMUM         61    514 AM  54      7       48
  AVERAGE         75            66      9       63

PRECIPITATION (IN)
  YESTERDAY        0.11          0.12  -0.01     0.00
  MONTH TO DATE    3.80          3.13   0.67     1.55
  SINCE JUN 1      3.80          3.13   0.67     1.55
  SINCE JAN 1     21.39         19.40   1.99    11.97

DEGREE DAYS
 HEATING
  YESTERDAY        0             2     -2        2
  MONTH TO DATE   83            89     -6       71
  SINCE JUN 1     83            89     -6       71
  SINCE JUL 1   6909          7512   -603     6518

 COOLING
  YESTERDAY       10             3      7        0
  MONTH TO DATE   69            41     28       27
  SINCE JUN 1     69            41     28       27
  SINCE JAN 1     83            53     30       68
......................................................


WIND (MPH)
  HIGHEST WIND SPEED    18   HIGHEST WIND DIRECTION     S (180)
  HIGHEST GUST SPEED    25   HIGHEST GUST DIRECTION     S (190)
  AVERAGE WIND SPEED     4.1


SKY COVER
  AVERAGE SKY COVER 0.4


WEATHER CONDITIONS
 THE FOLLOWING WEATHER WAS RECORDED YESTERDAY.
  HEAVY RAIN
  LIGHT RAIN
  FOG


RELATIVE HUMIDITY (PERCENT)
 HIGHEST    93          1100 PM
 LOWEST     51           200 PM
 AVERAGE    72

..........................................................


THE SPRINGFIELD VT CLIMATE NORMALS FOR TODAY
                         NORMAL    RECORD    YEAR
 MAXIMUM TEMPERATURE (F)   79        94      2003
 MINIMUM TEMPERATURE (F)   55        40      2007


SUNRISE AND SUNSET
JUNE 24 2017..........SUNRISE   511 AM EDT   SUNSET   834 PM EDT
JUNE 25 2017..........SUNRISE   511 AM EDT   SUNSET   834 PM EDT


-  INDICATES NEGATIVE NUMBERS.
R  INDICATES RECORD WAS SET OR TIED.
MM INDICATES DATA IS MISSING.
T  INDICATES TRACE AMOUNT.




$$
