000
CDUS41 KBTV 280705
CLIVSF


CLIMATE REPORT
NATIONAL WEATHER SERVICE BURLINGTON VT
303 AM EDT FRI APR 28 2017


...................................

...THE SPRINGFIELD VT CLIMATE SUMMARY FOR APRIL 27 2017...

CLIMATE NORMAL PERIOD 1981 TO 2010
CLIMATE RECORD PERIOD 9999 TO 9999


WEATHER ITEM   OBSERVED TIME   NORMAL DEPARTURE LAST
                VALUE   (LST)  VALUE  FROM      YEAR
                                      NORMAL
......................................................
TEMPERATURE (F)
 YESTERDAY
  MAXIMUM         70    446 PM  62      8       57
  MINIMUM         52    528 AM  37     15       27
  AVERAGE         61            49     12       42

PRECIPITATION (IN)
  YESTERDAY        0.00          0.10  -0.10     0.00
  MONTH TO DATE    4.18          3.30   0.88     1.43
  SINCE MAR 1      7.07          6.60   0.47     3.11
  SINCE JAN 1     10.62         12.21  -1.59     8.33

DEGREE DAYS
 HEATING
  YESTERDAY        4            16    -12       23
  MONTH TO DATE  468           579   -111      630
  SINCE MAR 1   1591          1614    -23     1443
  SINCE JUL 1   6468          7059   -591     6099

 COOLING
  YESTERDAY        0             0      0        0
  MONTH TO DATE    0             0      0        0
  SINCE MAR 1      0             0      0        0
  SINCE JAN 1      0             0      0        0
......................................................


WIND (MPH)
  HIGHEST WIND SPEED    12   HIGHEST WIND DIRECTION     S (190)
  HIGHEST GUST SPEED    15   HIGHEST GUST DIRECTION     S (200)
  AVERAGE WIND SPEED     3.6


SKY COVER
  AVERAGE SKY COVER 0.9


WEATHER CONDITIONS
 THE FOLLOWING WEATHER WAS RECORDED YESTERDAY.
  FOG
  FOG W/VISIBILITY <= 1/4 MILE


RELATIVE HUMIDITY (PERCENT)
 HIGHEST   100           500 AM
 LOWEST     57           400 PM
 AVERAGE    79

..........................................................


THE SPRINGFIELD VT CLIMATE NORMALS FOR TODAY
                         NORMAL    RECORD    YEAR
 MAXIMUM TEMPERATURE (F)   62        89      2009
 MINIMUM TEMPERATURE (F)   37        25      2016


SUNRISE AND SUNSET
APRIL 28 2017.........SUNRISE   547 AM EDT   SUNSET   749 PM EDT
APRIL 29 2017.........SUNRISE   546 AM EDT   SUNSET   750 PM EDT


-  INDICATES NEGATIVE NUMBERS.
R  INDICATES RECORD WAS SET OR TIED.
MM INDICATES DATA IS MISSING.
T  INDICATES TRACE AMOUNT.




$$
