000
CDUS43 KLBF 040947
CLIVTN

CLIMATE REPORT
NATIONAL WEATHER SERVICE NORTH PLATTE
445 AM CDT SAT JUL 4 2015


...................................

...THE VALENTINE NE CLIMATE SUMMARY FOR JULY 3 2015...

CLIMATE NORMAL PERIOD 1981 TO 2010
CLIMATE RECORD PERIOD 1885 TO 2015


WEATHER ITEM   OBSERVED TIME   RECORD YEAR NORMAL DEPARTURE LAST
                VALUE   (LST)  VALUE       VALUE  FROM      YEAR
                                                  NORMAL
..................................................................
TEMPERATURE (F)
 YESTERDAY
  MAXIMUM         84    350 PM 107    1936  87     -3       88
  MINIMUM         55    517 AM  42    1992  59     -4       53
                                      1898
  AVERAGE         70                        73     -3       71

PRECIPITATION (IN)
  YESTERDAY        0.00          2.96 1946   0.10  -0.10     0.00
  MONTH TO DATE    0.03                      0.32  -0.29     0.00
  SINCE JUN 1      3.45                      3.88  -0.43     8.63
  SINCE JAN 1     12.84                     11.04   1.80    15.84

SNOWFALL (IN)
  YESTERDAY        0.0           0.0    MM   0.0    0.0      0.0
  MONTH TO DATE    0.0                       0.0    0.0      0.0
  SINCE JUN 1      0.0                       0.0    0.0      0.0
  SINCE JUL 1      0.0                       0.0    0.0      0.0
  SNOW DEPTH       0

DEGREE DAYS
 HEATING
  YESTERDAY        0                         0      0        0
  MONTH TO DATE    0                         2     -2        6
  SINCE JUN 1      8                        63    -55       60
  SINCE JUL 1      0                         2     -2        6

 COOLING
  YESTERDAY        5                         8     -3        6
  MONTH TO DATE   20                        24     -4        6
  SINCE JUN 1    160                       161     -1      117
  SINCE JAN 1    166                       195    -29      178
..................................................................


WIND (MPH)
  HIGHEST WIND SPEED    13   HIGHEST WIND DIRECTION    SE (150)
  HIGHEST GUST SPEED    17   HIGHEST GUST DIRECTION    SE (140)
  AVERAGE WIND SPEED     4.8


SKY COVER
  POSSIBLE SUNSHINE  MM
  AVERAGE SKY COVER 0.2


WEATHER CONDITIONS
 THE FOLLOWING WEATHER WAS RECORDED YESTERDAY.
  FOG


RELATIVE HUMIDITY (PERCENT)
 HIGHEST   100           300 AM
 LOWEST     43           500 PM
 AVERAGE    72

..........................................................


THE VALENTINE NE CLIMATE NORMALS FOR TODAY
                         NORMAL    RECORD    YEAR
 MAXIMUM TEMPERATURE (F)   88       107      1936
 MINIMUM TEMPERATURE (F)   59        41      1997
                                             1915


SUNRISE AND SUNSET
JULY  4 2015..........SUNRISE   609 AM CDT   SUNSET   924 PM CDT
JULY  5 2015..........SUNRISE   610 AM CDT   SUNSET   924 PM CDT


-  INDICATES NEGATIVE NUMBERS.
R  INDICATES RECORD WAS SET OR TIED.
MM INDICATES DATA IS MISSING.
T  INDICATES TRACE AMOUNT.

$$
