000
CDUS43 KLBF 171051
CLIVTN


CLIMATE REPORT
NATIONAL WEATHER SERVICE NORTH PLATTE
449 AM CST SUN DEC 17 2017


...................................

...THE VALENTINE NE CLIMATE SUMMARY FOR DECEMBER 16 2017...

CLIMATE NORMAL PERIOD 1981 TO 2010
CLIMATE RECORD PERIOD 1885 TO 2017


WEATHER ITEM   OBSERVED TIME   RECORD YEAR NORMAL DEPARTURE LAST
                VALUE   (LST)  VALUE       VALUE  FROM      YEAR
                                                  NORMAL
..................................................................
TEMPERATURE (F)
 YESTERDAY
  MAXIMUM         41    327 PM  65    1962  36      5       17
                                      1939
  MINIMUM         26    504 AM -23    1914  10     16       -1
  AVERAGE         34                        23     11        8

PRECIPITATION (IN)
  YESTERDAY        0.00          0.78 1908   0.01  -0.01     0.23
  MONTH TO DATE    0.14                      0.20  -0.06     0.43
  SINCE DEC 1      0.14                      0.20  -0.06     0.43
  SINCE JAN 1     17.80                     19.85  -2.05    26.07

SNOWFALL (IN)
  YESTERDAY        0.0           6.1  1981   0.1   -0.1      2.5
  MONTH TO DATE    1.8                       2.6   -0.8      4.2
  SINCE DEC 1      1.8                       2.6   -0.8      4.2
  SINCE JUL 1      3.1                      10.2   -7.1     10.5
  SNOW DEPTH       0

DEGREE DAYS
 HEATING
  YESTERDAY       31                        42    -11       57
  MONTH TO DATE  473                       645   -172      770
  SINCE DEC 1    473                       645   -172      770
  SINCE JUL 1   1772                      2263   -491     1876

 COOLING
  YESTERDAY        0                         0      0        0
  MONTH TO DATE    0                         0      0        0
  SINCE DEC 1      0                         0      0        0
  SINCE JAN 1   1060                       821    239      880
..................................................................


WIND (MPH)
  HIGHEST WIND SPEED    18   HIGHEST WIND DIRECTION     N (10)
  HIGHEST GUST SPEED    24   HIGHEST GUST DIRECTION     N (10)
  AVERAGE WIND SPEED     8.5


SKY COVER
  POSSIBLE SUNSHINE  MM
  AVERAGE SKY COVER 0.5


WEATHER CONDITIONS
 THE FOLLOWING WEATHER WAS RECORDED YESTERDAY.
  NO SIGNIFICANT WEATHER WAS OBSERVED.


RELATIVE HUMIDITY (PERCENT)
 HIGHEST    85           600 AM
 LOWEST     64          1200 AM
 AVERAGE    75

..........................................................


THE VALENTINE NE CLIMATE NORMALS FOR TODAY
                         NORMAL    RECORD    YEAR
 MAXIMUM TEMPERATURE (F)   36        68      1939
 MINIMUM TEMPERATURE (F)   10       -27      2016


SUNRISE AND SUNSET
DECEMBER 17 2017......SUNRISE   808 AM CST   SUNSET   509 PM CST
DECEMBER 18 2017......SUNRISE   808 AM CST   SUNSET   510 PM CST


-  INDICATES NEGATIVE NUMBERS.
R  INDICATES RECORD WAS SET OR TIED.
MM INDICATES DATA IS MISSING.
T  INDICATES TRACE AMOUNT.




$$
