000
CDUS43 KLBF 222245
CLIVTN


CLIMATE REPORT
NATIONAL WEATHER SERVICE NORTH PLATTE
544 PM CDT SAT JUL 22 2017


...................................

...THE VALENTINE NE CLIMATE SUMMARY FOR JULY 22 2017...
VALID TODAY AS OF 0500 PM LOCAL TIME.

CLIMATE NORMAL PERIOD 1981 TO 2010
CLIMATE RECORD PERIOD 1885 TO 2017


WEATHER ITEM   OBSERVED TIME   RECORD YEAR NORMAL DEPARTURE LAST
                VALUE   (LST)  VALUE       VALUE  FROM      YEAR
                                                  NORMAL
..................................................................
TEMPERATURE (F)
 TODAY
  MAXIMUM         98    424 PM 109    1964  89      9       99
  MINIMUM         65    510 AM  43    1990  61      4       66
  AVERAGE         82                        75      7       83

PRECIPITATION (IN)
  TODAY            0.00          0.56 1889   0.10  -0.10     0.00
  MONTH TO DATE    0.11                      2.31  -2.20     1.36
  SINCE JUN 1      0.64                      5.87  -5.23     5.52
  SINCE JAN 1     10.24                     13.03  -2.79    18.84

SNOWFALL (IN)
  TODAY            0.0         999.0  2015   0.0    0.0      0.0
  MONTH TO DATE    0.0                       0.0    0.0      0.0
  SINCE JUN 1      0.0                       0.0    0.0      0.0
  SINCE JUL 1      0.0                       0.0    0.0      0.0
  SNOW DEPTH       0

DEGREE DAYS
 HEATING
  TODAY            0                         0      0        0
  MONTH TO DATE    0                         2     -2        5
  SINCE JUN 1     16                        63    -47       16
  SINCE JUL 1      0                         2     -2        5

 COOLING
  TODAY           17                        10      7       18
  MONTH TO DATE  383                       208    175      209
  SINCE JUN 1    579                       345    234      446
  SINCE JAN 1    602                       379    223      464
..................................................................


WIND (MPH)
  HIGHEST WIND SPEED    13   HIGHEST WIND DIRECTION    SE (150)
  HIGHEST GUST SPEED    15   HIGHEST GUST DIRECTION     W (280)
  AVERAGE WIND SPEED     6.6


SKY COVER
  POSSIBLE SUNSHINE  MM
  AVERAGE SKY COVER 0.0


WEATHER CONDITIONS
 THE FOLLOWING WEATHER WAS RECORDED TODAY.
  NO SIGNIFICANT WEATHER WAS OBSERVED.


RELATIVE HUMIDITY (PERCENT)
 HIGHEST    73           500 AM
 LOWEST     22           400 PM
 AVERAGE    48

..........................................................


THE VALENTINE NE CLIMATE NORMALS FOR TOMORROW
                         NORMAL    RECORD    YEAR
 MAXIMUM TEMPERATURE (F)   89       109      2012
                                             1964
 MINIMUM TEMPERATURE (F)   61        45      1990


SUNRISE AND SUNSET
JULY 22 2017..........SUNRISE   624 AM CDT   SUNSET   913 PM CDT
JULY 23 2017..........SUNRISE   625 AM CDT   SUNSET   912 PM CDT


-  INDICATES NEGATIVE NUMBERS.
R  INDICATES RECORD WAS SET OR TIED.
MM INDICATES DATA IS MISSING.
T  INDICATES TRACE AMOUNT.




$$
