000
CDUS43 KLBF 210934
CLIVTN

CLIMATE REPORT
NATIONAL WEATHER SERVICE NORTH PLATTE
432 AM CDT SUN SEP 21 2014


...................................

...THE VALENTINE NE CLIMATE SUMMARY FOR SEPTEMBER 20 2014...

CLIMATE NORMAL PERIOD 1981 TO 2010
CLIMATE RECORD PERIOD 1885 TO 2014


WEATHER ITEM   OBSERVED TIME   RECORD YEAR NORMAL DEPARTURE LAST
                VALUE   (LST)  VALUE       VALUE  FROM      YEAR
                                                  NORMAL
..................................................................
TEMPERATURE (F)
 YESTERDAY
  MAXIMUM         84    123 PM  99    2010  75      9       73
  MINIMUM         49   1144 PM  26    1918  45      4       38
  AVERAGE         67                        60      7       56

PRECIPITATION (IN)
  YESTERDAY        0.00          1.61 1955   0.06  -0.06     0.00
  MONTH TO DATE    0.65                      1.09  -0.44     0.65
  SINCE SEP 1      0.65                      1.09  -0.44     0.65
  SINCE JAN 1     19.69                     17.20   2.49    18.29

SNOWFALL (IN)
  YESTERDAY        0.0           1.0  1995   0.1   -0.1      0.0
  MONTH TO DATE    0.0                       0.3   -0.3      0.0
  SINCE SEP 1      0.0                       0.3   -0.3      0.0
  SINCE JUL 1      0.0                       0.3   -0.3      0.0
  SNOW DEPTH       0

DEGREE DAYS
 HEATING
  YESTERDAY        0                         6     -6        9
  MONTH TO DATE  114                        75     39       33
  SINCE SEP 1    114                        75     39       33
  SINCE JUL 1    135                       100     35       36

 COOLING
  YESTERDAY        2                         2      0        0
  MONTH TO DATE   58                        72    -14      154
  SINCE SEP 1     58                        72    -14      154
  SINCE JAN 1    693                       808   -115      947
..................................................................


WIND (MPH)
  HIGHEST WIND SPEED    28   HIGHEST WIND DIRECTION    NW (320)
  HIGHEST GUST SPEED    36   HIGHEST GUST DIRECTION     N (350)
  AVERAGE WIND SPEED    11.2


SKY COVER
  POSSIBLE SUNSHINE  MM
  AVERAGE SKY COVER 0.1


WEATHER CONDITIONS
 THE FOLLOWING WEATHER WAS RECORDED YESTERDAY.
  NO SIGNIFICANT WEATHER WAS OBSERVED.


RELATIVE HUMIDITY (PERCENT)
 HIGHEST    93           300 AM
 LOWEST     24           300 PM
 AVERAGE    59

..........................................................


THE VALENTINE NE CLIMATE NORMALS FOR TODAY
                         NORMAL    RECORD    YEAR
 MAXIMUM TEMPERATURE (F)   75        96      1922
 MINIMUM TEMPERATURE (F)   45        25      1995


SUNRISE AND SUNSET
SEPTEMBER 21 2014.....SUNRISE   728 AM CDT   SUNSET   741 PM CDT
SEPTEMBER 22 2014.....SUNRISE   729 AM CDT   SUNSET   739 PM CDT


-  INDICATES NEGATIVE NUMBERS.
R  INDICATES RECORD WAS SET OR TIED.
MM INDICATES DATA IS MISSING.
T  INDICATES TRACE AMOUNT.

$$
