000
CDUS43 KLBF 281026
CLIVTN

CLIMATE REPORT
NATIONAL WEATHER SERVICE NORTH PLATTE
425 AM CST WED JAN 28 2015


...................................

...THE VALENTINE NE CLIMATE SUMMARY FOR JANUARY 27 2015...

CLIMATE NORMAL PERIOD 1981 TO 2010
CLIMATE RECORD PERIOD 1885 TO 2015


WEATHER ITEM   OBSERVED TIME   RECORD YEAR NORMAL DEPARTURE LAST
                VALUE   (LST)  VALUE       VALUE  FROM      YEAR
                                                  NORMAL
..................................................................
TEMPERATURE (F)
 YESTERDAY
  MAXIMUM         72R   403 PM  72    2015  37     35       14
  MINIMUM         27    345 AM -27    1963  11     16       -4
  AVERAGE         50                        24     26        5

PRECIPITATION (IN)
  YESTERDAY        0.00          0.91 1944   0.01  -0.01     0.00
  MONTH TO DATE    0.08                      0.22  -0.14     0.04
  SINCE DEC 1      0.98                      0.59   0.39     0.75
  SINCE JAN 1      0.08                      0.22  -0.14     0.04

SNOWFALL (IN)
  YESTERDAY        0.0           2.2  1944   0.1   -0.1      0.0
  MONTH TO DATE    1.5                       3.3   -1.8      0.5
  SINCE DEC 1     10.2                       8.4    1.8     12.7
  SINCE JUL 1     16.6                      16.0    0.6     19.5
  SNOW DEPTH       T

DEGREE DAYS
 HEATING
  YESTERDAY       15                        41    -26       60
  MONTH TO DATE 1109                      1120    -11     1037
  SINCE DEC 1   2311                      2397    -86     2470
  SINCE JUL 1   3915                      4015   -100     4029

 COOLING
  YESTERDAY        0                         0      0        0
  MONTH TO DATE    0                         0      0        0
  SINCE DEC 1      0                         0      0        0
  SINCE JAN 1      0                         0      0        0
..................................................................


WIND (MPH)
  HIGHEST WIND SPEED    13   HIGHEST WIND DIRECTION    SW (220)
  HIGHEST GUST SPEED    15   HIGHEST GUST DIRECTION    SW (230)
  AVERAGE WIND SPEED     6.8


SKY COVER
  POSSIBLE SUNSHINE  MM
  AVERAGE SKY COVER 0.0


WEATHER CONDITIONS
 THE FOLLOWING WEATHER WAS RECORDED YESTERDAY.
  NO SIGNIFICANT WEATHER WAS OBSERVED.


RELATIVE HUMIDITY (PERCENT)
 HIGHEST    92           200 AM
 LOWEST     24           400 PM
 AVERAGE    58

..........................................................


THE VALENTINE NE CLIMATE NORMALS FOR TODAY
                         NORMAL    RECORD    YEAR
 MAXIMUM TEMPERATURE (F)   37        66      1896
 MINIMUM TEMPERATURE (F)   11       -22      1972


SUNRISE AND SUNSET
JANUARY 28 2015.......SUNRISE   801 AM CST   SUNSET   550 PM CST
JANUARY 29 2015.......SUNRISE   800 AM CST   SUNSET   551 PM CST


-  INDICATES NEGATIVE NUMBERS.
R  INDICATES RECORD WAS SET OR TIED.
MM INDICATES DATA IS MISSING.
T  INDICATES TRACE AMOUNT.

$$
