000
CDUS43 KLBF 300929
CLIVTN


CLIMATE REPORT
NATIONAL WEATHER SERVICE NORTH PLATTE
428 AM CDT TUE MAY 30 2017


...................................

...THE VALENTINE NE CLIMATE SUMMARY FOR MAY 29 2017...

CLIMATE NORMAL PERIOD 1981 TO 2010
CLIMATE RECORD PERIOD 1885 TO 2017


WEATHER ITEM   OBSERVED TIME   RECORD YEAR NORMAL DEPARTURE LAST
                VALUE   (LST)  VALUE       VALUE  FROM      YEAR
                                                  NORMAL
..................................................................
TEMPERATURE (F)
 YESTERDAY
  MAXIMUM         71    516 PM 102    1934  75     -4       80
  MINIMUM         45   1159 PM  26    1947  49     -4       48
  AVERAGE         58                        62     -4       64

PRECIPITATION (IN)
  YESTERDAY        0.00          3.76 1949   0.11  -0.11     0.00
  MONTH TO DATE    5.41                      2.88   2.53     6.46
  SINCE MAR 1      7.53                      6.17   1.36    12.01
  SINCE JAN 1      9.60                      6.91   2.69    12.69

SNOWFALL (IN)
  YESTERDAY        0.0           0.0    MM   0.0    0.0      0.0
  MONTH TO DATE    0.0                       0.1   -0.1      0.0
  SINCE MAR 1      2.7                      11.2   -8.5      7.0
  SINCE JUL 1     44.5                      33.3   11.2     38.2
  SNOW DEPTH       0

DEGREE DAYS
 HEATING
  YESTERDAY        7                         5      2        1
  MONTH TO DATE  238                       252    -14      247
  SINCE MAR 1   1458                      1699   -241     1459
  SINCE JUL 1   6217                      6935   -718     6145

 COOLING
  YESTERDAY        0                         2     -2        0
  MONTH TO DATE   21                        27     -6       11
  SINCE MAR 1     23                        31     -8       14
  SINCE JAN 1     23                        31     -8       14
..................................................................


WIND (MPH)
  HIGHEST WIND SPEED    22   HIGHEST WIND DIRECTION    NW (320)
  HIGHEST GUST SPEED    29   HIGHEST GUST DIRECTION    NW (330)
  AVERAGE WIND SPEED    11.4


SKY COVER
  POSSIBLE SUNSHINE  MM
  AVERAGE SKY COVER 0.1


WEATHER CONDITIONS
 THE FOLLOWING WEATHER WAS RECORDED YESTERDAY.
  NO SIGNIFICANT WEATHER WAS OBSERVED.


RELATIVE HUMIDITY (PERCENT)
 HIGHEST    83          1200 AM
 LOWEST     23           500 PM
 AVERAGE    53

..........................................................


THE VALENTINE NE CLIMATE NORMALS FOR TODAY
                         NORMAL    RECORD    YEAR
 MAXIMUM TEMPERATURE (F)   75        98      1934
 MINIMUM TEMPERATURE (F)   49        32      1947


SUNRISE AND SUNSET
MAY 30 2017...........SUNRISE   607 AM CDT   SUNSET   913 PM CDT
MAY 31 2017...........SUNRISE   607 AM CDT   SUNSET   914 PM CDT


-  INDICATES NEGATIVE NUMBERS.
R  INDICATES RECORD WAS SET OR TIED.
MM INDICATES DATA IS MISSING.
T  INDICATES TRACE AMOUNT.




$$
