000
CDUS43 KLBF 310938
CLIVTN


CLIMATE REPORT
NATIONAL WEATHER SERVICE NORTH PLATTE
437 AM CDT WED AUG 31 2016


...................................

...THE VALENTINE NE CLIMATE SUMMARY FOR AUGUST 30 2016...

CLIMATE NORMAL PERIOD 1981 TO 2010
CLIMATE RECORD PERIOD 1885 TO 2016


WEATHER ITEM   OBSERVED TIME   RECORD YEAR NORMAL DEPARTURE LAST
                VALUE   (LST)  VALUE       VALUE  FROM      YEAR
                                                  NORMAL
..................................................................
TEMPERATURE (F)
 YESTERDAY
  MAXIMUM         90    350 PM 102    2000  84      6       96
                                      1981
                                      1948
  MINIMUM         61    641 AM  34    1935  55      6       61
  AVERAGE         76                        70      6       79

PRECIPITATION (IN)
  YESTERDAY        0.51          1.12 1951   0.04   0.47     0.00
  MONTH TO DATE    1.34                      2.13  -0.79     1.89
  SINCE JUN 1      8.61                      8.90  -0.29     8.56
  SINCE JAN 1     21.93                     16.06   5.87    17.95

SNOWFALL (IN)
  YESTERDAY        0.0           0.0    MM   0.0    0.0      0.0
  MONTH TO DATE    0.0                       0.0    0.0      0.0
  SINCE JUN 1      0.0                       0.0    0.0      0.0
  SINCE JUL 1      0.0                       0.0    0.0      0.0
  SNOW DEPTH       0

DEGREE DAYS
 HEATING
  YESTERDAY        0                         2     -2        0
  MONTH TO DATE   23                        12     11       29
  SINCE JUN 1     39                        81    -42       39
  SINCE JUL 1     28                        20      8       31

 COOLING
  YESTERDAY       11                         6      5       14
  MONTH TO DATE  242                       254    -12      231
  SINCE JUN 1    773                       695     78      643
  SINCE JAN 1    791                       729     62      649
..................................................................


WIND (MPH)
  HIGHEST WIND SPEED    29   HIGHEST WIND DIRECTION    SE (120)
  HIGHEST GUST SPEED    37   HIGHEST GUST DIRECTION    SE (130)
  AVERAGE WIND SPEED     5.8


SKY COVER
  POSSIBLE SUNSHINE  MM
  AVERAGE SKY COVER 0.1


WEATHER CONDITIONS
 THE FOLLOWING WEATHER WAS RECORDED YESTERDAY.
  THUNDERSTORM
  HEAVY RAIN
  LIGHT RAIN


RELATIVE HUMIDITY (PERCENT)
 HIGHEST    97           500 AM
 LOWEST     29           500 PM
 AVERAGE    63

..........................................................


THE VALENTINE NE CLIMATE NORMALS FOR TODAY
                         NORMAL    RECORD    YEAR
 MAXIMUM TEMPERATURE (F)   84       103      1960
 MINIMUM TEMPERATURE (F)   55        37      1993
                                             1965


SUNRISE AND SUNSET
AUGUST 31 2016........SUNRISE   706 AM CDT   SUNSET   818 PM CDT
SEPTEMBER  1 2016.....SUNRISE   707 AM CDT   SUNSET   816 PM CDT


-  INDICATES NEGATIVE NUMBERS.
R  INDICATES RECORD WAS SET OR TIED.
MM INDICATES DATA IS MISSING.
T  INDICATES TRACE AMOUNT.

$$
