000
CDUS46 KPQR 240228
CLIVUO


CLIMATE REPORT
NATIONAL WEATHER SERVICE PORTLAND OREGON
728 PM PDT SAT JUL 23 2016


...................................

...THE VANCOUVER WA CLIMATE SUMMARY FOR JULY 23 2016...
VALID TODAY AS OF 0700 PM LOCAL TIME.

CLIMATE NORMAL PERIOD 1981 TO 2010
CLIMATE RECORD PERIOD 1891 TO 2016


WEATHER ITEM   OBSERVED TIME   RECORD YEAR NORMAL DEPARTURE LAST
                VALUE   (LST)  VALUE       VALUE  FROM      YEAR
                                                  NORMAL
..................................................................
TEMPERATURE (F)
 TODAY
  MAXIMUM         74    358 PM 103    2004  81     -7       80
  MINIMUM         60    612 AM  43    1979  58      2       57
  AVERAGE         67                        70     -3       69

PRECIPITATION (IN)
  TODAY            0.00                      0.01  -0.01     0.00
  MONTH TO DATE    0.43                      0.59  -0.16     0.04
  SINCE OCT 1     45.23                     36.71   8.52    29.99
  SINCE JAN 1     21.38                     20.96   0.42    15.10

DEGREE DAYS
 HEATING
  TODAY            0                                         0
  MONTH TO DATE   11                                         1
  SINCE JUN 1     97                                        25
  SINCE JUL 1     11                                         1

 COOLING
  TODAY            2                                         4
  MONTH TO DATE   46                                       197
  SINCE JUN 1    127                                       359
  SINCE JAN 1    151                                       375
..................................................................


WIND (MPH)
  HIGHEST WIND SPEED    15   HIGHEST WIND DIRECTION    NW (300)
  HIGHEST GUST SPEED    21   HIGHEST GUST DIRECTION    NW (300)
  AVERAGE WIND SPEED     6.1


SKY COVER
  POSSIBLE SUNSHINE  MM
  AVERAGE SKY COVER 0.7


WEATHER CONDITIONS
 THE FOLLOWING WEATHER WAS RECORDED TODAY.
  NO SIGNIFICANT WEATHER WAS OBSERVED.


RELATIVE HUMIDITY (PERCENT)
 HIGHEST    78          1200 AM
 LOWEST     46           300 PM
 AVERAGE    62

..........................................................


THE VANCOUVER WA CLIMATE NORMALS FOR TOMORROW
                         NORMAL    RECORD    YEAR
 MAXIMUM TEMPERATURE (F)   82       100      2004
                                             1924
 MINIMUM TEMPERATURE (F)   58        41      1973


SUNRISE AND SUNSET
JULY 23 2016..........SUNRISE   545 AM PDT   SUNSET   849 PM PDT
JULY 24 2016..........SUNRISE   546 AM PDT   SUNSET   848 PM PDT


-  INDICATES NEGATIVE NUMBERS.
R  INDICATES RECORD WAS SET OR TIED.
MM INDICATES DATA IS MISSING.
T  INDICATES TRACE AMOUNT.




$$
