000
CDUS46 KPQR 251142
CLIVUO


CLIMATE REPORT
NATIONAL WEATHER SERVICE PORTLAND OREGON
441 AM PDT MON MAY 25 2015


...................................

...THE VANCOUVER WA CLIMATE SUMMARY FOR MAY 24 2015...

CLIMATE NORMAL PERIOD 1981 TO 2010
CLIMATE RECORD PERIOD 1891 TO 2015


WEATHER ITEM   OBSERVED TIME   RECORD YEAR NORMAL DEPARTURE LAST
                VALUE   (LST)  VALUE       VALUE  FROM      YEAR
                                                  NORMAL
..................................................................
TEMPERATURE (F)
 YESTERDAY
  MAXIMUM         67    530 PM  91    1992  70     -3       69
  MINIMUM         54   1159 PM  30    1984  50      4       55
  AVERAGE         61                        60      1       62

PRECIPITATION (IN)
  YESTERDAY        0.00                      0.07  -0.07     0.00
  MONTH TO DATE    0.68                      2.01  -1.33     2.26
  SINCE OCT 1     29.56                     33.87  -4.31    24.28
  SINCE JAN 1     14.67                     18.12  -3.45    18.81

DEGREE DAYS
 HEATING
  YESTERDAY        4                                         3
  MONTH TO DATE  150                                       126
  SINCE JUL 1   3640                                      4472

 COOLING
  YESTERDAY        0                                         0
  MONTH TO DATE    1                                        15
  SINCE JAN 1      1                                        15
..................................................................


WIND (MPH)
  HIGHEST WIND SPEED     9   HIGHEST WIND DIRECTION    NW (320)
  HIGHEST GUST SPEED    15   HIGHEST GUST DIRECTION     N (350)
  AVERAGE WIND SPEED     4.4


SKY COVER
  POSSIBLE SUNSHINE  MM
  AVERAGE SKY COVER 1.0


WEATHER CONDITIONS
 THE FOLLOWING WEATHER WAS RECORDED YESTERDAY.
  NO SIGNIFICANT WEATHER WAS OBSERVED.


RELATIVE HUMIDITY (PERCENT)
 HIGHEST    77          1200 AM
 LOWEST     58           600 PM
 AVERAGE    68

..........................................................




SUNRISE AND SUNSET
MAY 25 2015...........SUNRISE   530 AM PDT   SUNSET   846 PM PDT
MAY 26 2015...........SUNRISE   529 AM PDT   SUNSET   847 PM PDT


-  INDICATES NEGATIVE NUMBERS.
R  INDICATES RECORD WAS SET OR TIED.
MM INDICATES DATA IS MISSING.
T  INDICATES TRACE AMOUNT.




$$
