000
CDUS46 KPQR 301144
CLIVUO


CLIMATE REPORT
NATIONAL WEATHER SERVICE PORTLAND OREGON
443 AM PDT SUN AUG 30 2015


...................................

...THE VANCOUVER WA CLIMATE SUMMARY FOR AUGUST 29 2015...

CLIMATE NORMAL PERIOD 1981 TO 2010
CLIMATE RECORD PERIOD 1891 TO 2015


WEATHER ITEM   OBSERVED TIME   RECORD YEAR NORMAL DEPARTURE LAST
                VALUE   (LST)  VALUE       VALUE  FROM      YEAR
                                                  NORMAL
..................................................................
TEMPERATURE (F)
 YESTERDAY
  MAXIMUM         75    220 PM  98    1944  80     -5       77
  MINIMUM         64   1159 PM  36    1980  56      8       61
  AVERAGE         70                        68      2       69

PRECIPITATION (IN)
  YESTERDAY        0.27                      0.04   0.23     0.00
  MONTH TO DATE    0.28                      0.69  -0.41     0.02
  SINCE OCT 1     30.50                     37.50  -7.00    27.74
  SINCE JAN 1     15.61                     21.75  -6.14    22.27

DEGREE DAYS
 HEATING
  YESTERDAY        0                                         0
  MONTH TO DATE    0                                         0
  SINCE JUL 1      4                                         3

 COOLING
  YESTERDAY        5                                         4
  MONTH TO DATE  194                                       218
  SINCE JAN 1    622                                       450
..................................................................


WIND (MPH)
  HIGHEST WIND SPEED    23   HIGHEST WIND DIRECTION     S (170)
  HIGHEST GUST SPEED    36   HIGHEST GUST DIRECTION    SE (150)
  AVERAGE WIND SPEED     8.7


SKY COVER
  POSSIBLE SUNSHINE  MM
  AVERAGE SKY COVER 0.9


WEATHER CONDITIONS
 THE FOLLOWING WEATHER WAS RECORDED YESTERDAY.
  THUNDERSTORM
  HEAVY RAIN
  LIGHT RAIN


RELATIVE HUMIDITY (PERCENT)
 HIGHEST    87           500 AM
 LOWEST     46           100 PM
 AVERAGE    67

..........................................................




SUNRISE AND SUNSET
AUGUST 30 2015........SUNRISE   629 AM PDT   SUNSET   752 PM PDT
AUGUST 31 2015........SUNRISE   630 AM PDT   SUNSET   751 PM PDT


-  INDICATES NEGATIVE NUMBERS.
R  INDICATES RECORD WAS SET OR TIED.
MM INDICATES DATA IS MISSING.
T  INDICATES TRACE AMOUNT.




$$
