000
CDUS46 KPQR 211141
CLIVUO


CLIMATE REPORT
NATIONAL WEATHER SERVICE PORTLAND OREGON
441 AM PDT SAT OCT 21 2017


...................................

...THE VANCOUVER WA CLIMATE SUMMARY FOR OCTOBER 20 2017...

CLIMATE NORMAL PERIOD 1981 TO 2010
CLIMATE RECORD PERIOD 1891 TO 2017


WEATHER ITEM   OBSERVED TIME   RECORD YEAR NORMAL DEPARTURE LAST
                VALUE   (LST)  VALUE       VALUE  FROM      YEAR
                                                  NORMAL
..................................................................
TEMPERATURE (F)
 YESTERDAY
  MAXIMUM         54    211 PM  82    2012  62     -8       63
  MINIMUM         48    230 PM  27    1976  43      5       52
  AVERAGE         51                        52     -1       58

PRECIPITATION (IN)
  YESTERDAY        0.17                      0.11   0.06     0.19
  MONTH TO DATE    2.18                      1.84   0.34     6.46
  SINCE OCT 1      2.18                      1.84   0.34     6.46
  SINCE JAN 1     33.86                     25.23   8.63    29.19

DEGREE DAYS
 HEATING
  YESTERDAY       14                                         7
  MONTH TO DATE  234                                       166
  SINCE JUL 1    316                                       293

 COOLING
  YESTERDAY        0                                         0
  MONTH TO DATE    0                                         0
  SINCE JAN 1    639                                       407
..................................................................


WIND (MPH)
  HIGHEST WIND SPEED    21   HIGHEST WIND DIRECTION     W (270)
  HIGHEST GUST SPEED    26   HIGHEST GUST DIRECTION     W (260)
  AVERAGE WIND SPEED     5.8


SKY COVER
  POSSIBLE SUNSHINE  MM
  AVERAGE SKY COVER 0.8


WEATHER CONDITIONS
 THE FOLLOWING WEATHER WAS RECORDED YESTERDAY.
  HEAVY RAIN
  LIGHT RAIN
  FOG


RELATIVE HUMIDITY (PERCENT)
 HIGHEST    89           500 PM
 LOWEST     71           200 PM
 AVERAGE    80

..........................................................




SUNRISE AND SUNSET
OCTOBER 21 2017.......SUNRISE   736 AM PDT   SUNSET   614 PM PDT
OCTOBER 22 2017.......SUNRISE   737 AM PDT   SUNSET   612 PM PDT


-  INDICATES NEGATIVE NUMBERS.
R  INDICATES RECORD WAS SET OR TIED.
MM INDICATES DATA IS MISSING.
T  INDICATES TRACE AMOUNT.




$$
