859
CDUS41 KAKQ 120627
CLIWAL


CLIMATE REPORT
NATIONAL WEATHER SERVICE WAKEFIELD, VA
127 AM EST FRI FEB 12 2016


...................................

...THE WALLOPS ISLAND VA CLIMATE SUMMARY FOR FEBRUARY 11 2016...

CLIMATE NORMAL PERIOD 1981 TO 2010
CLIMATE RECORD PERIOD 1963 TO 2016


WEATHER ITEM   OBSERVED TIME   RECORD YEAR NORMAL DEPARTURE
                VALUE   (LST)  VALUE       VALUE  FROM
                                                  NORMAL
...............................................................
TEMPERATURE (F)
 YESTERDAY
  MAXIMUM         32    252 PM  63    1996  46    -14
  MINIMUM         22   1159 PM   9    1979  30     -8
  AVERAGE         27                        38    -11

PRECIPITATION (IN)
  YESTERDAY        T             1.45        0.09  -0.09
  MONTH TO DATE    2.46                      1.03   1.43
  SINCE DEC 1      9.36                      7.50   1.86
  SINCE JAN 1      5.08                      4.07   1.01

SNOWFALL (IN)
  YESTERDAY        T             2.0  1964   0.1   -0.1
  MONTH TO DATE    1.6                       1.3    0.3
  SINCE NOV 1      8.9                       5.3    3.6
  SINCE JUL 1      8.9                       5.3    3.6

DEGREE DAYS
 HEATING
  YESTERDAY       38                               11
  MONTH TO DATE  258                              -45
  SINCE DEC 1   1460                             -483
  SINCE JUL 1   1982                             -665

 COOLING
  YESTERDAY        0                                0
  MONTH TO DATE    0                                0
  SINCE DEC 1      7                                7
  SINCE JAN 1      0                                0
...............................................................


WIND (MPH)
  HIGHEST WIND SPEED    26   HIGHEST WIND DIRECTION    NW (300)
  HIGHEST GUST SPEED    35   HIGHEST GUST DIRECTION    NW (310)
  AVERAGE WIND SPEED    13.3




RELATIVE HUMIDITY (PERCENT)
 HIGHEST    75
 LOWEST     32
 AVERAGE    54

..........................................................


THE WALLOPS ISLAND VA CLIMATE NORMALS FOR TODAY
                         NORMAL    RECORD    YEAR
 MAXIMUM TEMPERATURE (F)   46        66      2009
 MINIMUM TEMPERATURE (F)   30        11      1979


SUNRISE AND SUNSET
FEBRUARY 12 2016......SUNRISE   656 AM EST   SUNSET   537 PM EST
FEBRUARY 13 2016......SUNRISE   655 AM EST   SUNSET   538 PM EST


-  INDICATES NEGATIVE NUMBERS.
R  INDICATES RECORD WAS SET OR TIED.
MM INDICATES DATA IS MISSING.
T  INDICATES TRACE AMOUNT.




$$
