000
CDUS41 KAKQ 210828
CLIWAL


CLIMATE REPORT
NATIONAL WEATHER SERVICE WAKEFIELD, VA
427 AM EDT MON APR 21 2014


...................................

...THE WALLOPS ISLAND VA CLIMATE SUMMARY FOR APRIL 20 2014...

CLIMATE NORMAL PERIOD 1981 TO 2010
CLIMATE RECORD PERIOD 1963 TO 2014


WEATHER ITEM   OBSERVED TIME   RECORD YEAR NORMAL DEPARTURE
                VALUE   (LST)  VALUE       VALUE  FROM
                                                  NORMAL
...............................................................
TEMPERATURE (F)
 YESTERDAY
  MAXIMUM         57   1214 PM  87    1985  64     -7
  MINIMUM         43   1159 PM  34    1986  46     -3
  AVERAGE         50                        55     -5

PRECIPITATION (IN)
  YESTERDAY        0.00          1.15        0.10  -0.10
  MONTH TO DATE    2.20                      2.17   0.03
  SINCE MAR 1      5.35                      6.17  -0.82
  SINCE JAN 1     10.92                     11.97  -1.05

SNOWFALL (IN)
  YESTERDAY        0.0           0.0    MM   0.0    0.0
  MONTH TO DATE    0.0                       0.1   -0.1
  SINCE NOV 1     13.1                       7.9    5.2
  SINCE JUL 1     13.1                       7.9    5.2

DEGREE DAYS
 HEATING
  YESTERDAY       15                                5
  MONTH TO DATE  225                              -31
  SINCE MAR 1    895                               20
  SINCE JUL 1   3888                              -67

 COOLING
  YESTERDAY        0                                0
  MONTH TO DATE    0                                0
  SINCE MAR 1      0                               -1
  SINCE JAN 1      0                               -1
...............................................................


WIND (MPH)
  HIGHEST WIND SPEED    30   HIGHEST WIND DIRECTION    NE (60)
  HIGHEST GUST SPEED    37   HIGHEST GUST DIRECTION    NE (60)
  AVERAGE WIND SPEED    18.4




RELATIVE HUMIDITY (PERCENT)
 HIGHEST    77
 LOWEST     56
 AVERAGE    67

..........................................................


THE WALLOPS ISLAND VA CLIMATE NORMALS FOR TODAY
                         NORMAL    RECORD    YEAR
 MAXIMUM TEMPERATURE (F)   65        79      1996
 MINIMUM TEMPERATURE (F)   47        35      1983


SUNRISE AND SUNSET
APRIL 21 2014.........SUNRISE   618 AM EDT   SUNSET   743 PM EDT
APRIL 22 2014.........SUNRISE   617 AM EDT   SUNSET   744 PM EDT


-  INDICATES NEGATIVE NUMBERS.
R  INDICATES RECORD WAS SET OR TIED.
MM INDICATES DATA IS MISSING.
T  INDICATES TRACE AMOUNT.




$$
