000
CDUS41 KAKQ 240835
CLIWAL


CLIMATE REPORT
NATIONAL WEATHER SERVICE WAKEFIELD, VA
334 AM EST MON NOV 24 2014


...................................

...THE WALLOPS ISLAND VA CLIMATE SUMMARY FOR NOVEMBER 23 2014...

CLIMATE NORMAL PERIOD 1981 TO 2010
CLIMATE RECORD PERIOD 1963 TO 2014


WEATHER ITEM   OBSERVED TIME   RECORD YEAR NORMAL DEPARTURE
                VALUE   (LST)  VALUE       VALUE  FROM
                                                  NORMAL
...............................................................
TEMPERATURE (F)
 YESTERDAY
  MAXIMUM         59   1156 PM  77    1992  56      3
  MINIMUM         38    637 AM  22    2008  39     -1
  AVERAGE         49                        47      2

PRECIPITATION (IN)
  YESTERDAY        0.01          0.56        0.09  -0.08
  MONTH TO DATE    0.96                      2.17  -1.21
  SINCE SEP 1      7.00                      9.32  -2.32
  SINCE JAN 1     32.59                     36.71  -4.12

SNOWFALL (IN)
  YESTERDAY        0.0           1.6  1989   0.0    0.0
  MONTH TO DATE    0.0                       0.0    0.0
  SINCE NOV 1      0.0                       0.0    0.0
  SINCE JUL 1      0.0                       0.0    0.0

DEGREE DAYS
 HEATING
  YESTERDAY       16                               -2
  MONTH TO DATE  444                              116
  SINCE SEP 1    563                               -7
  SINCE JUL 1    563                               -8

 COOLING
  YESTERDAY        0                                0
  MONTH TO DATE    0                                0
  SINCE SEP 1    255                               60
  SINCE JAN 1   1352                              157
...............................................................


WIND (MPH)
  HIGHEST WIND SPEED    15   HIGHEST WIND DIRECTION     S (160)
  HIGHEST GUST SPEED    20   HIGHEST GUST DIRECTION     S (170)
  AVERAGE WIND SPEED     6.4




RELATIVE HUMIDITY (PERCENT)
 HIGHEST   100
 LOWEST     49
 AVERAGE    75

..........................................................


THE WALLOPS ISLAND VA CLIMATE NORMALS FOR TODAY
                         NORMAL    RECORD    YEAR
 MAXIMUM TEMPERATURE (F)   56        66      2003
 MINIMUM TEMPERATURE (F)   38        23      2000
                                             1989
                                             1970


SUNRISE AND SUNSET
NOVEMBER 24 2014......SUNRISE   652 AM EST   SUNSET   445 PM EST
NOVEMBER 25 2014......SUNRISE   653 AM EST   SUNSET   445 PM EST


-  INDICATES NEGATIVE NUMBERS.
R  INDICATES RECORD WAS SET OR TIED.
MM INDICATES DATA IS MISSING.
T  INDICATES TRACE AMOUNT.




$$
