000
CDUS46 KLOX 040903
CLIWJF


CLIMATE REPORT
NATIONAL WEATHER SERVICE LOS ANGELES/OXNARD CA
103 AM PST WED MAR 4 2015


...................................

...THE LANCASTER FOX FIELD CA CLIMATE SUMMARY FOR MARCH 3 2015...

CLIMATE NORMAL PERIOD 1981 TO 2010
CLIMATE RECORD PERIOD 1948 TO 2015


WEATHER ITEM   OBSERVED TIME   RECORD YEAR NORMAL DEPARTURE
                VALUE   (LST)  VALUE       VALUE  FROM
                                                  NORMAL
...............................................................
TEMPERATURE (F)
 YESTERDAY
  MAXIMUM         60    132 PM  79    1959  65     -5
  MINIMUM         29    642 AM  18    2002  38     -9
  AVERAGE         45                        51     -6

PRECIPITATION (IN)
  YESTERDAY        0.00          0.09 1980   0.05  -0.05
  MONTH TO DATE    0.04                      0.15  -0.11
  SINCE OCT 1      4.32                      5.56  -1.24
  SINCE JAN 1      1.40                      3.43  -2.03

SNOWFALL (IN)
  YESTERDAY        0.0           T    1976
  MONTH TO DATE    0.0
  SINCE MAR 1      0.0
  SINCE JUL 1      0.0
  SNOW DEPTH       0

DEGREE DAYS
 HEATING
  YESTERDAY       20                                6
  MONTH TO DATE   57                               15
  SINCE MAR 1     57                               15
  SINCE JUL 1   1926                             -409

 COOLING
  YESTERDAY        0                                0
  MONTH TO DATE    0                                0
  SINCE MAR 1      0                                0
  SINCE JAN 1      0                                0
...............................................................


WIND (MPH)
  HIGHEST WIND SPEED    25   HIGHEST WIND DIRECTION     W (270)
  HIGHEST GUST SPEED    29   HIGHEST GUST DIRECTION     W (270)
  AVERAGE WIND SPEED     6.9




RELATIVE HUMIDITY (PERCENT)
 HIGHEST    92
 LOWEST     36
 AVERAGE    64

..........................................................


THE LANCASTER FOX FIELD CA CLIMATE NORMALS FOR TODAY
                         NORMAL    RECORD    YEAR
 MAXIMUM TEMPERATURE (F)   65        81      1972
 MINIMUM TEMPERATURE (F)   38        17      2002


SUNRISE AND SUNSET
MARCH  4 2015.........SUNRISE   618 AM PST   SUNSET   551 PM PST
MARCH  5 2015.........SUNRISE   617 AM PST   SUNSET   552 PM PST


-  INDICATES NEGATIVE NUMBERS.
R  INDICATES RECORD WAS SET OR TIED.
MM INDICATES DATA IS MISSING.
T  INDICATES TRACE AMOUNT.




$$
