000
CDUS46 KLOX 240113
CLIWJF


CLIMATE REPORT
NATIONAL WEATHER SERVICE LOS ANGELES/OXNARD CA
612 PM PDT SAT JUL 23 2016


...................................

...THE LANCASTER CLIMATE SUMMARY FOR JULY 23 2016...
VALID TODAY AS OF 0600 PM LOCAL TIME.

CLIMATE NORMAL PERIOD 1981 TO 2010
CLIMATE RECORD PERIOD 1948 TO 2016


WEATHER ITEM   OBSERVED TIME   RECORD YEAR NORMAL DEPARTURE LAST
                VALUE   (LST)  VALUE       VALUE  FROM      YEAR
                                                  NORMAL
..................................................................
TEMPERATURE (F)
 TODAY
  MAXIMUM        109    223 PM 111    2006  99     10       89
  MINIMUM         72    540 AM  52    1972  67      5       65
  AVERAGE         91                        83      8       77

PRECIPITATION (IN)
  TODAY            0.00          0.61 1974   0.00   0.00     0.00
  MONTH TO DATE    0.00                      0.07  -0.07     2.34
  SINCE OCT 1      3.82                      7.11  -3.29     6.99
  SINCE JAN 1      2.53                      4.98  -2.45     4.07

SNOWFALL (IN)
  TODAY            0.0           0.0    MM   0.0             0.0
  MONTH TO DATE    0.0                       0.0             0.0
  SINCE JUN 1      0.0                       0.0             0.0
  SINCE JUL 1      0.0                       0.0             0.0
  SNOW DEPTH       0

DEGREE DAYS
 HEATING
  TODAY            0                         0      0        0
  MONTH TO DATE    0                         0      0        0
  SINCE JUN 1      0                         8     -8        2
  SINCE JUL 1      0                         0      0        0

 COOLING
  TODAY           26                        18      8       12
  MONTH TO DATE  409                       394     15      317
  SINCE JUN 1    943                       735    208      792
  SINCE JAN 1   1111                       924    187      890
..................................................................


WIND (MPH)
  HIGHEST WIND SPEED    24   HIGHEST WIND DIRECTION     W (250)
  HIGHEST GUST SPEED    32   HIGHEST GUST DIRECTION     W (270)
  AVERAGE WIND SPEED    11.6


SKY COVER
  POSSIBLE SUNSHINE  MM
  AVERAGE SKY COVER 0.1


WEATHER CONDITIONS
 THE FOLLOWING WEATHER WAS RECORDED TODAY.
  NO SIGNIFICANT WEATHER WAS OBSERVED.


RELATIVE HUMIDITY (PERCENT)
 HIGHEST    23           500 AM
 LOWEST      6           100 PM
 AVERAGE    15

..........................................................


THE LANCASTER CLIMATE NORMALS FOR TOMORROW
                         NORMAL    RECORD    YEAR
 MAXIMUM TEMPERATURE (F)   99       109      2006
 MINIMUM TEMPERATURE (F)   67        55      1995


SUNRISE AND SUNSET
JULY 23 2016..........SUNRISE   557 AM PDT   SUNSET   802 PM PDT
JULY 24 2016..........SUNRISE   557 AM PDT   SUNSET   801 PM PDT


-  INDICATES NEGATIVE NUMBERS.
R  INDICATES RECORD WAS SET OR TIED.
MM INDICATES DATA IS MISSING.
T  INDICATES TRACE AMOUNT.




$$
