000
CDUS46 KLOX 010129
CLIWJF


CLIMATE REPORT
NATIONAL WEATHER SERVICE LOS ANGELES/OXNARD CA
629 PM PDT TUE MAY 31 2016


...................................

...THE LANCASTER CLIMATE SUMMARY FOR MAY 31 2016...
VALID TODAY AS OF 0600 PM LOCAL TIME.

CLIMATE NORMAL PERIOD 1981 TO 2010
CLIMATE RECORD PERIOD 1948 TO 2016


WEATHER ITEM   OBSERVED TIME   RECORD YEAR NORMAL DEPARTURE LAST
                VALUE   (LST)  VALUE       VALUE  FROM      YEAR
                                                  NORMAL
..................................................................
TEMPERATURE (F)
 TODAY
  MAXIMUM        100    340 PM 104    2001  87     13       93
  MINIMUM         72    423 AM  41    1971  58     14       56
  AVERAGE         86                        72     14       75

PRECIPITATION (IN)
  TODAY            0.00          0.00   MM   0.00   0.00     0.00
  MONTH TO DATE    0.00                      0.09  -0.09     0.28
  SINCE OCT 1      3.82                      6.99  -3.17     4.61
  SINCE JAN 1      2.53                      4.86  -2.33     1.69

SNOWFALL (IN)
  TODAY            0.0           0.0    MM   0.0             0.0
  MONTH TO DATE    0.0                       0.0             0.0
  SINCE MAR 1      0.0                       0.0             0.0
  SINCE JUL 1      0.0                       2.3             0.0
  SNOW DEPTH       0

DEGREE DAYS
 HEATING
  TODAY            0                         1     -1        0
  MONTH TO DATE   51                        60     -9      105
  SINCE MAR 1    421                       636   -215      507
  SINCE JUL 1   2672                      2929   -257     2376

 COOLING
  TODAY           21                         8     13       10
  MONTH TO DATE  144                       159    -15       70
  SINCE MAR 1    165                       189    -24       98
  SINCE JAN 1    168                       189    -21       98
..................................................................


WIND (MPH)
  HIGHEST WIND SPEED    28   HIGHEST WIND DIRECTION     W (270)
  HIGHEST GUST SPEED    32   HIGHEST GUST DIRECTION     W (270)
  AVERAGE WIND SPEED    14.2


SKY COVER
  POSSIBLE SUNSHINE  MM
  AVERAGE SKY COVER 0.0


WEATHER CONDITIONS
 THE FOLLOWING WEATHER WAS RECORDED TODAY.
  NO SIGNIFICANT WEATHER WAS OBSERVED.


RELATIVE HUMIDITY (PERCENT)
 HIGHEST    31           500 AM
 LOWEST      8           200 PM
 AVERAGE    20

..........................................................


THE LANCASTER CLIMATE NORMALS FOR TOMORROW
                         NORMAL    RECORD    YEAR
 MAXIMUM TEMPERATURE (F)   87       105      1960
 MINIMUM TEMPERATURE (F)   58        39      1967


SUNRISE AND SUNSET
MAY 31 2016...........SUNRISE   541 AM PDT   SUNSET   801 PM PDT
JUNE  1 2016..........SUNRISE   541 AM PDT   SUNSET   801 PM PDT


-  INDICATES NEGATIVE NUMBERS.
R  INDICATES RECORD WAS SET OR TIED.
MM INDICATES DATA IS MISSING.
T  INDICATES TRACE AMOUNT.




$$
