000
CDUS46 KLOX 300111
CLIWJF


CLIMATE REPORT
NATIONAL WEATHER SERVICE LOS ANGELES/OXNARD CA
611 PM PDT WED JUL 29 2015


...................................

...THE LANCASTER CLIMATE SUMMARY FOR JULY 29 2015...
VALID TODAY AS OF 0600 PM LOCAL TIME.

CLIMATE NORMAL PERIOD 1981 TO 2010
CLIMATE RECORD PERIOD 1948 TO 2015


WEATHER ITEM   OBSERVED TIME   RECORD YEAR NORMAL DEPARTURE LAST
                VALUE   (LST)  VALUE       VALUE  FROM      YEAR
                                                  NORMAL
..................................................................
TEMPERATURE (F)
 TODAY
  MAXIMUM        104    215 PM 109    1995  99      5      101
  MINIMUM         60    502 AM  52    1956  67     -7       67
  AVERAGE         82                        83     -1       84

PRECIPITATION (IN)
  TODAY            0.00          0.58 1968   0.00   0.00     0.00
  MONTH TO DATE    2.34                      0.09   2.25      T
  SINCE OCT 1      6.99                      7.13  -0.14     3.91
  SINCE JAN 1      4.07                      5.00  -0.93     2.32

SNOWFALL (IN)
  TODAY            0.0           0.0    MM   0.0             0.0
  MONTH TO DATE    0.0                       0.0             0.0
  SINCE JUN 1      0.0                       0.0             0.0
  SINCE JUL 1      0.0                       0.0             0.0
  SNOW DEPTH       0

DEGREE DAYS
 HEATING
  TODAY            0                         0      0        0
  MONTH TO DATE    0                         0      0        0
  SINCE JUN 1      2                         8     -6        0
  SINCE JUL 1      0                         0      0        0

 COOLING
  TODAY           17                        18     -1       19
  MONTH TO DATE  412                       502    -90      540
  SINCE JUN 1    887                       843     44      940
  SINCE JAN 1    985                      1032    -47     1140
..................................................................


WIND (MPH)
  HIGHEST WIND SPEED    25   HIGHEST WIND DIRECTION    SE (120)
  HIGHEST GUST SPEED    35   HIGHEST GUST DIRECTION    SE (150)
  AVERAGE WIND SPEED     6.4


SKY COVER
  POSSIBLE SUNSHINE  MM
  AVERAGE SKY COVER 0.0


WEATHER CONDITIONS
 THE FOLLOWING WEATHER WAS RECORDED TODAY.
  HAZE


RELATIVE HUMIDITY (PERCENT)
 HIGHEST    60           500 AM
 LOWEST      9          1100 AM
 AVERAGE    35

..........................................................


THE LANCASTER CLIMATE NORMALS FOR TOMORROW
                         NORMAL    RECORD    YEAR
 MAXIMUM TEMPERATURE (F)   99       106      2000
 MINIMUM TEMPERATURE (F)   67        50      1956


SUNRISE AND SUNSET
JULY 29 2015..........SUNRISE   600 AM PDT   SUNSET   758 PM PDT
JULY 30 2015..........SUNRISE   601 AM PDT   SUNSET   757 PM PDT


-  INDICATES NEGATIVE NUMBERS.
R  INDICATES RECORD WAS SET OR TIED.
MM INDICATES DATA IS MISSING.
T  INDICATES TRACE AMOUNT.




$$
