000
CDUS46 KLOX 240117
CLIWJF


CLIMATE REPORT
NATIONAL WEATHER SERVICE LOS ANGELES/OXNARD CA
517 PM PST MON JAN 23 2017


...................................

...THE LANCASTER CLIMATE SUMMARY FOR JANUARY 23 2017...
VALID TODAY AS OF 0500 PM LOCAL TIME.

CLIMATE NORMAL PERIOD 1981 TO 2010
CLIMATE RECORD PERIOD 1948 TO 2017


WEATHER ITEM   OBSERVED TIME   RECORD YEAR NORMAL DEPARTURE LAST
                VALUE   (LST)  VALUE       VALUE  FROM      YEAR
                                                  NORMAL
..................................................................
TEMPERATURE (F)
 TODAY
  MAXIMUM         47   1200 AM  74    1970  59    -12       61
  MINIMUM         38   1017 AM  18    1958  32      6       39
  AVERAGE         43                        46     -3       50

PRECIPITATION (IN)
  TODAY            0.24          0.30 2009   0.04   0.20     0.00
  MONTH TO DATE    2.47                      1.10   1.37     1.39
  SINCE OCT 1      4.46                      3.23   1.23     2.68
  SINCE JAN 1      2.47                      1.10   1.37     1.39

SNOWFALL (IN)
  TODAY           MM             0.0    MM   0.0             0.0
  MONTH TO DATE    0.0                       0.3             0.0
  SINCE DEC 1      0.0                       1.6             0.0
  SINCE JUL 1      0.0                       1.6             0.0
  SNOW DEPTH       0

DEGREE DAYS
 HEATING
  TODAY           22                        20      2       15
  MONTH TO DATE  431                       471    -40      464
  SINCE DEC 1   1009                      1128   -119     1159
  SINCE JUL 1   1435                      1673   -238     1739

 COOLING
  TODAY            0                         0      0        0
  MONTH TO DATE    0                         0      0        0
  SINCE DEC 1      0                         0      0        0
  SINCE JAN 1      0                         0      0        0
..................................................................


WIND (MPH)
  HIGHEST WIND SPEED    28   HIGHEST WIND DIRECTION     W (270)
  HIGHEST GUST SPEED    35   HIGHEST GUST DIRECTION     W (260)
  AVERAGE WIND SPEED    19.2


SKY COVER
  POSSIBLE SUNSHINE  MM
  AVERAGE SKY COVER 0.5


WEATHER CONDITIONS
 THE FOLLOWING WEATHER WAS RECORDED TODAY.
  RAIN
  LIGHT RAIN
  FOG


RELATIVE HUMIDITY (PERCENT)
 HIGHEST    86          1200 AM
 LOWEST     70           200 AM
 AVERAGE    78

..........................................................


THE LANCASTER CLIMATE NORMALS FOR TOMORROW
                         NORMAL    RECORD    YEAR
 MAXIMUM TEMPERATURE (F)   59        73      1975
 MINIMUM TEMPERATURE (F)   32        18      2002


SUNRISE AND SUNSET
JANUARY 23 2017.......SUNRISE   657 AM PST   SUNSET   513 PM PST
JANUARY 24 2017.......SUNRISE   656 AM PST   SUNSET   514 PM PST


-  INDICATES NEGATIVE NUMBERS.
R  INDICATES RECORD WAS SET OR TIED.
MM INDICATES DATA IS MISSING.
T  INDICATES TRACE AMOUNT.




$$
