000
CDUS46 KLOX 210115
CLIWJF


CLIMATE REPORT
NATIONAL WEATHER SERVICE LOS ANGELES/OXNARD CA
514 PM PST TUE FEB 20 2018


...................................

...THE LANCASTER CLIMATE SUMMARY FOR FEBRUARY 20 2018...
VALID TODAY AS OF 0500 PM LOCAL TIME.

CLIMATE NORMAL PERIOD 1981 TO 2010
CLIMATE RECORD PERIOD 1948 TO 2018


WEATHER ITEM   OBSERVED TIME   RECORD YEAR NORMAL DEPARTURE LAST
                VALUE   (LST)  VALUE       VALUE  FROM      YEAR
                                                  NORMAL
..................................................................
TEMPERATURE (F)
 TODAY
  MAXIMUM         49    401 PM  79    1977  63    -14       59
  MINIMUM         19    613 AM  14    1953  36    -17       48
  AVERAGE         34                        49    -15       54

PRECIPITATION (IN)
  TODAY            0.00          0.57 1994   0.07  -0.07     0.00
  MONTH TO DATE    0.01                      1.30  -1.29     1.80
  SINCE OCT 1      0.98                      4.93  -3.95     6.26
  SINCE JAN 1      0.96                      2.80  -1.84     4.27

SNOWFALL (IN)
  TODAY            0.0           T    1994   0.0             0.0
  MONTH TO DATE    0.0                       0.5             0.0
  SINCE DEC 1      0.0                       2.2             0.0
  SINCE JUL 1      0.0                       2.2             0.0
  SNOW DEPTH       0

DEGREE DAYS
 HEATING
  TODAY           31                        16     15       11
  MONTH TO DATE  300                       348    -48      231
  SINCE DEC 1   1424                      1628   -204     1420
  SINCE JUL 1   1786                      2173   -387     1846

 COOLING
  TODAY            0                         0      0        0
  MONTH TO DATE    0                         0      0        0
  SINCE DEC 1      0                         0      0        0
  SINCE JAN 1      0                         0      0        0
..................................................................


WIND (MPH)
  HIGHEST WIND SPEED    15   HIGHEST WIND DIRECTION    NW (300)
  HIGHEST GUST SPEED    19   HIGHEST GUST DIRECTION     W (290)
  AVERAGE WIND SPEED     5.6


SKY COVER
  POSSIBLE SUNSHINE  MM
  AVERAGE SKY COVER 0.0


WEATHER CONDITIONS
 THE FOLLOWING WEATHER WAS RECORDED TODAY.
  NO SIGNIFICANT WEATHER WAS OBSERVED.


RELATIVE HUMIDITY (PERCENT)
 HIGHEST    68           500 AM
 LOWEST     12           300 PM
 AVERAGE    40

..........................................................


THE LANCASTER CLIMATE NORMALS FOR TOMORROW
                         NORMAL    RECORD    YEAR
 MAXIMUM TEMPERATURE (F)   63        77      2016
                                             1965
 MINIMUM TEMPERATURE (F)   36        13      1953


SUNRISE AND SUNSET
FEBRUARY 20 2018......SUNRISE   633 AM PST   SUNSET   541 PM PST
FEBRUARY 21 2018......SUNRISE   632 AM PST   SUNSET   542 PM PST


-  INDICATES NEGATIVE NUMBERS.
R  INDICATES RECORD WAS SET OR TIED.
MM INDICATES DATA IS MISSING.
T  INDICATES TRACE AMOUNT.




$$
