000
CDUS46 KLOX 090902
CLIWJF


CLIMATE REPORT
NATIONAL WEATHER SERVICE LOS ANGELES/OXNARD CA
102 AM PST TUE FEB 9 2016


...................................

...THE LANCASTER FOX FIELD CA CLIMATE SUMMARY FOR FEBRUARY 8 2016...

CLIMATE NORMAL PERIOD 1981 TO 2010
CLIMATE RECORD PERIOD 1948 TO 2016


WEATHER ITEM   OBSERVED TIME   RECORD YEAR NORMAL DEPARTURE
                VALUE   (LST)  VALUE       VALUE  FROM
                                                  NORMAL
...............................................................
TEMPERATURE (F)
 YESTERDAY
  MAXIMUM         74    234 PM  78    1951  61     13
  MINIMUM         33    533 AM  21    2003  34     -1
  AVERAGE         54                        47      7

PRECIPITATION (IN)
  YESTERDAY        0.00          0.90 1989   0.07  -0.07
  MONTH TO DATE    T                         0.49  -0.49
  SINCE OCT 1      3.02                      4.12  -1.10
  SINCE JAN 1      1.73                      1.99  -0.26

SNOWFALL (IN)
  YESTERDAY        0.0           4.0  1989
  MONTH TO DATE    0.0
  SINCE DEC 1      0.0
  SINCE JUL 1      0.0
  SNOW DEPTH       0

DEGREE DAYS
 HEATING
  YESTERDAY       11                               -7
  MONTH TO DATE  172                               26
  SINCE DEC 1   1452                               26
  SINCE JUL 1   2032                               61

 COOLING
  YESTERDAY        0                                0
  MONTH TO DATE    0                                0
  SINCE DEC 1      0                                0
  SINCE JAN 1      0                                0
...............................................................


WIND (MPH)
  HIGHEST WIND SPEED    21   HIGHEST WIND DIRECTION    NE (60)
  HIGHEST GUST SPEED    26   HIGHEST GUST DIRECTION     E (80)
  AVERAGE WIND SPEED     7.2




RELATIVE HUMIDITY (PERCENT)
 HIGHEST    69
 LOWEST     13
 AVERAGE    41

..........................................................


THE LANCASTER FOX FIELD CA CLIMATE NORMALS FOR TODAY
                         NORMAL    RECORD    YEAR
 MAXIMUM TEMPERATURE (F)   61        80      1951
 MINIMUM TEMPERATURE (F)   34        18      2003


SUNRISE AND SUNSET
FEBRUARY  9 2016......SUNRISE   645 AM PST   SUNSET   530 PM PST
FEBRUARY 10 2016......SUNRISE   644 AM PST   SUNSET   531 PM PST


-  INDICATES NEGATIVE NUMBERS.
R  INDICATES RECORD WAS SET OR TIED.
MM INDICATES DATA IS MISSING.
T  INDICATES TRACE AMOUNT.




$$
