008
CDUS46 KLOX 220902
CLIWJF


CLIMATE REPORT
NATIONAL WEATHER SERVICE LOS ANGELES/OXNARD CA
202 AM PDT SUN OCT 22 2017


...................................

...THE LANCASTER FOX FIELD CA CLIMATE SUMMARY FOR OCTOBER 21 2017...

CLIMATE NORMAL PERIOD 1981 TO 2010
CLIMATE RECORD PERIOD 1948 TO 2017


WEATHER ITEM   OBSERVED TIME   RECORD YEAR NORMAL DEPARTURE
                VALUE   (LST)  VALUE       VALUE  FROM
                                                  NORMAL
...............................................................
TEMPERATURE (F)
 YESTERDAY
  MAXIMUM         73    239 PM  93    2003  78     -5
  MINIMUM         41    639 AM  24    1949  44     -3
  AVERAGE         57                        61     -4

PRECIPITATION (IN)
  YESTERDAY        0.00          0.22 1957   0.02  -0.02
  MONTH TO DATE    T                         0.25  -0.25
  SINCE OCT 1      T                         0.25  -0.25
  SINCE JAN 1      4.62                      5.50  -0.88

SNOWFALL (IN)
  YESTERDAY        0.0           0.0    MM
  MONTH TO DATE    0.0
  SINCE SEP 1      0.0
  SINCE JUL 1      0.0
  SNOW DEPTH       0

DEGREE DAYS
 HEATING
  YESTERDAY        8                                3
  MONTH TO DATE   76                               16
  SINCE SEP 1     96                               24
  SINCE JUL 1     96                               24

 COOLING
  YESTERDAY        0                               -1
  MONTH TO DATE   35                              -12
  SINCE SEP 1    302                              -16
  SINCE JAN 1   2206                              329
...............................................................


WIND (MPH)
  HIGHEST WIND SPEED    29   HIGHEST WIND DIRECTION    NW (300)
  HIGHEST GUST SPEED    39   HIGHEST GUST DIRECTION     W (270)
  AVERAGE WIND SPEED     9.1




RELATIVE HUMIDITY (PERCENT)
 HIGHEST    67
 LOWEST     15
 AVERAGE    41

..........................................................


THE LANCASTER FOX FIELD CA CLIMATE NORMALS FOR TODAY
                         NORMAL    RECORD    YEAR
 MAXIMUM TEMPERATURE (F)   77        95      2003
 MINIMUM TEMPERATURE (F)   44        25      1996


SUNRISE AND SUNSET
OCTOBER 22 2017.......SUNRISE   705 AM PDT   SUNSET   609 PM PDT
OCTOBER 23 2017.......SUNRISE   706 AM PDT   SUNSET   608 PM PDT


-  INDICATES NEGATIVE NUMBERS.
R  INDICATES RECORD WAS SET OR TIED.
MM INDICATES DATA IS MISSING.
T  INDICATES TRACE AMOUNT.




$$
