000
CDUS46 KLOX 180903
CLIWJF


CLIMATE REPORT
NATIONAL WEATHER SERVICE LOS ANGELES/OXNARD CA
203 AM PDT FRI AUG 18 2017


...................................

...THE LANCASTER FOX FIELD CA CLIMATE SUMMARY FOR AUGUST 17 2017...

CLIMATE NORMAL PERIOD 1981 TO 2010
CLIMATE RECORD PERIOD 1948 TO 2017


WEATHER ITEM   OBSERVED TIME   RECORD YEAR NORMAL DEPARTURE
                VALUE   (LST)  VALUE       VALUE  FROM
                                                  NORMAL
...............................................................
TEMPERATURE (F)
 YESTERDAY
  MAXIMUM         99    214 PM 109    1950  98      1
  MINIMUM         60    523 AM  52    2009  64     -4
                                      2005
  AVERAGE         80                        81     -1

PRECIPITATION (IN)
  YESTERDAY        0.00          0.91 1977   0.00   0.00
  MONTH TO DATE    0.03                      0.05  -0.02
  SINCE OCT 1      6.54                      7.18  -0.64
  SINCE JAN 1      4.55                      5.05  -0.50

SNOWFALL (IN)
  YESTERDAY        0.0           0.0    MM
  MONTH TO DATE    0.0
  SINCE JUN 1      0.0
  SINCE JUL 1      0.0
  SNOW DEPTH       0

DEGREE DAYS
 HEATING
  YESTERDAY        0                                0
  MONTH TO DATE    0                                0
  SINCE JUN 1      9                                1
  SINCE JUL 1      0                                0

 COOLING
  YESTERDAY       15                               -1
  MONTH TO DATE  312                               25
  SINCE JUN 1   1477                              313
  SINCE JAN 1   1638                              285
...............................................................


WIND (MPH)
  HIGHEST WIND SPEED    24   HIGHEST WIND DIRECTION    SW (240)
  HIGHEST GUST SPEED    29   HIGHEST GUST DIRECTION     W (250)
  AVERAGE WIND SPEED     9.1




RELATIVE HUMIDITY (PERCENT)
 HIGHEST    60
 LOWEST     12
 AVERAGE    36

..........................................................


THE LANCASTER FOX FIELD CA CLIMATE NORMALS FOR TODAY
                         NORMAL    RECORD    YEAR
 MAXIMUM TEMPERATURE (F)   98       112      1950
 MINIMUM TEMPERATURE (F)   64        50      1978


SUNRISE AND SUNSET
AUGUST 18 2017........SUNRISE   616 AM PDT   SUNSET   737 PM PDT
AUGUST 19 2017........SUNRISE   617 AM PDT   SUNSET   736 PM PDT


-  INDICATES NEGATIVE NUMBERS.
R  INDICATES RECORD WAS SET OR TIED.
MM INDICATES DATA IS MISSING.
T  INDICATES TRACE AMOUNT.




$$
