000
CDUS45 KLKN 140934
CLIWMC


CLIMATE REPORT
NATIONAL WEATHER SERVICE ELKO NV
132 AM PST THU DEC 14 2017


...................................

...THE WINNEMUCCA AIRPORT NV CLIMATE SUMMARY FOR DECEMBER 13 2017...

CLIMATE NORMAL PERIOD 1981 TO 2010
CLIMATE RECORD PERIOD 1877 TO 2017


WEATHER ITEM   OBSERVED TIME   RECORD YEAR NORMAL DEPARTURE LAST
                VALUE   (LST)  VALUE       VALUE  FROM      YEAR
                                                  NORMAL
..................................................................
TEMPERATURE (F)
 YESTERDAY
  MAXIMUM         44    347 PM  61    1929  41      3       38
                                      1921
  MINIMUM          1    623 AM -15    1972  17    -16       27
  AVERAGE         23                        29     -6       33

PRECIPITATION (IN)
  YESTERDAY        0.00          0.62 1922   0.03  -0.03     0.16
  MONTH TO DATE    0.12                      0.38  -0.26     1.12
  SINCE OCT 1      1.15                      1.93  -0.78     3.46
  SINCE JAN 1      8.23                      7.73   0.50     8.28

SNOWFALL (IN)
  YESTERDAY        0.0           3.7  1975   0.2   -0.2       T
  MONTH TO DATE    0.8                       2.1   -1.3      2.8
  SINCE DEC 1      0.8                       2.1   -1.3      2.8
  SINCE JUL 1      0.8                       5.6   -4.8      3.4
  SNOW DEPTH       0

DEGREE DAYS
 HEATING
  YESTERDAY       42                        36      6       32
  MONTH TO DATE  485                       451     34      453
  SINCE DEC 1    485                       451     34      453
  SINCE JUL 1   1921                      2019    -98     1788

 COOLING
  YESTERDAY        0                         0      0        0
  MONTH TO DATE    0                         0      0        0
  SINCE DEC 1      0                         0      0        0
  SINCE JAN 1    927                       541    386      577
..................................................................


WIND (MPH)
  HIGHEST WIND SPEED    10   HIGHEST WIND DIRECTION    NW (320)
  HIGHEST GUST SPEED    11   HIGHEST GUST DIRECTION    NW (320)
  AVERAGE WIND SPEED     4.5



WEATHER CONDITIONS
 THE FOLLOWING WEATHER WAS RECORDED YESTERDAY.
  NO SIGNIFICANT WEATHER WAS OBSERVED.


RELATIVE HUMIDITY (PERCENT)
 HIGHEST    87           600 AM
 LOWEST     36           300 PM
 AVERAGE    62

..........................................................


THE WINNEMUCCA AIRPORT NV CLIMATE NORMALS FOR TODAY
                         NORMAL    RECORD    YEAR
 MAXIMUM TEMPERATURE (F)   41        65      1929
 MINIMUM TEMPERATURE (F)   17       -20      1972


SUNRISE AND SUNSET
DECEMBER 14 2017......SUNRISE   708 AM PST   SUNSET   424 PM PST
DECEMBER 15 2017......SUNRISE   709 AM PST   SUNSET   424 PM PST


-  INDICATES NEGATIVE NUMBERS.
R  INDICATES RECORD WAS SET OR TIED.
MM INDICATES DATA IS MISSING.
T  INDICATES TRACE AMOUNT.




$$
