000
CDUS45 KLKN 050928
CLIWMC


CLIMATE REPORT
NATIONAL WEATHER SERVICE ELKO NV
127 AM PST THU MAR 5 2015


...................................

...THE WINNEMUCCA AIRPORT NV CLIMATE SUMMARY FOR MARCH 4 2015...

CLIMATE NORMAL PERIOD 1981 TO 2010
CLIMATE RECORD PERIOD 1877 TO 2015


WEATHER ITEM   OBSERVED TIME   RECORD YEAR NORMAL DEPARTURE LAST
                VALUE   (LST)  VALUE       VALUE  FROM      YEAR
                                                  NORMAL
..................................................................
TEMPERATURE (F)
 YESTERDAY
  MAXIMUM         49    447 PM  72    1925  53     -4       55
  MINIMUM          9    635 AM   7    1976  25    -16       34
                                      1948
  AVERAGE         29                        39    -10       45

PRECIPITATION (IN)
  YESTERDAY        0.00          0.54 1890   0.03  -0.03     0.30
  MONTH TO DATE    T                         0.11  -0.11     0.35
  SINCE OCT 1      3.74                      4.12  -0.38     4.62
  SINCE JAN 1      1.17                      1.64  -0.47     1.96

SNOWFALL (IN)
  YESTERDAY        0.0           5.3  1935   0.1   -0.1      0.0
  MONTH TO DATE    T                         0.4   -0.4      0.0
  SINCE MAR 1      T                         0.4   -0.4      0.0
  SINCE JUL 1      2.9                      16.4  -13.5     21.5
  SNOW DEPTH       0

DEGREE DAYS
 HEATING
  YESTERDAY       36                        26     10       20
  MONTH TO DATE  130                       105     25       81
  SINCE MAR 1    130                       105     25       81
  SINCE JUL 1   3912                      4694   -782     4740

 COOLING
  YESTERDAY        0                         0      0        0
  MONTH TO DATE    0                         0      0        0
  SINCE MAR 1      0                         0      0        0
  SINCE JAN 1      0                         0      0        0
..................................................................


WIND (MPH)
  HIGHEST WIND SPEED    10   HIGHEST WIND DIRECTION    NE (60)
  HIGHEST GUST SPEED    12   HIGHEST GUST DIRECTION    NE (60)
  AVERAGE WIND SPEED     4.7



WEATHER CONDITIONS
 THE FOLLOWING WEATHER WAS RECORDED YESTERDAY.
  NO SIGNIFICANT WEATHER WAS OBSERVED.


RELATIVE HUMIDITY (PERCENT)
 HIGHEST    92           200 AM
 LOWEST     19           500 PM
 AVERAGE    56

..........................................................


THE WINNEMUCCA AIRPORT NV CLIMATE NORMALS FOR TODAY
                         NORMAL    RECORD    YEAR
 MAXIMUM TEMPERATURE (F)   53        75      1972
 MINIMUM TEMPERATURE (F)   26         8      1976
                                             1967


SUNRISE AND SUNSET
MARCH  5 2015.........SUNRISE   619 AM PST   SUNSET   547 PM PST
MARCH  6 2015.........SUNRISE   618 AM PST   SUNSET   548 PM PST


-  INDICATES NEGATIVE NUMBERS.
R  INDICATES RECORD WAS SET OR TIED.
MM INDICATES DATA IS MISSING.
T  INDICATES TRACE AMOUNT.




$$
