000
CDUS45 KLKN 010933
CLIWMC


CLIMATE REPORT
NATIONAL WEATHER SERVICE ELKO NV
232 AM PDT FRI AUG 1 2014


...................................

...THE WINNEMUCCA AIRPORT NV CLIMATE SUMMARY FOR JULY 31 2014...

CLIMATE NORMAL PERIOD 1981 TO 2010
CLIMATE RECORD PERIOD 1877 TO 2014


WEATHER ITEM   OBSERVED TIME   RECORD YEAR NORMAL DEPARTURE LAST
                VALUE   (LST)  VALUE       VALUE  FROM      YEAR
                                                  NORMAL
..................................................................
TEMPERATURE (F)
 YESTERDAY
  MAXIMUM         97    322 PM 106    2000  95      2       95
  MINIMUM         66    606 AM  38    2001  52     14       58
  AVERAGE         82                        73      9       77

PRECIPITATION (IN)
  YESTERDAY        T             0.72 1983   0.01  -0.01     0.00
  MONTH TO DATE    0.10                      0.25  -0.15     0.30
  SINCE OCT 1      6.75                      7.66  -0.91     4.67
  SINCE JAN 1      4.09                      5.18  -1.09     2.26

SNOWFALL (IN)
  YESTERDAY        0.0           0.0  1877   0.0    0.0      0.0
  MONTH TO DATE    0.0                       0.0    0.0       T
  SINCE JUN 1      0.0                       T      0.0       T
  SINCE JUL 1      0.0                       0.0    0.0       T
  SNOW DEPTH       0

DEGREE DAYS
 HEATING
  YESTERDAY        0                         0      0        0
  MONTH TO DATE    0                         6     -6        0
  SINCE JUN 1     74                       115    -41       70
  SINCE JUL 1      0                        10    -10        0

 COOLING
  YESTERDAY       17                         8      9       12
  MONTH TO DATE  394                       243    151      373
  SINCE JUN 1    468                       322    146      501
  SINCE JAN 1    477                       333    144      502
..................................................................


WIND (MPH)
  HIGHEST WIND SPEED    22   HIGHEST WIND DIRECTION    NE (60)
  HIGHEST GUST SPEED    29   HIGHEST GUST DIRECTION    NE (60)
  AVERAGE WIND SPEED     7.9



WEATHER CONDITIONS
 THE FOLLOWING WEATHER WAS RECORDED YESTERDAY.
  THUNDERSTORM
  LIGHT RAIN


RELATIVE HUMIDITY (PERCENT)
 HIGHEST    48           500 AM
 LOWEST     13           200 PM
 AVERAGE    31

..........................................................


THE WINNEMUCCA AIRPORT NV CLIMATE NORMALS FOR TODAY
                         NORMAL    RECORD    YEAR
 MAXIMUM TEMPERATURE (F)   94       104      1977
 MINIMUM TEMPERATURE (F)   52        37      1985


SUNRISE AND SUNSET
AUGUST  1 2014........SUNRISE   547 AM PDT   SUNSET   807 PM PDT
AUGUST  2 2014........SUNRISE   548 AM PDT   SUNSET   806 PM PDT


-  INDICATES NEGATIVE NUMBERS.
R  INDICATES RECORD WAS SET OR TIED.
MM INDICATES DATA IS MISSING.
T  INDICATES TRACE AMOUNT.




$$
