000
CDUS45 KLKN 220946
CLIWMC


CLIMATE REPORT
NATIONAL WEATHER SERVICE ELKO NV
246 AM PDT THU JUN 22 2017


...................................

...THE WINNEMUCCA AIRPORT NV CLIMATE SUMMARY FOR JUNE 21 2017...

CLIMATE NORMAL PERIOD 1981 TO 2010
CLIMATE RECORD PERIOD 1877 TO 2017


WEATHER ITEM   OBSERVED TIME   RECORD YEAR NORMAL DEPARTURE LAST
                VALUE   (LST)  VALUE       VALUE  FROM      YEAR
                                                  NORMAL
..................................................................
TEMPERATURE (F)
 YESTERDAY
  MAXIMUM         95    404 PM 101    2001  85     10       92
  MINIMUM         66   1140 PM  26    1960  47     19       48
  AVERAGE         81                        66     15       70

PRECIPITATION (IN)
  YESTERDAY        0.00          0.34 1952   0.01  -0.01     0.00
  MONTH TO DATE    1.22                      0.46   0.76     0.01
  SINCE OCT 1     11.00                      7.31   3.69     8.86
  SINCE JAN 1      6.46                      4.83   1.63     4.58

SNOWFALL (IN)
  YESTERDAY        0.0           0.0  1877   0.0    0.0      0.0
  MONTH TO DATE    0.0                       0.0    0.0      0.0
  SINCE JUN 1      0.0                       0.0    0.0      0.0
  SINCE JUL 1     18.5                      20.9   -2.4     21.1
  SNOW DEPTH       0

DEGREE DAYS
 HEATING
  YESTERDAY        0                         2     -2        0
  MONTH TO DATE   73                        91    -18       54
  SINCE JUN 1     73                        91    -18       54
  SINCE JUL 1   6004                      6291   -287     5686

 COOLING
  YESTERDAY       16                         3     13        5
  MONTH TO DATE   76                        40     36       73
  SINCE JUN 1     76                        40     36       73
  SINCE JAN 1     83                        51     32       73
..................................................................


WIND (MPH)
  HIGHEST WIND SPEED    22   HIGHEST WIND DIRECTION    NW (330)
  HIGHEST GUST SPEED    28   HIGHEST GUST DIRECTION     N (360)
  AVERAGE WIND SPEED    12.5



WEATHER CONDITIONS
 THE FOLLOWING WEATHER WAS RECORDED YESTERDAY.
  NO SIGNIFICANT WEATHER WAS OBSERVED.


RELATIVE HUMIDITY (PERCENT)
 HIGHEST    51           300 AM
 LOWEST     17           500 PM
 AVERAGE    34

..........................................................


THE WINNEMUCCA AIRPORT NV CLIMATE NORMALS FOR TODAY
                         NORMAL    RECORD    YEAR
 MAXIMUM TEMPERATURE (F)   86       104      1954
 MINIMUM TEMPERATURE (F)   47        29      1916


SUNRISE AND SUNSET
JUNE 22 2017..........SUNRISE   520 AM PDT   SUNSET   827 PM PDT
JUNE 23 2017..........SUNRISE   520 AM PDT   SUNSET   827 PM PDT


-  INDICATES NEGATIVE NUMBERS.
R  INDICATES RECORD WAS SET OR TIED.
MM INDICATES DATA IS MISSING.
T  INDICATES TRACE AMOUNT.




$$
