000
CDUS45 KLKN 280929
CLIWMC


CLIMATE REPORT
NATIONAL WEATHER SERVICE ELKO NV
226 AM PDT THU AUG 28 2014


...................................

...THE WINNEMUCCA AIRPORT NV CLIMATE SUMMARY FOR AUGUST 27 2014...

CLIMATE NORMAL PERIOD 1981 TO 2010
CLIMATE RECORD PERIOD 1877 TO 2014


WEATHER ITEM   OBSERVED TIME   RECORD YEAR NORMAL DEPARTURE LAST
                VALUE   (LST)  VALUE       VALUE  FROM      YEAR
                                                  NORMAL
..................................................................
TEMPERATURE (F)
 YESTERDAY
  MAXIMUM         88    409 PM 102    1924  88      0       91
  MINIMUM         44    526 AM  30    1954  46     -2       46
  AVERAGE         66                        67     -1       69

PRECIPITATION (IN)
  YESTERDAY        0.00          0.41 1904   0.01  -0.01     0.02
  MONTH TO DATE    0.49                      0.15   0.34     0.15
  SINCE OCT 1      7.24                      7.81  -0.57     4.82
  SINCE JAN 1      4.58                      5.33  -0.75     2.41

SNOWFALL (IN)
  YESTERDAY        0.0           0.0  1877   0.0    0.0      0.0
  MONTH TO DATE    0.0                       0.0    0.0      0.0
  SINCE JUN 1      0.0                       T      0.0       T
  SINCE JUL 1      0.0                       0.0    0.0       T
  SNOW DEPTH       0

DEGREE DAYS
 HEATING
  YESTERDAY        0                         1     -1        0
  MONTH TO DATE   16                        11      5        0
  SINCE JUN 1     90                       126    -36       70
  SINCE JUL 1     16                        21     -5        0

 COOLING
  YESTERDAY        1                         3     -2        4
  MONTH TO DATE  133                       164    -31      155
  SINCE JUN 1    601                       486    115      656
  SINCE JAN 1    610                       497    113      657
..................................................................


WIND (MPH)
  HIGHEST WIND SPEED    16   HIGHEST WIND DIRECTION    SW (230)
  HIGHEST GUST SPEED    25   HIGHEST GUST DIRECTION    SW (220)
  AVERAGE WIND SPEED     5.4



WEATHER CONDITIONS
 THE FOLLOWING WEATHER WAS RECORDED YESTERDAY.
  NO SIGNIFICANT WEATHER WAS OBSERVED.


RELATIVE HUMIDITY (PERCENT)
 HIGHEST    65           400 AM
 LOWEST     13           400 PM
 AVERAGE    39

..........................................................


THE WINNEMUCCA AIRPORT NV CLIMATE NORMALS FOR TODAY
                         NORMAL    RECORD    YEAR
 MAXIMUM TEMPERATURE (F)   88       100      1915
 MINIMUM TEMPERATURE (F)   46        34      1962
                                             1881


SUNRISE AND SUNSET
AUGUST 28 2014........SUNRISE   614 AM PDT   SUNSET   730 PM PDT
AUGUST 29 2014........SUNRISE   615 AM PDT   SUNSET   728 PM PDT


-  INDICATES NEGATIVE NUMBERS.
R  INDICATES RECORD WAS SET OR TIED.
MM INDICATES DATA IS MISSING.
T  INDICATES TRACE AMOUNT.




$$
