000
CDUS45 KLKN 270926
CLIWMC


CLIMATE REPORT
NATIONAL WEATHER SERVICE ELKO NV
226 AM PDT FRI MAY 27 2016


...................................

...THE WINNEMUCCA AIRPORT NV CLIMATE SUMMARY FOR MAY 26 2016...

CLIMATE NORMAL PERIOD 1981 TO 2010
CLIMATE RECORD PERIOD 1877 TO 2016


WEATHER ITEM   OBSERVED TIME   RECORD YEAR NORMAL DEPARTURE LAST
                VALUE   (LST)  VALUE       VALUE  FROM      YEAR
                                                  NORMAL
..................................................................
TEMPERATURE (F)
 YESTERDAY
  MAXIMUM         73    320 PM  96    1974  75     -2       72
  MINIMUM         35    145 AM  28    1997  40     -5       42
  AVERAGE         54                        58     -4       57

PRECIPITATION (IN)
  YESTERDAY        0.00          0.63 1941   0.03  -0.03     0.11
  MONTH TO DATE    0.65                      0.96  -0.31     2.35
  SINCE OCT 1      8.85                      6.69   2.16     8.09
  SINCE JAN 1      4.57                      4.21   0.36     5.52

SNOWFALL (IN)
  YESTERDAY        0.0           0.0  1877   0.0    0.0      0.0
  MONTH TO DATE    0.0                       0.1   -0.1      0.0
  SINCE MAR 1      1.7                       4.9   -3.2      2.4
  SINCE JUL 1     21.1                      20.9    0.2      5.3
  SNOW DEPTH       0

DEGREE DAYS
 HEATING
  YESTERDAY       11                         8      3        8
  MONTH TO DATE  287                       284      3      291
  SINCE MAR 1   1409                      1575   -166     1466
  SINCE JUL 1   5586                      6164   -578     5248

 COOLING
  YESTERDAY        0                         1     -1        0
  MONTH TO DATE    0                         4     -4        0
  SINCE MAR 1      0                         4     -4        0
  SINCE JAN 1      0                         4     -4        0
..................................................................


WIND (MPH)
  HIGHEST WIND SPEED    15   HIGHEST WIND DIRECTION     W (260)
  HIGHEST GUST SPEED    20   HIGHEST GUST DIRECTION     W (270)
  AVERAGE WIND SPEED     5.1



WEATHER CONDITIONS
 THE FOLLOWING WEATHER WAS RECORDED YESTERDAY.
  NO SIGNIFICANT WEATHER WAS OBSERVED.


RELATIVE HUMIDITY (PERCENT)
 HIGHEST   100           200 AM
 LOWEST     17           600 PM
 AVERAGE    59

..........................................................


THE WINNEMUCCA AIRPORT NV CLIMATE NORMALS FOR TODAY
                         NORMAL    RECORD    YEAR
 MAXIMUM TEMPERATURE (F)   76        94      1983
 MINIMUM TEMPERATURE (F)   41        25      1998
                                             1961


SUNRISE AND SUNSET
MAY 27 2016...........SUNRISE   524 AM PDT   SUNSET   813 PM PDT
MAY 28 2016...........SUNRISE   523 AM PDT   SUNSET   814 PM PDT


-  INDICATES NEGATIVE NUMBERS.
R  INDICATES RECORD WAS SET OR TIED.
MM INDICATES DATA IS MISSING.
T  INDICATES TRACE AMOUNT.




$$
