000
CDUS45 KRIW 140740
CLIWRL


CLIMATE REPORT
NATIONAL WEATHER SERVICE RIVERTON WY
1240 AM MST THU DEC 14 2017


...................................

...THE WORLAND WY CLIMATE SUMMARY FOR DECEMBER 13 2017...

CLIMATE NORMAL PERIOD 1981 TO 2010
CLIMATE RECORD PERIOD 1947 TO 2017


WEATHER ITEM   OBSERVED TIME   RECORD YEAR NORMAL DEPARTURE LAST
                VALUE   (LST)  VALUE       VALUE  FROM      YEAR
                                                  NORMAL
..................................................................
TEMPERATURE (F)
 YESTERDAY
  MAXIMUM         41    134 PM  59    1988  30     11       26
  MINIMUM         21    142 AM -23    1972   5     16       -1
  AVERAGE         31                        17     14       13

PRECIPITATION (IN)
  YESTERDAY        T             0.12 1989   0.00   0.00      T
  MONTH TO DATE    0.03                      0.10  -0.07     0.02
  SINCE DEC 1      0.03                      0.10  -0.07     0.02
  SINCE JAN 1      8.51                      7.44   1.07     9.77

DEGREE DAYS
 HEATING
  YESTERDAY       34                        48    -14       52
  MONTH TO DATE  463                       593   -130      623
  SINCE DEC 1    463                       593   -130      623
  SINCE JUL 1   2382                      2485   -103     2162

 COOLING
  YESTERDAY        0                         0      0        0
  MONTH TO DATE    0                         0      0        0
  SINCE DEC 1      0                         0      0        0
  SINCE JAN 1    588                       535     53      690
..................................................................


WIND (MPH)
  HIGHEST WIND SPEED    15   HIGHEST WIND DIRECTION    NW (320)
  HIGHEST GUST SPEED    19   HIGHEST GUST DIRECTION    NW (320)
  AVERAGE WIND SPEED     6.4


SKY COVER
  POSSIBLE SUNSHINE  MM
  AVERAGE SKY COVER 0.5


WEATHER CONDITIONS
 THE FOLLOWING WEATHER WAS RECORDED YESTERDAY.
  LIGHT SNOW


RELATIVE HUMIDITY (PERCENT)
 HIGHEST    89           600 PM
 LOWEST     34           100 PM
 AVERAGE    62

..........................................................


THE WORLAND WY CLIMATE NORMALS FOR TODAY
                         NORMAL    RECORD    YEAR
 MAXIMUM TEMPERATURE (F)   30        57      2003
 MINIMUM TEMPERATURE (F)    4       -20      2008
                                             1972


SUNRISE AND SUNSET
DECEMBER 14 2017......SUNRISE   739 AM MST   SUNSET   434 PM MST
DECEMBER 15 2017......SUNRISE   740 AM MST   SUNSET   435 PM MST


-  INDICATES NEGATIVE NUMBERS.
R  INDICATES RECORD WAS SET OR TIED.
MM INDICATES DATA IS MISSING.
T  INDICATES TRACE AMOUNT.




$$
