000
CDUS45 KRIW 260736
CLIWRL


CLIMATE REPORT
NATIONAL WEATHER SERVICE RIVERTON WY
136 AM MDT TUE MAY 26 2015


...................................

...THE WORLAND WY CLIMATE SUMMARY FOR MAY 25 2015...

CLIMATE NORMAL PERIOD 1981 TO 2010
CLIMATE RECORD PERIOD 1947 TO 2015


WEATHER ITEM   OBSERVED TIME   RECORD YEAR NORMAL DEPARTURE LAST
                VALUE   (LST)  VALUE       VALUE  FROM      YEAR
                                                  NORMAL
..................................................................
TEMPERATURE (F)
 YESTERDAY
  MAXIMUM         67    408 PM  89    2003  73     -6       78
  MINIMUM         49   1133 PM  34    2012  44      5       47
                                      1975
  AVERAGE         58                        58      0       63

PRECIPITATION (IN)
  YESTERDAY        0.06          0.60 1962   0.05   0.01     0.00
  MONTH TO DATE    2.82                      1.13   1.69     1.09
  SINCE MAR 1      3.17                      2.45   0.72     1.78
  SINCE JAN 1      3.94                      2.87   1.07     2.16

DEGREE DAYS
 HEATING
  YESTERDAY        7                         7      0        2
  MONTH TO DATE  315                       269     46      283
  SINCE MAR 1   1580                      1735   -155     1805
  SINCE JUL 1   7489                      7736   -247     8185

 COOLING
  YESTERDAY        0                         0      0        0
  MONTH TO DATE    0                         0      0        4
  SINCE MAR 1      0                         1     -1        4
  SINCE JAN 1      0                         1     -1        4
..................................................................


WIND (MPH)
  HIGHEST WIND SPEED    15   HIGHEST WIND DIRECTION    SE (120)
  HIGHEST GUST SPEED    19   HIGHEST GUST DIRECTION     E (110)
  AVERAGE WIND SPEED     6.0


SKY COVER
  POSSIBLE SUNSHINE  MM
  AVERAGE SKY COVER 0.7


WEATHER CONDITIONS
 THE FOLLOWING WEATHER WAS RECORDED YESTERDAY.
  THUNDERSTORM
  LIGHT RAIN
  FOG


RELATIVE HUMIDITY (PERCENT)
 HIGHEST    89           700 AM
 LOWEST     52           300 PM
 AVERAGE    71

..........................................................


THE WORLAND WY CLIMATE NORMALS FOR TODAY
                         NORMAL    RECORD    YEAR
 MAXIMUM TEMPERATURE (F)   73        93      1969
 MINIMUM TEMPERATURE (F)   44        32      1975


SUNRISE AND SUNSET
MAY 26 2015...........SUNRISE   536 AM MDT   SUNSET   842 PM MDT
MAY 27 2015...........SUNRISE   535 AM MDT   SUNSET   843 PM MDT


-  INDICATES NEGATIVE NUMBERS.
R  INDICATES RECORD WAS SET OR TIED.
MM INDICATES DATA IS MISSING.
T  INDICATES TRACE AMOUNT.




$$
