000
CDUS45 KRIW 050746
CLIWRL


CLIMATE REPORT
NATIONAL WEATHER SERVICE RIVERTON WY
141 AM MDT SUN JUL 5 2015


...................................

...THE WORLAND WY CLIMATE SUMMARY FOR JULY 4 2015...

CLIMATE NORMAL PERIOD 1981 TO 2010
CLIMATE RECORD PERIOD 1947 TO 2015


WEATHER ITEM   OBSERVED TIME   RECORD YEAR NORMAL DEPARTURE LAST
                VALUE   (LST)  VALUE       VALUE  FROM      YEAR
                                                  NORMAL
..................................................................
TEMPERATURE (F)
 YESTERDAY
  MAXIMUM         98    335 PM 105    1989  87     11       94
  MINIMUM         60    437 AM  38    1972  54      6       54
  AVERAGE         79                        70      9       74

PRECIPITATION (IN)
  YESTERDAY        0.00          0.12 1977   0.02  -0.02     0.00
  MONTH TO DATE    0.08                      0.08   0.00     0.00
  SINCE JUN 1      1.14                      1.23  -0.09     1.62
  SINCE JAN 1      5.32                      4.39   0.93     3.83

DEGREE DAYS
 HEATING
  YESTERDAY        0                         1     -1        0
  MONTH TO DATE    0                         4     -4        1
  SINCE JUN 1      4                        97    -93       91
  SINCE JUL 1      0                         4     -4        1

 COOLING
  YESTERDAY       14                         6      8        9
  MONTH TO DATE   49                        23     26       23
  SINCE JUN 1    228                       107    121       52
  SINCE JAN 1    230                       119    111       82
..................................................................


WIND (MPH)
  HIGHEST WIND SPEED    13   HIGHEST WIND DIRECTION     S (170)
  HIGHEST GUST SPEED    16   HIGHEST GUST DIRECTION    SE (140)
  AVERAGE WIND SPEED     4.8


SKY COVER
  POSSIBLE SUNSHINE  MM
  AVERAGE SKY COVER 0.0


WEATHER CONDITIONS
 THE FOLLOWING WEATHER WAS RECORDED YESTERDAY.
  NO SIGNIFICANT WEATHER WAS OBSERVED.


RELATIVE HUMIDITY (PERCENT)
 HIGHEST    78           200 AM
 LOWEST     16           200 PM
 AVERAGE    47

..........................................................


THE WORLAND WY CLIMATE NORMALS FOR TODAY
                         NORMAL    RECORD    YEAR
 MAXIMUM TEMPERATURE (F)   87       106      1973
 MINIMUM TEMPERATURE (F)   54        43      1972


SUNRISE AND SUNSET
JULY  5 2015..........SUNRISE   535 AM MDT   SUNSET   857 PM MDT
JULY  6 2015..........SUNRISE   536 AM MDT   SUNSET   857 PM MDT


-  INDICATES NEGATIVE NUMBERS.
R  INDICATES RECORD WAS SET OR TIED.
MM INDICATES DATA IS MISSING.
T  INDICATES TRACE AMOUNT.




$$
