000
CDUS45 KRIW 050738
CLIWRL


CLIMATE REPORT
NATIONAL WEATHER SERVICE RIVERTON WY
129 AM MDT THU MAY 5 2016


...................................

...THE WORLAND WY CLIMATE SUMMARY FOR MAY 4 2016...

CLIMATE NORMAL PERIOD 1981 TO 2010
CLIMATE RECORD PERIOD 1947 TO 2016


WEATHER ITEM   OBSERVED TIME   RECORD YEAR NORMAL DEPARTURE LAST
                VALUE   (LST)  VALUE       VALUE  FROM      YEAR
                                                  NORMAL
..................................................................
TEMPERATURE (F)
 YESTERDAY
  MAXIMUM         81    304 PM  91    1966  66     15       74
  MINIMUM         41    259 AM  21    1967  37      4       44
  AVERAGE         61                        52      9       59

PRECIPITATION (IN)
  YESTERDAY        0.00          0.97 1999   0.04  -0.04     0.00
  MONTH TO DATE    0.00                      0.17  -0.17     0.00
  SINCE MAR 1      2.31                      1.49   0.82     0.35
  SINCE JAN 1      2.34                      1.91   0.43     1.12

DEGREE DAYS
 HEATING
  YESTERDAY        4                        14    -10        6
  MONTH TO DATE   46                        57    -11       30
  SINCE MAR 1   1339                      1523   -184     1295
  SINCE JUL 1   6724                      7524   -800     7204

 COOLING
  YESTERDAY        0                         0      0        0
  MONTH TO DATE    0                         0      0        0
  SINCE MAR 1      0                         1     -1        0
  SINCE JAN 1      0                         1     -1        0
..................................................................


WIND (MPH)
  HIGHEST WIND SPEED    14   HIGHEST WIND DIRECTION    SE (150)
  HIGHEST GUST SPEED    15   HIGHEST GUST DIRECTION    SE (130)
  AVERAGE WIND SPEED     5.9


SKY COVER
  POSSIBLE SUNSHINE  MM
  AVERAGE SKY COVER 0.0


WEATHER CONDITIONS
 THE FOLLOWING WEATHER WAS RECORDED YESTERDAY.
  NO SIGNIFICANT WEATHER WAS OBSERVED.


RELATIVE HUMIDITY (PERCENT)
 HIGHEST    86           300 AM
 LOWEST     15           300 PM
 AVERAGE    51

..........................................................


THE WORLAND WY CLIMATE NORMALS FOR TODAY
                         NORMAL    RECORD    YEAR
 MAXIMUM TEMPERATURE (F)   66        91      1966
 MINIMUM TEMPERATURE (F)   37        23      2010


SUNRISE AND SUNSET
MAY  5 2016...........SUNRISE   557 AM MDT   SUNSET   820 PM MDT
MAY  6 2016...........SUNRISE   556 AM MDT   SUNSET   822 PM MDT


-  INDICATES NEGATIVE NUMBERS.
R  INDICATES RECORD WAS SET OR TIED.
MM INDICATES DATA IS MISSING.
T  INDICATES TRACE AMOUNT.




$$
