000
CDUS45 KRIW 240032
CLIWRL


CLIMATE REPORT
NATIONAL WEATHER SERVICE RIVERTON WY
631 PM MDT WED AUG 23 2017


...................................

...THE WORLAND WY CLIMATE SUMMARY FOR AUGUST 23 2017...
VALID TODAY AS OF 0500 PM LOCAL TIME.

CLIMATE NORMAL PERIOD 1981 TO 2010
CLIMATE RECORD PERIOD 1947 TO 2017


WEATHER ITEM   OBSERVED TIME   RECORD YEAR NORMAL DEPARTURE LAST
                VALUE   (LST)  VALUE       VALUE  FROM      YEAR
                                                  NORMAL
..................................................................
TEMPERATURE (F)
 TODAY
  MAXIMUM         93        MM 101    1969  86      7       83
  MINIMUM         46        MM  35    2015  51     -5       50
  AVERAGE         70                        69      1       67

PRECIPITATION (IN)
  TODAY            0.00          1.13 2014   0.02  -0.02     0.00
  MONTH TO DATE    0.18                      0.32  -0.14     0.27
  SINCE JUN 1      0.70                      2.18  -1.48     0.71
  SINCE JAN 1      5.50                      5.34   0.16     4.47

DEGREE DAYS
 HEATING
  TODAY            0                         1     -1        0
  MONTH TO DATE    1                         7     -6       13
  SINCE JUN 1     47                       113    -66       23
  SINCE JUL 1      1                        20    -19       17

 COOLING
  TODAY            5                         5      0        2
  MONTH TO DATE   74                       152    -78      164
  SINCE JUN 1    475                       465     10      628
  SINCE JAN 1    475                       477     -2      630
..................................................................


WIND (MPH)
  HIGHEST WIND SPEED    10   HIGHEST WIND DIRECTION     S (160)
  HIGHEST GUST SPEED    MM   HIGHEST GUST DIRECTION    MM
  AVERAGE WIND SPEED     4.9


SKY COVER
  POSSIBLE SUNSHINE  MM
  AVERAGE SKY COVER 0.0


WEATHER CONDITIONS
 THE FOLLOWING WEATHER WAS RECORDED TODAY.
  NO SIGNIFICANT WEATHER WAS OBSERVED.


RELATIVE HUMIDITY (PERCENT)
 HIGHEST    71           500 AM
 LOWEST     11           200 PM
 AVERAGE    41

..........................................................


THE WORLAND WY CLIMATE NORMALS FOR TOMORROW
                         NORMAL    RECORD    YEAR
 MAXIMUM TEMPERATURE (F)   86       103      1969
 MINIMUM TEMPERATURE (F)   51        39      2004
                                             1968


SUNRISE AND SUNSET
AUGUST 23 2017........SUNRISE   625 AM MDT   SUNSET   803 PM MDT
AUGUST 24 2017........SUNRISE   626 AM MDT   SUNSET   801 PM MDT


-  INDICATES NEGATIVE NUMBERS.
R  INDICATES RECORD WAS SET OR TIED.
MM INDICATES DATA IS MISSING.
T  INDICATES TRACE AMOUNT.




$$
