000
CDUS45 KRIW 190738
CLIWRL


CLIMATE REPORT
NATIONAL WEATHER SERVICE RIVERTON WY
1228 AM MST FRI DEC 19 2014


...................................

...THE WORLAND WY CLIMATE SUMMARY FOR DECEMBER 18 2014...

CLIMATE NORMAL PERIOD 1981 TO 2010
CLIMATE RECORD PERIOD 1947 TO 2014


WEATHER ITEM   OBSERVED TIME   RECORD YEAR NORMAL DEPARTURE LAST
                VALUE   (LST)  VALUE       VALUE  FROM      YEAR
                                                  NORMAL
..................................................................
TEMPERATURE (F)
 YESTERDAY
  MAXIMUM         22    226 PM  55    1966  30     -8       40
  MINIMUM         -5    656 AM -27    1964   3     -8       16
  AVERAGE          9                        16     -7       28

PRECIPITATION (IN)
  YESTERDAY        0.00          0.10 1998   0.01  -0.01     0.00
  MONTH TO DATE    0.32                      0.14   0.18      T
  SINCE DEC 1      0.32                      0.14   0.18      T
  SINCE JAN 1      7.88                      7.48   0.40     7.74

DEGREE DAYS
 HEATING
  YESTERDAY       56                        48      8       37
  MONTH TO DATE  720                       833   -113      919
  SINCE DEC 1    720                       833   -113      919
  SINCE JUL 1   2636                      2725    -89     2775

 COOLING
  YESTERDAY        0                         0      0        0
  MONTH TO DATE    0                         0      0        0
  SINCE DEC 1      0                         0      0        0
  SINCE JAN 1    543                       535      8      852
..................................................................


WIND (MPH)
  HIGHEST WIND SPEED    12   HIGHEST WIND DIRECTION     S (180)
  HIGHEST GUST SPEED    12   HIGHEST GUST DIRECTION     S (180)
  AVERAGE WIND SPEED     3.6


SKY COVER
  POSSIBLE SUNSHINE  MM
  AVERAGE SKY COVER 0.0


WEATHER CONDITIONS
 THE FOLLOWING WEATHER WAS RECORDED YESTERDAY.
  FOG


RELATIVE HUMIDITY (PERCENT)
 HIGHEST    91           100 AM
 LOWEST     71           300 PM
 AVERAGE    81

..........................................................


THE WORLAND WY CLIMATE NORMALS FOR TODAY
                         NORMAL    RECORD    YEAR
 MAXIMUM TEMPERATURE (F)   30        50      2003
                                             1994
 MINIMUM TEMPERATURE (F)    3       -22      1992


SUNRISE AND SUNSET
DECEMBER 19 2014......SUNRISE   742 AM MST   SUNSET   436 PM MST
DECEMBER 20 2014......SUNRISE   743 AM MST   SUNSET   436 PM MST


-  INDICATES NEGATIVE NUMBERS.
R  INDICATES RECORD WAS SET OR TIED.
MM INDICATES DATA IS MISSING.
T  INDICATES TRACE AMOUNT.




$$
