000
CDUS45 KRIW 260732
CLIWRL


CLIMATE REPORT
NATIONAL WEATHER SERVICE RIVERTON WY
1231 AM MST SUN FEB 26 2017


...................................

...THE WORLAND WY CLIMATE SUMMARY FOR FEBRUARY 25 2017...

CLIMATE NORMAL PERIOD 1981 TO 2010
CLIMATE RECORD PERIOD 1947 TO 2017


WEATHER ITEM   OBSERVED TIME   RECORD YEAR NORMAL DEPARTURE LAST
                VALUE   (LST)  VALUE       VALUE  FROM      YEAR
                                                  NORMAL
..................................................................
TEMPERATURE (F)
 YESTERDAY
  MAXIMUM         32    441 PM  64    1999  42    -10       53
  MINIMUM         13    601 AM -25    2003  15     -2       15
  AVERAGE         23                        28     -5       34

PRECIPITATION (IN)
  YESTERDAY        0.00          0.13 1980   0.01  -0.01     0.00
  MONTH TO DATE    0.20                      0.17   0.03      T
  SINCE DEC 1      0.59                      0.63  -0.04     0.31
  SINCE JAN 1      0.40                      0.40   0.00     0.03

DEGREE DAYS
 HEATING
  YESTERDAY       42                        37      5       31
  MONTH TO DATE  984                      1047    -63      807
  SINCE DEC 1   4218                      4003    215     3702
  SINCE JUL 1   5757                      5895   -138     5286

 COOLING
  YESTERDAY        0                         0      0        0
  MONTH TO DATE    0                         0      0        0
  SINCE DEC 1      0                         0      0        0
  SINCE JAN 1      0                         0      0        0
..................................................................


WIND (MPH)
  HIGHEST WIND SPEED    14   HIGHEST WIND DIRECTION     S (170)
  HIGHEST GUST SPEED    16   HIGHEST GUST DIRECTION     S (170)
  AVERAGE WIND SPEED     5.6


SKY COVER
  POSSIBLE SUNSHINE  MM
  AVERAGE SKY COVER 0.4


WEATHER CONDITIONS
 THE FOLLOWING WEATHER WAS RECORDED YESTERDAY.
  NO SIGNIFICANT WEATHER WAS OBSERVED.


RELATIVE HUMIDITY (PERCENT)
 HIGHEST    96           600 AM
 LOWEST     39           500 PM
 AVERAGE    68

..........................................................


THE WORLAND WY CLIMATE NORMALS FOR TODAY
                         NORMAL    RECORD    YEAR
 MAXIMUM TEMPERATURE (F)   43        63      1988
 MINIMUM TEMPERATURE (F)   15       -17      2014


SUNRISE AND SUNSET
FEBRUARY 26 2017......SUNRISE   653 AM MST   SUNSET   557 PM MST
FEBRUARY 27 2017......SUNRISE   651 AM MST   SUNSET   558 PM MST


-  INDICATES NEGATIVE NUMBERS.
R  INDICATES RECORD WAS SET OR TIED.
MM INDICATES DATA IS MISSING.
T  INDICATES TRACE AMOUNT.




$$
