000
CDUS45 KRIW 250036
CLIWRL


CLIMATE REPORT
NATIONAL WEATHER SERVICE RIVERTON WY
636 PM MDT SUN JUL 24 2016


...................................

...THE WORLAND WY CLIMATE SUMMARY FOR JULY 24 2016...
VALID TODAY AS OF 0500 PM LOCAL TIME.

CLIMATE NORMAL PERIOD 1981 TO 2010
CLIMATE RECORD PERIOD 1947 TO 2016


WEATHER ITEM   OBSERVED TIME   RECORD YEAR NORMAL DEPARTURE LAST
                VALUE   (LST)  VALUE       VALUE  FROM      YEAR
                                                  NORMAL
..................................................................
TEMPERATURE (F)
 TODAY
  MAXIMUM         92        MM 104    1976  90      2       92
  MINIMUM         53        MM  48    2004  56     -3       54
                                      1972
  AVERAGE         73                        73      0       73

PRECIPITATION (IN)
  TODAY            0.00          0.33 1995   0.02  -0.02      T
  MONTH TO DATE    0.06                      0.55  -0.49     0.38
  SINCE JUN 1      0.35                      1.70  -1.35     1.44
  SINCE JAN 1      4.11                      4.86  -0.75     5.62

DEGREE DAYS
 HEATING
  TODAY            0                         0      0        0
  MONTH TO DATE    4                        10     -6        0
  SINCE JUN 1     10                       103    -93        4
  SINCE JUL 1      4                        10     -6        0

 COOLING
  TODAY            8                         8      0        8
  MONTH TO DATE  189                       172     17      160
  SINCE JUN 1    384                       256    128      339
  SINCE JAN 1    386                       268    118      341
..................................................................


WIND (MPH)
  HIGHEST WIND SPEED     9   HIGHEST WIND DIRECTION     N (20)
  HIGHEST GUST SPEED    MM   HIGHEST GUST DIRECTION    MM
  AVERAGE WIND SPEED     5.9


SKY COVER
  POSSIBLE SUNSHINE  MM
  AVERAGE SKY COVER 0.0


WEATHER CONDITIONS
 THE FOLLOWING WEATHER WAS RECORDED TODAY.
  NO SIGNIFICANT WEATHER WAS OBSERVED.


RELATIVE HUMIDITY (PERCENT)
 HIGHEST    54           500 AM
 LOWEST     12           400 PM
 AVERAGE    33

..........................................................


THE WORLAND WY CLIMATE NORMALS FOR TOMORROW
                         NORMAL    RECORD    YEAR
 MAXIMUM TEMPERATURE (F)   90       102      1975
 MINIMUM TEMPERATURE (F)   56        47      1993


SUNRISE AND SUNSET
JULY 24 2016..........SUNRISE   552 AM MDT   SUNSET   844 PM MDT
JULY 25 2016..........SUNRISE   553 AM MDT   SUNSET   843 PM MDT


-  INDICATES NEGATIVE NUMBERS.
R  INDICATES RECORD WAS SET OR TIED.
MM INDICATES DATA IS MISSING.
T  INDICATES TRACE AMOUNT.




$$
