000
CDAK47 PAYA 010931
CLIYAK

CLIMATE REPORT
NATIONAL WEATHER SERVICE YAKUTAT, AK
131 AM AKDT WED JUL 1 2015

...................................
...THE YAKUTAT AP CLIMATE SUMMARY FOR JUNE 30 2015...

CLIMATE NORMAL PERIOD  1981 TO  2010
CLIMATE RECORD PERIOD  1948 TO  2015

WEATHER ITEM   OBSERVED TIME    RECORD YEAR NORMAL DEPARTURE LAST
               VALUE    (LST)   VALUE       VALUE  FROM      YEAR
                                                   NORMAL
...................................................................
TEMPERATURE
YESTERDAY
 MAXIMUM            59  0316 PM    76  1985     59       0     59
 MINIMUM            51  1159 PM    34  2008     47       4     52
 AVERAGE            55                          53       2     56

PRECIPITATION
(INCHES)
 YESTERDAY        0.14           2.69  1964   0.20   -0.06   0.40
 MONTH TO DATE    8.65                        6.39    2.26  10.10
 SINCE JUN 1      8.65                        6.39    2.26  10.10
 SINCE JAN 1     59.23                       59.35   -0.12  49.21

SNOWFALL
(INCHES)
 YESTERDAY         0.0            0.0  2015    0.0     0.0    0.0
 MONTH TO DATE     0.0                         0.0     0.0    0.0
 SINCE JUN 1       0.0                         0.0     0.0    0.0
 SINCE JUL 1      47.1                       140.0   -92.9  109.0
 SNOW DEPTH (IN)     0                                          0

DEGREE DAYS
 HEATING
  YESTERDAY         10                          12      -2      9
  MONTH TO DATE    334                         426     -92    446
  SINCE JUN 1      334                         426     -92    446
  SINCE JUL 1     7996                        9021   -1025   8710

 COOLING
  YESTERDAY          0                           0       0      0
  MONTH TO DATE      0                           0       0      0
  SINCE JUN 1        0                           0       0      0
  SINCE JAN 1        0                           0       0      0
...................................................................

WIND (MPH)
 HIGHEST WIND SPEED    14     HIGHEST WIND DIRECTION    180
 HIGHEST GUST SPEED    19     HIGHEST GUST DIRECTION    180
 AVERAGE WIND SPEED   5.5

SKY COVER
  POSSIBLE SUNSHINE    MM          AVERAGE SKY COVER     MM

WEATHER CONDITIONS
 THE FOLLOWING WEATHER WAS RECORDED YESTERDAY.
  FOG
RAIN


RELATIVE HUMIDITY
 HIGHEST RH     MM PERCENT       MM
 LOWEST  RH     MM PERCENT       MM
 AVERAGE RH     MM PERCENT       MM
...................................................................

THE YAKUTAT CLIMATE NORMALS FOR TODAY
                           NORMAL    RECORD   YEAR
 MAXIMUM TEMPERATURE (F)     59        68     1994
 MINIMUM TEMPERATURE (F)     47        39     1927

SUNRISE AND SUNSET
 JUL 1 2015..........SUNRISE  4:06 AM      SUNSET 10:39 PM
 JUL 2 2015..........SUNRISE  4:08 AM      SUNSET 10:38 PM

-  INDICATES NEGATIVE NUMBERS.
R  INDICATES RECORD HAS BEEN SET OR TIED.
MM INDICATES DATA IS MISSING.
T  INDICATES TRACE OF PRECIPITATION.

&&
-------------------------------------------------------------------

AMOUNT OF DAYLIGHT TODAY  (HOUR:MIN)........18 HOURS 33 MINUTES
GAIN/LOSS SINCE YESTERDAY (HOUR:MIN:SEC)....-0:01:38

$$
*** JUL 15
