000
CDAK47 PAYA 020002
CLIYAK

CLIMATE REPORT
NATIONAL WEATHER SERVICE YAKUTAT, AK
302 PM AKST SUN FEB 1 2015

...................................
...THE YAKUTAT AP CLIMATE SUMMARY FOR FEBRUARY 1 2015...
VALID TODAY AS OF 2:00 PM LOCAL TIME

CLIMATE NORMAL PERIOD  1981 TO  2010
CLIMATE RECORD PERIOD  1948 TO  2015

WEATHER ITEM   OBSERVED TIME    RECORD YEAR NORMAL DEPARTURE LAST
               VALUE    (LST)   VALUE       VALUE  FROM      YEAR
                                                   NORMAL
...................................................................
TEMPERATURE
TODAY
 MAXIMUM            43  0124 PM    49  1998     35       8     38
 MINIMUM            20  0623 AM   -20  1989     23      -3     17
 AVERAGE            32                          29       3     28

PRECIPITATION
(INCHES)
 TODAY            0.00           3.08  1977   0.40   -0.40   0.00
 MONTH TO DATE    0.00                        0.40   -0.40   0.00
 SINCE DEC 1     26.07                       30.34   -4.27  34.66
 SINCE JAN 1     14.02                       14.06   -0.04  24.98

SNOWFALL
(INCHES)
 TODAY             0.0           16.7  1967    1.1    -1.1    0.0
 MONTH TO DATE     0.0                         1.1    -1.1    0.0
 SINCE DEC 1       3.5                        55.4   -51.9   58.1
 SINCE JUL 1       8.8                        76.1   -67.3   67.3
 SNOW DEPTH (IN)     T                                          0

DEGREE DAYS
 HEATING
  TODAY             33                          36      -3     37
  MONTH TO DATE     33                          36      -3     37
  SINCE DEC 1     1909                        2277    -368   2088
  SINCE JUL 1     4589                        5175    -586   4698

 COOLING
  TODAY              0                           0       0      0
  MONTH TO DATE      0                           0       0      0
  SINCE DEC 1        0                           0       0      0
  SINCE JAN 1        0                           0       0      0
...................................................................

WIND (MPH)
 HIGHEST WIND SPEED    18     HIGHEST WIND DIRECTION     90
 HIGHEST GUST SPEED    26     HIGHEST GUST DIRECTION    100
 AVERAGE WIND SPEED    MM

SKY COVER
  POSSIBLE SUNSHINE  MM            AVERAGE SKY COVER MM

WEATHER CONDITIONS
 THE FOLLOWING WEATHER WAS RECORDED TODAY.
NO SIGNIFICANT WEATHER WAS OBSERVED.

RELATIVE HUMIDITY
 HIGHEST RH     MM PERCENT       MM
 LOWEST  RH     MM PERCENT       MM
 AVERAGE RH     MM PERCENT       MM
...................................................................

THE YAKUTAT CLIMATE NORMALS FOR TOMORROW
                        NORMAL    RECORD   YEAR
 MAXIMUM TEMPERATURE      35        45     2011
 MINIMUM TEMPERATURE      23       -17     1989

SUNRISE AND SUNSET
 FEB 1 2015..........SUNRISE  8:30 AM      SUNSET  4:36 PM
 FEB 2 2015..........SUNRISE  8:28 AM      SUNSET  4:39 PM

-  INDICATES NEGATIVE NUMBERS.
R  INDICATES RECORD HAS BEEN SET OR TIED.
MM INDICATES DATA IS MISSING.
T  INDICATES TRACE OF PRECIPITATION.

&&
-------------------------------------------------------------------

AMOUNT OF DAYLIGHT TODAY  (HOUR:MIN)........8 HOURS 6 MINUTES
GAIN/LOSS SINCE YESTERDAY (HOUR:MIN:SEC)....+0:04:49

$$
*** FEB 15
