000
CDAK47 PAYA 130002
CLIYAK

CLIMATE REPORT
NATIONAL WEATHER SERVICE YAKUTAT, AK
302 PM AKST FRI FEB 12 2016

...................................
...THE YAKUTAT AP CLIMATE SUMMARY FOR FEBRUARY 12 2016...
VALID TODAY AS OF 2:00 PM LOCAL TIME

CLIMATE NORMAL PERIOD  1981 TO  2010
CLIMATE RECORD PERIOD  1948 TO  2016

WEATHER ITEM   OBSERVED TIME    RECORD YEAR NORMAL DEPARTURE LAST
               VALUE    (LST)   VALUE       VALUE  FROM      YEAR
                                                   NORMAL
...................................................................
TEMPERATURE
TODAY
 MAXIMUM            45  1200 AM    48  1986     36       9     42
 MINIMUM            39  0353 AM   -11  1979     23      16     31
 AVERAGE            42                          30      12     37

PRECIPITATION
(INCHES)
 TODAY            0.37           1.83  1965   0.40   -0.03   0.09
 MONTH TO DATE    3.76                        4.58   -0.82   1.42
 SINCE DEC 1     28.13                       34.52   -6.39  27.49
 SINCE JAN 1     18.18                       18.24   -0.06  15.44

SNOWFALL
(INCHES)
 TODAY             0.0            9.8  1972    0.9    -0.9    0.0
 MONTH TO DATE     1.1                        12.6   -11.5    4.0
 SINCE DEC 1      25.3                        66.9   -41.6    7.5
 SINCE JUL 1      48.1                        87.6   -39.5   12.8
 SNOW DEPTH (IN)     0                                          T

DEGREE DAYS
 HEATING
  TODAY             23                          35     -12     28
  MONTH TO DATE    329                         431    -102    468
  SINCE DEC 1     2243                        2672    -429   2344
  SINCE JUL 1     4864                        5570    -706   5024

 COOLING
  TODAY              0                           0       0      0
  MONTH TO DATE      0                           0       0      0
  SINCE DEC 1        0                           0       0      0
  SINCE JAN 1        0                           0       0      0
...................................................................

WIND (MPH)
 HIGHEST WIND SPEED    25     HIGHEST WIND DIRECTION    130
 HIGHEST GUST SPEED    37     HIGHEST GUST DIRECTION    140
 AVERAGE WIND SPEED    MM

SKY COVER
  POSSIBLE SUNSHINE  MM            AVERAGE SKY COVER MM

WEATHER CONDITIONS
 THE FOLLOWING WEATHER WAS RECORDED TODAY.
FOG
RAIN


RELATIVE HUMIDITY
 HIGHEST RH     MM PERCENT       MM
 LOWEST  RH     MM PERCENT       MM
 AVERAGE RH     MM PERCENT       MM
...................................................................

THE YAKUTAT CLIMATE NORMALS FOR TOMORROW
                        NORMAL    RECORD   YEAR
 MAXIMUM TEMPERATURE      36        50     2004
 MINIMUM TEMPERATURE      23        -8     1979

SUNRISE AND SUNSET
 FEB 12 2016..........SUNRISE  8:04 AM      SUNSET  5:04 PM
 FEB 13 2016..........SUNRISE  8:01 AM      SUNSET  5:06 PM

-  INDICATES NEGATIVE NUMBERS.
R  INDICATES RECORD HAS BEEN SET OR TIED.
MM INDICATES DATA IS MISSING.
T  INDICATES TRACE OF PRECIPITATION.

&&
-------------------------------------------------------------------

AMOUNT OF DAYLIGHT TODAY  (HOUR:MIN)........9 HOURS 0 MINUTES
GAIN/LOSS SINCE YESTERDAY (HOUR:MIN:SEC)....+0:05:09

$$
DC FEB 16
