269
CDAK47 PAJK 251232
CLIYAK
CLIMATE REPORT
NATIONAL WEATHER SERVICE JUNEAU, AK
327 AM AKST SUN FEB 25 2018


...................................

...THE YAKUTAT CLIMATE SUMMARY FOR FEBRUARY 24 2018...

CLIMATE NORMAL PERIOD 1981 TO 2010
CLIMATE RECORD PERIOD 1917 TO 2018


WEATHER ITEM   OBSERVED RECORD YEAR NORMAL DEPARTURE LAST
                VALUE   VALUE       VALUE  FROM      YEAR
                                           NORMAL
...........................................................
TEMPERATURE (F)
 YESTERDAY
  MAXIMUM         35     48    1963  37     -2       34
  MINIMUM         23     -3    2002  23      0       14
                               1996
                               1994
  AVERAGE         29                 30     -1       24

PRECIPITATION (IN)
  YESTERDAY        0.25   4.32 1945   0.40  -0.15     0.13
  MONTH TO DATE    2.72               9.23  -6.51     7.68
  SINCE JAN 1     13.33              22.89  -9.56    21.07

DEGREE DAYS
 HEATING
  YESTERDAY       36                 35      1       41
  MONTH TO DATE  918                851     67      850
...........................................................


WIND (MPH)
  HIGHEST WIND SPEED    15   HIGHEST WIND DIRECTION    NE (40)
  HIGHEST GUST SPEED    18   HIGHEST GUST DIRECTION     E (80)
  AVERAGE WIND SPEED     5.8


SKY COVER
  AVERAGE SKY COVER 0.9


WEATHER CONDITIONS
 THE FOLLOWING WEATHER WAS RECORDED YESTERDAY.
  SNOW
  LIGHT SNOW
  FOG
  FOG W/VISIBILITY <= 1/4 MILE


..........................................................


THE YAKUTAT CLIMATE NORMALS FOR TODAY
                         NORMAL    RECORD    YEAR
 MAXIMUM TEMPERATURE (F)   37        55      1930
 MINIMUM TEMPERATURE (F)   23        -7      1994


SUNRISE AND SUNSET
FEBRUARY 25 2018......SUNRISE   727 AM AKST  SUNSET   538 PM AKST
FEBRUARY 26 2018......SUNRISE   724 AM AKST  SUNSET   540 PM AKST


-  INDICATES NEGATIVE NUMBERS.
R  INDICATES RECORD WAS SET OR TIED.
MM INDICATES DATA IS MISSING.
T  INDICATES TRACE AMOUNT.




$$
--------------------------------------------------------------

AMOUNT OF DAYLIGHT TODAY (HOUR:MIN)......... 10 HOURS 11 MINUTES
GAIN/LOSS SINCE YESTERDAY (HOUR:MIN:SEC).... +0:05:19

$$
