072
CDAK47 PAYA 280010
CLIYAK

CLIMATE REPORT
NATIONAL WEATHER SERVICE YAKUTAT, AK
410 PM AKDT WED JUL 27 2016

...................................
...THE YAKUTAT AP CLIMATE SUMMARY FOR JULY 27 2016...
VALID TODAY AS OF 2:00 PM LOCAL TIME

CLIMATE NORMAL PERIOD  1981 TO  2010
CLIMATE RECORD PERIOD  1948 TO  2016

WEATHER ITEM   OBSERVED TIME    RECORD YEAR NORMAL DEPARTURE LAST
               VALUE    (LST)   VALUE       VALUE  FROM      YEAR
                                                   NORMAL
...................................................................
TEMPERATURE
TODAY
 MAXIMUM            58  0159 PM    75  1970     61      -3     57
 MINIMUM            53  0135 AM    40  1956     50       3     53
 AVERAGE            56                          55       1     55

PRECIPITATION
(INCHES)
 TODAY            1.45           2.94  1937   0.30    1.15   1.84
 MONTH TO DATE    6.65                        6.53    0.12  10.74
 SINCE JUN 1     12.19                       12.92   -0.73  19.39
 SINCE JAN 1     63.75                       65.88   -2.13  69.97

SNOWFALL
(INCHES)
 TODAY             0.0            0.0  2016    0.0     0.0    0.0
 MONTH TO DATE     0.0                         0.0     0.0    0.0
 SINCE JUN 1       0.0                         0.0     0.0    0.0
 SINCE JUL 1       0.0                         0.0     0.0    0.0
 SNOW DEPTH (IN)     0                                          0

DEGREE DAYS
 HEATING
  TODAY              9                          10      -1     10
  MONTH TO DATE    193                         292     -99    228
  SINCE JUN 1      520                         718    -198    562
  SINCE JUL 1      193                         292     -99    228

 COOLING
  TODAY              0                           0       0      0
  MONTH TO DATE      0                           0       0      0
  SINCE JUN 1        0                           0       0      0
  SINCE JAN 1        0                           0       0      0
...................................................................

WIND (MPH)
 HIGHEST WIND SPEED    13     HIGHEST WIND DIRECTION     90
 HIGHEST GUST SPEED    18     HIGHEST GUST DIRECTION     90
 AVERAGE WIND SPEED   0.0

SKY COVER
  POSSIBLE SUNSHINE  MM            AVERAGE SKY COVER MM

WEATHER CONDITIONS
 THE FOLLOWING WEATHER WAS RECORDED TODAY.
FOG
RAIN


RELATIVE HUMIDITY
 HIGHEST RH     MM PERCENT       MM
 LOWEST  RH     MM PERCENT       MM
 AVERAGE RH     MM PERCENT       MM
...................................................................

THE YAKUTAT CLIMATE NORMALS FOR TOMORROW
                        NORMAL    RECORD   YEAR
 MAXIMUM TEMPERATURE      61        72     1996
 MINIMUM TEMPERATURE      50        39     1986

SUNRISE AND SUNSET
 JUL 27 2016..........SUNRISE  4:53 AM      SUNSET  9:56 PM
 JUL 28 2016..........SUNRISE  4:56 AM      SUNSET  9:54 PM

-  INDICATES NEGATIVE NUMBERS.
R  INDICATES RECORD HAS BEEN SET OR TIED.
MM INDICATES DATA IS MISSING.
T  INDICATES TRACE OF PRECIPITATION.

&&
-------------------------------------------------------------------

AMOUNT OF DAYLIGHT TODAY  (HOUR:MIN)........17 HOURS 3 MINUTES
GAIN/LOSS SINCE YESTERDAY (HOUR:MIN:SEC)....-0:04:28

$$
TR JUL 16
