000
CDUS46 KPDT 130829 RRA
CLIYKM

CLIMATE REPORT
NATIONAL WEATHER SERVICE PENDLETON OR
1226 AM PST SAT FEB 13 2016


...................................

...THE YAKIMA WA CLIMATE SUMMARY FOR FEBRUARY 12 2016...

CLIMATE NORMAL PERIOD 1981 TO 2010
CLIMATE RECORD PERIOD 1946 TO 2016


WEATHER ITEM   OBSERVED TIME   RECORD YEAR NORMAL DEPARTURE LAST
                VALUE   (LST)  VALUE       VALUE  FROM      YEAR
                                                  NORMAL
..................................................................
TEMPERATURE (F)
 YESTERDAY
  MAXIMUM         48    330 PM  67    1977  45      3       61
  MINIMUM         37   1028 PM   3    1949  26     11       35
  AVERAGE         43                        36      7       48

PRECIPITATION (IN)
  YESTERDAY        0.01          0.22 1979   0.03  -0.02     0.00
  MONTH TO DATE    0.21                      0.35  -0.14     0.45
  SINCE OCT 1      7.17                      4.61   2.56     3.25
  SINCE JAN 1      2.52                      1.49   1.03     1.15

SNOWFALL (IN)
  YESTERDAY        0.0           1.5  1950   0.1   -0.1      0.0
  MONTH TO DATE    0.8                       1.3   -0.5      0.0
  SINCE JAN 1     12.5                       6.6    5.9      1.6
  SINCE JUL 1     31.4                      19.6   11.8      1.6
  SNOW DEPTH       0

DEGREE DAYS
 HEATING
  YESTERDAY       22                        30     -8       17
  MONTH TO DATE  308                       365    -57      249
  SINCE DEC 1   2306                      2550   -244     2073
  SINCE JUL 1   3420                      4083   -663     3257

 COOLING
  YESTERDAY        0                         0      0        0
  MONTH TO DATE    0                         0      0        0
  SINCE DEC 1      0                         0      0        0
  SINCE JAN 1      0                         0      0        0
..................................................................


WIND (MPH)
  HIGHEST WIND SPEED     9   HIGHEST WIND DIRECTION     W (290)
  HIGHEST GUST SPEED    11   HIGHEST GUST DIRECTION    NW (310)
  AVERAGE WIND SPEED     3.2


SKY COVER
  POSSIBLE SUNSHINE  MM
  AVERAGE SKY COVER 0.8


WEATHER CONDITIONS
 THE FOLLOWING WEATHER WAS RECORDED YESTERDAY.
  LIGHT RAIN
  FOG
  FOG W/VISIBILITY <= 1/4 MILE
  HAZE


RELATIVE HUMIDITY (PERCENT)
 HIGHEST    89           600 PM
 LOWEST     82           800 AM
 AVERAGE    86

..........................................................


THE YAKIMA WA CLIMATE NORMALS FOR TODAY
                         NORMAL    RECORD    YEAR
 MAXIMUM TEMPERATURE (F)   46        63      1971
 MINIMUM TEMPERATURE (F)   26        -2      1949


SUNRISE AND SUNSET
FEBRUARY 13 2016......SUNRISE   709 AM PST   SUNSET   524 PM PST
FEBRUARY 14 2016......SUNRISE   708 AM PST   SUNSET   525 PM PST


-  INDICATES NEGATIVE NUMBERS.
R  INDICATES RECORD WAS SET OR TIED.
MM INDICATES DATA IS MISSING.
T  INDICATES TRACE AMOUNT.




$$
