204
CDUS46 KPDT 300832 RRA
CLIYKM

CLIMATE REPORT
NATIONAL WEATHER SERVICE PENDLETON OR
130 AM PDT MON MAY 30 2016


...................................

...THE YAKIMA WA CLIMATE SUMMARY FOR MAY 29 2016...

CLIMATE NORMAL PERIOD 1981 TO 2010
CLIMATE RECORD PERIOD 1946 TO 2016


WEATHER ITEM   OBSERVED TIME   RECORD YEAR NORMAL DEPARTURE LAST
                VALUE   (LST)  VALUE       VALUE  FROM      YEAR
                                                  NORMAL
..................................................................
TEMPERATURE (F)
 YESTERDAY
  MAXIMUM         79    115 PM 101    1983  76      3       91
  MINIMUM         44    402 AM  29    2001  45     -1       58
  AVERAGE         62                        60      2       75

PRECIPITATION (IN)
  YESTERDAY        0.00          0.31 2013   0.02  -0.02     0.00
  MONTH TO DATE    0.64                      0.54   0.10     1.80
  SINCE OCT 1     10.10                      6.75   3.35     6.32
  SINCE JAN 1      5.45                      3.63   1.82     4.22

SNOWFALL (IN)
  YESTERDAY        0.0           0.0  2002   0.0    0.0      0.0
                                      2001
                                      2000
  MONTH TO DATE    0.0                       0.0    0.0      0.0
  SINCE JAN 1     12.5                       8.6    3.9      1.6
  SINCE JUL 1     31.4                      21.6    9.8      1.6
  SNOW DEPTH       0

DEGREE DAYS
 HEATING
  YESTERDAY        3                         6     -3        0
  MONTH TO DATE   78                       251   -173       86
  SINCE MAR 1    833                      1406   -573      925
  SINCE JUL 1   4583                      5933  -1350     4507

 COOLING
  YESTERDAY        0                         1     -1       10
  MONTH TO DATE   33                        18     15       74
  SINCE MAR 1     39                        19     20       74
  SINCE JAN 1     39                        19     20       74
..................................................................


WIND (MPH)
  HIGHEST WIND SPEED    24   HIGHEST WIND DIRECTION     W (290)
  HIGHEST GUST SPEED    31   HIGHEST GUST DIRECTION     W (260)
  AVERAGE WIND SPEED     8.4


SKY COVER
  POSSIBLE SUNSHINE  MM
  AVERAGE SKY COVER 0.1


WEATHER CONDITIONS
 THE FOLLOWING WEATHER WAS RECORDED YESTERDAY.
  NO SIGNIFICANT WEATHER WAS OBSERVED.


RELATIVE HUMIDITY (PERCENT)
 HIGHEST    80           100 AM
 LOWEST     24           200 PM
 AVERAGE    52

..........................................................


THE YAKIMA WA CLIMATE NORMALS FOR TODAY
                         NORMAL    RECORD    YEAR
 MAXIMUM TEMPERATURE (F)   76       102      1986
 MINIMUM TEMPERATURE (F)   46        33      1988


SUNRISE AND SUNSET
MAY 30 2016...........SUNRISE   514 AM PDT   SUNSET   846 PM PDT
MAY 31 2016...........SUNRISE   513 AM PDT   SUNSET   847 PM PDT


-  INDICATES NEGATIVE NUMBERS.
R  INDICATES RECORD WAS SET OR TIED.
MM INDICATES DATA IS MISSING.
T  INDICATES TRACE AMOUNT.

$$
