176
CDUS46 KPDT 170854
CLIYKM

CLIMATE REPORT
NATIONAL WEATHER SERVICE PENDLETON OR
1254 AM PST WED JAN 17 2018

...................................

...THE YAKIMA WA CLIMATE SUMMARY FOR JANUARY 16 2018...

CLIMATE NORMAL PERIOD 1981 TO 2010
CLIMATE RECORD PERIOD 1946 TO 2018


WEATHER ITEM   OBSERVED TIME   RECORD YEAR NORMAL DEPARTURE LAST
                VALUE   (LST)  VALUE       VALUE  FROM      YEAR
                                                  NORMAL
..................................................................
TEMPERATURE (F)
 YESTERDAY
  MAXIMUM         49    112 PM  60    2011  39     10       20
  MINIMUM         33    905 PM -14    1950  23     10       11
  AVERAGE         41                        31     10       16

PRECIPITATION (IN)
  YESTERDAY        0.12          0.67 1954   0.03   0.09      T
  MONTH TO DATE    0.63                      0.65  -0.02     1.08
  SINCE OCT 1      2.92                      3.77  -0.85     5.00
  SINCE JAN 1      0.63                      0.65  -0.02     1.08

SNOWFALL (IN)
  YESTERDAY        0.0           6.9  1954   0.2   -0.2      0.1
  MONTH TO DATE    0.0                       3.4   -3.4     13.5
  SINCE JAN 1      0.0                       3.4   -3.4     13.5
  SINCE JUL 1      1.6                      16.4  -14.8     20.9
  SNOW DEPTH       0

DEGREE DAYS
 HEATING
  YESTERDAY       24                        34    -10       49
  MONTH TO DATE  442                       568   -126      775
  SINCE DEC 1   1459                      1698   -239     1976
  SINCE JUL 1   2728                      3231   -503     2995

 COOLING
  YESTERDAY        0                         0      0        0
  MONTH TO DATE    0                         0      0        0
  SINCE DEC 1      0                         0      0        0
  SINCE JAN 1      0                         0      0        0
..................................................................


WIND (MPH)
  HIGHEST WIND SPEED     9   HIGHEST WIND DIRECTION     W (270)
  HIGHEST GUST SPEED    11   HIGHEST GUST DIRECTION     W (270)
  AVERAGE WIND SPEED     3.1


SKY COVER
  POSSIBLE SUNSHINE  MM
  AVERAGE SKY COVER 0.7


WEATHER CONDITIONS
 THE FOLLOWING WEATHER WAS RECORDED YESTERDAY.
  LIGHT RAIN
  FOG


RELATIVE HUMIDITY (PERCENT)
 HIGHEST    93           900 AM
 LOWEST     76           100 PM
 AVERAGE    85

..........................................................


THE YAKIMA WA CLIMATE NORMALS FOR TODAY
                         NORMAL    RECORD    YEAR
 MAXIMUM TEMPERATURE (F)   39        61      2011
 MINIMUM TEMPERATURE (F)   24       -18      1950


SUNRISE AND SUNSET
JANUARY 17 2018.......SUNRISE   740 AM PST   SUNSET   445 PM PST
JANUARY 18 2018.......SUNRISE   740 AM PST   SUNSET   446 PM PST


-  INDICATES NEGATIVE NUMBERS.
R  INDICATES RECORD WAS SET OR TIED.
MM INDICATES DATA IS MISSING.
T  INDICATES TRACE AMOUNT.

$$
