000
CDUS46 KPDT 220846
CLIYKM

CLIMATE REPORT
NATIONAL WEATHER SERVICE PENDLETON OR
1246 AM PST MON DEC 22 2014


...................................

...THE YAKIMA WA CLIMATE SUMMARY FOR DECEMBER 21 2014...

CLIMATE NORMAL PERIOD 1981 TO 2010
CLIMATE RECORD PERIOD 1946 TO 2014


WEATHER ITEM   OBSERVED TIME   RECORD YEAR NORMAL DEPARTURE LAST
                VALUE   (LST)  VALUE       VALUE  FROM      YEAR
                                                  NORMAL
..................................................................
TEMPERATURE (F)
 YESTERDAY
  MAXIMUM         59R   100 PM  57    1974  34     25       41
  MINIMUM         39   1200 AM  -9    1990  21     18       18
  AVERAGE         49                        28     21       30

PRECIPITATION (IN)
  YESTERDAY        0.03          1.29 1964   0.05  -0.02     0.00
  MONTH TO DATE    0.86                      1.04  -0.18     0.32
  SINCE OCT 1      2.04                      2.63  -0.59     0.83
  SINCE JAN 1      6.46                      7.76  -1.30     5.49

SNOWFALL (IN)
  YESTERDAY        0.0          13.6  1964   0.3   -0.3      0.0
  MONTH TO DATE    0.0                       6.3   -6.3       T
  SINCE JAN 1     19.9                      18.5    1.4      1.1
  SINCE JUL 1      T                         9.9   -9.9       T
  SNOW DEPTH       0

DEGREE DAYS
 HEATING
  YESTERDAY       16                        38    -22       35
  MONTH TO DATE  583                       755   -172      811
  SINCE DEC 1    583                       755   -172      811
  SINCE JUL 1   1767                      2288   -521     2227

 COOLING
  YESTERDAY        0                         0      0        0
  MONTH TO DATE    0                         0      0        0
  SINCE DEC 1      0                         0      0        0
  SINCE JAN 1    871                       472    399      970
..................................................................


WIND (MPH)
  HIGHEST WIND SPEED    21   HIGHEST WIND DIRECTION     W (270)
  HIGHEST GUST SPEED    37   HIGHEST GUST DIRECTION     W (270)
  AVERAGE WIND SPEED    10.9


SKY COVER
  POSSIBLE SUNSHINE  MM
  AVERAGE SKY COVER 0.3


WEATHER CONDITIONS
 THE FOLLOWING WEATHER WAS RECORDED YESTERDAY.
  LIGHT RAIN
  FOG


RELATIVE HUMIDITY (PERCENT)
 HIGHEST    89           100 AM
 LOWEST     40           100 PM
 AVERAGE    65

..........................................................


THE YAKIMA WA CLIMATE NORMALS FOR TODAY
                         NORMAL    RECORD    YEAR
 MAXIMUM TEMPERATURE (F)   34        56      1949
 MINIMUM TEMPERATURE (F)   21       -10      1983


SUNRISE AND SUNSET
DECEMBER 22 2014......SUNRISE   744 AM PST   SUNSET   418 PM PST
DECEMBER 23 2014......SUNRISE   744 AM PST   SUNSET   418 PM PST


-  INDICATES NEGATIVE NUMBERS.
R  INDICATES RECORD WAS SET OR TIED.
MM INDICATES DATA IS MISSING.
T  INDICATES TRACE AMOUNT.


$$
