000
CDUS46 KPDT 060853 RRB
CLIYKM

CLIMATE REPORT
NATIONAL WEATHER SERVICE PENDLETON OR
1235 AM PST TUE DEC 6 2016


...................................

...THE YAKIMA WA CLIMATE SUMMARY FOR DECEMBER 5 2016...

CLIMATE NORMAL PERIOD 1981 TO 2010
CLIMATE RECORD PERIOD 1946 TO 2016


WEATHER ITEM   OBSERVED TIME   RECORD YEAR NORMAL DEPARTURE LAST
                VALUE   (LST)  VALUE       VALUE  FROM      YEAR
                                                  NORMAL
..................................................................
TEMPERATURE (F)
 YESTERDAY
  MAXIMUM         35   1158 PM  58    1991  38     -3       37
  MINIMUM         18    654 AM   1    1984  22     -4       22
  AVERAGE         27                        30     -3       30

PRECIPITATION (IN)
  YESTERDAY        T             0.35 1956   0.05  -0.05     0.08
  MONTH TO DATE    T                         0.25  -0.25     0.46
  SINCE OCT 1      3.05                      1.84   1.21     1.64
  SINCE JAN 1      9.11                      6.97   2.14     5.95

SNOWFALL (IN)
  YESTERDAY       MM             4.5  1956   0.3   MM        0.0
  MONTH TO DATE    0.0                       1.4   -1.4      1.3
  SINCE JAN 1     12.5                      13.6   -1.1      5.9
  SINCE JUL 1      T                         5.0   -5.0      4.3
  SNOW DEPTH       0

DEGREE DAYS
 HEATING
  YESTERDAY       38                        35      3       35
  MONTH TO DATE  148                       170    -22      172
  SINCE DEC 1    148                       170    -22      172
  SINCE JUL 1   1167                      1703   -536     1286

 COOLING
  YESTERDAY        0                         0      0        0
  MONTH TO DATE    0                         0      0        0
  SINCE DEC 1      0                         0      0        0
  SINCE JAN 1    774                       472    302     1094
..................................................................


WIND (MPH)
  HIGHEST WIND SPEED     9   HIGHEST WIND DIRECTION     W (270)
  HIGHEST GUST SPEED    11   HIGHEST GUST DIRECTION     W (260)
  AVERAGE WIND SPEED     3.5


SKY COVER
  POSSIBLE SUNSHINE  MM
  AVERAGE SKY COVER 0.5


WEATHER CONDITIONS
 THE FOLLOWING WEATHER WAS RECORDED YESTERDAY.
  LIGHT SNOW


RELATIVE HUMIDITY (PERCENT)
 HIGHEST    84           200 AM
 LOWEST     63          1200 AM
 AVERAGE    74

..........................................................


THE YAKIMA WA CLIMATE NORMALS FOR TODAY
                         NORMAL    RECORD    YEAR
 MAXIMUM TEMPERATURE (F)   38        55      1999
 MINIMUM TEMPERATURE (F)   22         0      1984


SUNRISE AND SUNSET
DECEMBER  6 2016......SUNRISE   732 AM PST   SUNSET   415 PM PST
DECEMBER  7 2016......SUNRISE   733 AM PST   SUNSET   415 PM PST


-  INDICATES NEGATIVE NUMBERS.
R  INDICATES RECORD WAS SET OR TIED.
MM INDICATES DATA IS MISSING.
T  INDICATES TRACE AMOUNT.




$$
