000
CDUS46 KPDT 230838
CLIYKM

CLIMATE REPORT
NATIONAL WEATHER SERVICE PENDLETON OR
138 AM PDT WED APR 23 2014


...................................

...THE YAKIMA WA CLIMATE SUMMARY FOR APRIL 22 2014...

CLIMATE NORMAL PERIOD 1981 TO 2010
CLIMATE RECORD PERIOD 1946 TO 2014


WEATHER ITEM   OBSERVED TIME   RECORD YEAR NORMAL DEPARTURE LAST
                VALUE   (LST)  VALUE       VALUE  FROM      YEAR
                                                  NORMAL
..................................................................
TEMPERATURE (F)
 YESTERDAY
  MAXIMUM         61    139 PM  84    2012  65     -4       63
  MINIMUM         44    829 PM  24    2011  35      9       28
  AVERAGE         53                        50      3       46

PRECIPITATION (IN)
  YESTERDAY        0.20          0.57 1961   0.02   0.18     0.00
  MONTH TO DATE    0.45                      0.39   0.06     0.40
  SINCE OCT 1      3.61                      6.05  -2.44     5.10
  SINCE JAN 1      2.78                      2.93  -0.15     1.30

SNOWFALL (IN)
  YESTERDAY        0.0           0.0  2002   0.0    0.0      0.0
                                      2001
                                      2000
  MONTH TO DATE    0.0                       0.0    0.0      0.0
  SINCE JAN 1     19.9                       8.6   11.3      1.1
  SINCE JUL 1     19.9                      21.6   -1.7     15.3
  SNOW DEPTH       0

DEGREE DAYS
 HEATING
  YESTERDAY       12                        15     -3       19
  MONTH TO DATE  274                       368    -94      318
  SINCE MAR 1    908                      1045   -137      913
  SINCE JUL 1   5310                      5572   -262     4876

 COOLING
  YESTERDAY        0                         0      0        0
  MONTH TO DATE    0                         0      0        0
  SINCE MAR 1      0                         0      0        0
  SINCE JAN 1      0                         0      0        0
..................................................................


WIND (MPH)
  HIGHEST WIND SPEED    28   HIGHEST WIND DIRECTION     W (290)
  HIGHEST GUST SPEED    37   HIGHEST GUST DIRECTION     W (280)
  AVERAGE WIND SPEED    12.5


SKY COVER
  POSSIBLE SUNSHINE  MM
  AVERAGE SKY COVER 0.5


WEATHER CONDITIONS
 THE FOLLOWING WEATHER WAS RECORDED YESTERDAY.
  LIGHT RAIN


RELATIVE HUMIDITY (PERCENT)
 HIGHEST    93           600 AM
 LOWEST     24          1200 PM
 AVERAGE    59

..........................................................


THE YAKIMA WA CLIMATE NORMALS FOR TODAY
                         NORMAL    RECORD    YEAR
 MAXIMUM TEMPERATURE (F)   66        90      2012
 MINIMUM TEMPERATURE (F)   36        25      2011
                                             1992


SUNRISE AND SUNSET
APRIL 23 2014.........SUNRISE   601 AM PDT   SUNSET   801 PM PDT
APRIL 24 2014.........SUNRISE   559 AM PDT   SUNSET   802 PM PDT


-  INDICATES NEGATIVE NUMBERS.
R  INDICATES RECORD WAS SET OR TIED.
MM INDICATES DATA IS MISSING.
T  INDICATES TRACE AMOUNT.


$$
