907
CDUS41 KCLE 250538
CLIYNG


CLIMATE REPORT
NATIONAL WEATHER SERVICE CLEVELAND OH
127 AM EDT TUE JUL 25 2017


...................................

...THE YOUNGSTOWN OH CLIMATE SUMMARY FOR JULY 24 2017...

CLIMATE NORMAL PERIOD 1981 TO 2010
CLIMATE RECORD PERIOD 1897 TO 2017


WEATHER ITEM   OBSERVED TIME   RECORD YEAR NORMAL DEPARTURE LAST
                VALUE   (LST)  VALUE       VALUE  FROM      YEAR
                                                  NORMAL
..................................................................
TEMPERATURE (F)
 YESTERDAY
  MAXIMUM         75   1058 AM 100    1934  81     -6       88
  MINIMUM         63   1159 PM  49    1953  60      3       61
  AVERAGE         69                        71     -2       75

PRECIPITATION (IN)
  YESTERDAY        0.00                      0.14  -0.14     0.24
  MONTH TO DATE    2.54                      3.39  -0.85     2.98
  SINCE JUN 1      9.38                      7.27   2.11     5.92
  SINCE JAN 1     30.68                     22.06   8.62    21.02

SNOWFALL (IN)
  YESTERDAY        0.0                       0.0    0.0      0.0
  MONTH TO DATE    0.0                       0.0    0.0      0.0
  SINCE JUN 1      0.0                       0.0    0.0      0.0
  SINCE JUL 1      0.0                       0.0    0.0      0.0
  SNOW DEPTH       0

DEGREE DAYS
 HEATING
  YESTERDAY        0                         0      0        0
  MONTH TO DATE    0                         8     -8        6
  SINCE JUN 1     44                        77    -33       40
  SINCE JUL 1      0                         8     -8        6

 COOLING
  YESTERDAY        4                         6     -2       10
  MONTH TO DATE  181                       144     37      191
  SINCE JUN 1    335                       254     81      333
  SINCE JAN 1    384                       293     91      388
..................................................................


WIND (MPH)
  HIGHEST WIND SPEED    22   HIGHEST WIND DIRECTION    NW (320)
  HIGHEST GUST SPEED    27   HIGHEST GUST DIRECTION    NW (320)
  AVERAGE WIND SPEED    10.0


SKY COVER
  POSSIBLE SUNSHINE  MM
  AVERAGE SKY COVER 0.8


WEATHER CONDITIONS
 THE FOLLOWING WEATHER WAS RECORDED YESTERDAY.
  FOG
  FOG W/VISIBILITY <= 1/4 MILE


RELATIVE HUMIDITY (PERCENT)
 HIGHEST   100           500 AM
 LOWEST     61           300 PM
 AVERAGE    81

..........................................................


THE YOUNGSTOWN OH CLIMATE NORMALS FOR TODAY
                         NORMAL    RECORD    YEAR
 MAXIMUM TEMPERATURE (F)   81        97      1934
 MINIMUM TEMPERATURE (F)   60        44      1953


SUNRISE AND SUNSET
JULY 25 2017..........SUNRISE   612 AM EDT   SUNSET   846 PM EDT
JULY 26 2017..........SUNRISE   612 AM EDT   SUNSET   845 PM EDT


-  INDICATES NEGATIVE NUMBERS.
R  INDICATES RECORD WAS SET OR TIED.
MM INDICATES DATA IS MISSING.
T  INDICATES TRACE AMOUNT.




$$
