000
CDUS41 KCLE 290545
CLIYNG


CLIMATE REPORT
NATIONAL WEATHER SERVICE CLEVELAND OH
145 AM EDT MON AUG 29 2016


...................................

...THE YOUNGSTOWN OH CLIMATE SUMMARY FOR AUGUST 28 2016...

CLIMATE NORMAL PERIOD 1981 TO 2010
CLIMATE RECORD PERIOD 1897 TO 2016


WEATHER ITEM   OBSERVED TIME   RECORD YEAR NORMAL DEPARTURE LAST
                VALUE   (LST)  VALUE       VALUE  FROM      YEAR
                                                  NORMAL
..................................................................
TEMPERATURE (F)
 YESTERDAY
  MAXIMUM         89    335 PM  96    1948  79     10       77
  MINIMUM         68   1053 PM  41    1982  57     11       49
  AVERAGE         79                        68     11       63

PRECIPITATION (IN)
  YESTERDAY        T                         0.10  -0.10     0.00
  MONTH TO DATE    3.71                      2.91   0.80     2.49
  SINCE JUN 1     11.88                     11.10   0.78    15.58
  SINCE JAN 1     26.98                     25.89   1.09    30.56

SNOWFALL (IN)
  YESTERDAY        0.0                       0.0    0.0      0.0
  MONTH TO DATE    0.0                       0.0    0.0      0.0
  SINCE JUN 1      0.0                       0.0    0.0      0.0
  SINCE JUL 1      0.0                       0.0    0.0      0.0
  SNOW DEPTH       0

DEGREE DAYS
 HEATING
  YESTERDAY        0                         1     -1        2
  MONTH TO DATE    0                        23    -23       22
  SINCE JUN 1     40                       105    -65       71
  SINCE JUL 1      6                        36    -30       29

 COOLING
  YESTERDAY       14                         4     10        0
  MONTH TO DATE  271                       142    129      130
  SINCE JUN 1    672                       437    235      425
  SINCE JAN 1    727                       476    251      537
..................................................................


WIND (MPH)
  HIGHEST WIND SPEED    20   HIGHEST WIND DIRECTION     W (290)
  HIGHEST GUST SPEED    25   HIGHEST GUST DIRECTION     W (270)
  AVERAGE WIND SPEED     3.8


SKY COVER
  POSSIBLE SUNSHINE  MM
  AVERAGE SKY COVER 0.5


WEATHER CONDITIONS
 THE FOLLOWING WEATHER WAS RECORDED YESTERDAY.
  THUNDERSTORM
  LIGHT RAIN


RELATIVE HUMIDITY (PERCENT)
 HIGHEST    93          1000 PM
 LOWEST     51           100 PM
 AVERAGE    72

..........................................................


THE YOUNGSTOWN OH CLIMATE NORMALS FOR TODAY
                         NORMAL    RECORD    YEAR
 MAXIMUM TEMPERATURE (F)   78        96      1991
 MINIMUM TEMPERATURE (F)   57        32      1982


SUNRISE AND SUNSET
AUGUST 29 2016........SUNRISE   647 AM EDT   SUNSET   759 PM EDT
AUGUST 30 2016........SUNRISE   648 AM EDT   SUNSET   758 PM EDT


-  INDICATES NEGATIVE NUMBERS.
R  INDICATES RECORD WAS SET OR TIED.
MM INDICATES DATA IS MISSING.
T  INDICATES TRACE AMOUNT.




$$
