000
CDUS41 KCLE 100531
CLIYNG


CLIMATE REPORT
NATIONAL WEATHER SERVICE CLEVELAND OH
1230 AM EST WED FEB 10 2016


...................................

...THE YOUNGSTOWN OH CLIMATE SUMMARY FOR FEBRUARY 9 2016...

CLIMATE NORMAL PERIOD 1981 TO 2010
CLIMATE RECORD PERIOD 1897 TO 2016


WEATHER ITEM   OBSERVED TIME   RECORD YEAR NORMAL DEPARTURE LAST
                VALUE   (LST)  VALUE       VALUE  FROM      YEAR
                                                  NORMAL
..................................................................
TEMPERATURE (F)
 YESTERDAY
  MAXIMUM         32    606 AM  70    1937  35     -3       31
  MINIMUM         26   1159 PM -16    1934  20      6       15
  AVERAGE         29                        27      2       23

PRECIPITATION (IN)
  YESTERDAY        0.07                      0.07   0.00     0.01
  MONTH TO DATE    1.16                      0.67   0.49     1.23
  SINCE DEC 1      6.76                      6.21   0.55     6.71
  SINCE JAN 1      2.57                      3.22  -0.65     4.39

SNOWFALL (IN)
  YESTERDAY        0.9                       0.4    0.5       T
  MONTH TO DATE    2.4                       4.1   -1.7     11.9
  SINCE DEC 1     15.0                      35.7  -20.7     41.9
  SINCE JUL 1     15.4                      40.1  -24.7     53.5
  SNOW DEPTH       T

DEGREE DAYS
 HEATING
  YESTERDAY       36                        38     -2       42
  MONTH TO DATE  263                       345    -82      373
  SINCE DEC 1   2152                      2639   -487     2649
  SINCE JUL 1   3154                      3968   -814     4059

 COOLING
  YESTERDAY        0                         0      0        0
  MONTH TO DATE    0                         0      0        0
  SINCE DEC 1      0                         0      0        0
  SINCE JAN 1      0                         0      0        0
..................................................................


WIND (MPH)
  HIGHEST WIND SPEED    21   HIGHEST WIND DIRECTION     W (260)
  HIGHEST GUST SPEED    26   HIGHEST GUST DIRECTION     W (260)
  AVERAGE WIND SPEED     9.1


SKY COVER
  POSSIBLE SUNSHINE  MM
  AVERAGE SKY COVER 1.0


WEATHER CONDITIONS
 THE FOLLOWING WEATHER WAS RECORDED YESTERDAY.
  LIGHT SNOW
  FOG


RELATIVE HUMIDITY (PERCENT)
 HIGHEST    92          1200 AM
 LOWEST     78          1100 AM
 AVERAGE    85

..........................................................


THE YOUNGSTOWN OH CLIMATE NORMALS FOR TODAY
                         NORMAL    RECORD    YEAR
 MAXIMUM TEMPERATURE (F)   35        62      1965
                                             1959
                                             1943
 MINIMUM TEMPERATURE (F)   20       -15      1934


SUNRISE AND SUNSET
FEBRUARY 10 2016......SUNRISE   724 AM EST   SUNSET   550 PM EST
FEBRUARY 11 2016......SUNRISE   723 AM EST   SUNSET   551 PM EST


-  INDICATES NEGATIVE NUMBERS.
R  INDICATES RECORD WAS SET OR TIED.
MM INDICATES DATA IS MISSING.
T  INDICATES TRACE AMOUNT.




$$
