000
CDUS41 KCLE 060546
CLIYNG


CLIMATE REPORT
NATIONAL WEATHER SERVICE CLEVELAND OH
145 AM EDT MON JUL 6 2015


...................................

...THE YOUNGSTOWN OH CLIMATE SUMMARY FOR JULY 5 2015...

CLIMATE NORMAL PERIOD 1981 TO 2010
CLIMATE RECORD PERIOD 1897 TO 2015


WEATHER ITEM   OBSERVED TIME   RECORD YEAR NORMAL DEPARTURE LAST
                VALUE   (LST)  VALUE       VALUE  FROM      YEAR
                                                  NORMAL
..................................................................
TEMPERATURE (F)
 YESTERDAY
  MAXIMUM         80    357 PM  97    1897  81     -1       77
  MINIMUM         52    247 AM  44    1979  59     -7       47
  AVERAGE         66                        70     -4       62

PRECIPITATION (IN)
  YESTERDAY        0.00                      0.14  -0.14     0.00
  MONTH TO DATE    0.20                      0.68  -0.48     0.68
  SINCE JUN 1      9.22                      4.56   4.66     5.48
  SINCE JAN 1     24.20                     19.35   4.85    20.57

SNOWFALL (IN)
  YESTERDAY        0.0                       0.0    0.0      0.0
  MONTH TO DATE    0.0                       0.0    0.0      0.0
  SINCE JUN 1      0.0                       0.0    0.0      0.0
  SINCE JUL 1      0.0                       0.0    0.0      0.0
  SNOW DEPTH       0

DEGREE DAYS
 HEATING
  YESTERDAY        0                         1     -1        3
  MONTH TO DATE    2                         5     -3        5
  SINCE JUN 1     44                        74    -30       33
  SINCE JUL 1      2                         5     -3        5

 COOLING
  YESTERDAY        1                         6     -5        0
  MONTH TO DATE    5                        30    -25       29
  SINCE JUN 1    115                       140    -25      182
  SINCE JAN 1    227                       179     48      237
..................................................................


WIND (MPH)
  HIGHEST WIND SPEED    12   HIGHEST WIND DIRECTION     E (110)
  HIGHEST GUST SPEED    14   HIGHEST GUST DIRECTION     E (90)
  AVERAGE WIND SPEED     5.0


SKY COVER
  POSSIBLE SUNSHINE  MM
  AVERAGE SKY COVER 0.6


WEATHER CONDITIONS
 THE FOLLOWING WEATHER WAS RECORDED YESTERDAY.
  FOG
  HAZE


RELATIVE HUMIDITY (PERCENT)
 HIGHEST    93          1200 AM
 LOWEST     39           100 PM
 AVERAGE    66

..........................................................


THE YOUNGSTOWN OH CLIMATE NORMALS FOR TODAY
                         NORMAL    RECORD    YEAR
 MAXIMUM TEMPERATURE (F)   81        98      1988
 MINIMUM TEMPERATURE (F)   59        43      1979


SUNRISE AND SUNSET
JULY  6 2015..........SUNRISE   556 AM EDT   SUNSET   858 PM EDT
JULY  7 2015..........SUNRISE   557 AM EDT   SUNSET   858 PM EDT


-  INDICATES NEGATIVE NUMBERS.
R  INDICATES RECORD WAS SET OR TIED.
MM INDICATES DATA IS MISSING.
T  INDICATES TRACE AMOUNT.




$$
