000
CDUS41 KPBZ 271222
CLIZZV


CLIMATE REPORT
NATIONAL WEATHER SERVICE PITTSBURGH PA
821 AM EDT THU AUG 27 2015


...................................

...THE ZANESVILLE OH CLIMATE SUMMARY FOR AUGUST 27 2015...
VALID AS OF 0800 AM LOCAL TIME.

CLIMATE NORMAL PERIOD 1981 TO 2010
CLIMATE RECORD PERIOD 1946 TO 2015


WEATHER ITEM   OBSERVED TIME   RECORD YEAR NORMAL DEPARTURE LAST
                VALUE   (LST)  VALUE       VALUE  FROM      YEAR
                                                  NORMAL
..................................................................
TEMPERATURE (F)
 TODAY
  MAXIMUM         60    138 AM  95    1953
  MINIMUM         52    630 AM  45    1958  59     -7       66

PRECIPITATION (IN)
  TODAY            0.00         MM      MM   0.10  -0.10     0.00
  MONTH TO DATE    0.76                      2.81  -2.05     3.12
  SINCE JUN 1     10.67                     10.64   0.03    13.47
  SINCE JAN 1     26.57                     26.10   0.47    27.80

DEGREE DAYS
 HEATING
  TODAY            9

 COOLING
  TODAY            0
..................................................................







THE ZANESVILLE OH CLIMATE NORMALS FOR TOMORROW
                         NORMAL    RECORD    YEAR
 MAXIMUM TEMPERATURE (F)   82        96      1953
 MINIMUM TEMPERATURE (F)   59        44      1986


SUNRISE AND SUNSET
AUGUST 27 2015........SUNRISE   650 AM EDT   SUNSET   807 PM EDT
AUGUST 28 2015........SUNRISE   651 AM EDT   SUNSET   806 PM EDT


-  INDICATES NEGATIVE NUMBERS.
R  INDICATES RECORD WAS SET OR TIED.
MM INDICATES DATA IS MISSING.
T  INDICATES TRACE AMOUNT.




$$
