000
CDUS41 KPBZ 182236
CLIZZV


CLIMATE REPORT
NATIONAL WEATHER SERVICE PITTSBURGH PA
535 PM EST WED JAN 18 2017


...................................

...THE ZANESVILLE OH CLIMATE SUMMARY FOR JANUARY 18 2017...
VALID TODAY AS OF 0500 PM LOCAL TIME.

CLIMATE NORMAL PERIOD 1981 TO 2010
CLIMATE RECORD PERIOD 1946 TO 2017


WEATHER ITEM   OBSERVED TIME   RECORD YEAR NORMAL DEPARTURE LAST
                VALUE   (LST)  VALUE       VALUE  FROM      YEAR
                                                  NORMAL
..................................................................
TEMPERATURE (F)
 TODAY
  MAXIMUM         48   1209 AM  66    1996  37     11       15
  MINIMUM         39   1039 AM -19    1994  20     19        7
  AVERAGE         44                        29     15       11

PRECIPITATION (IN)
  TODAY            T            MM      MM   0.08  -0.08      T
  MONTH TO DATE    1.79                      1.60   0.19     0.84
  SINCE JUN 1     20.41                     24.00  -3.59    23.17
  SINCE JAN 1      1.79                      1.60   0.19     0.84

DEGREE DAYS
 HEATING
  TODAY           21                        36    -15       54
  MONTH TO DATE  557                       648    -91      635
  SINCE DEC 1   1533                      1652   -119     1210
  SINCE JUL 1   2390                      2793   -403     2052

 COOLING
  TODAY            0                         0      0        0
  MONTH TO DATE    0                         0      0        0
  SINCE DEC 1      0                         0      0        0
  SINCE JAN 1      0                         0      0        0
..................................................................


WIND (MPH)
  HIGHEST WIND SPEED    16   HIGHEST WIND DIRECTION     W (290)
  HIGHEST GUST SPEED    24   HIGHEST GUST DIRECTION    NW (300)
  AVERAGE WIND SPEED     9.4


SKY COVER
  POSSIBLE SUNSHINE  MM
  AVERAGE SKY COVER 1.0


WEATHER CONDITIONS
 THE FOLLOWING WEATHER WAS RECORDED TODAY.
  FOG
  HAZE


RELATIVE HUMIDITY (PERCENT)
 HIGHEST    85           700 AM
 LOWEST     71          1200 AM
 AVERAGE    78

..........................................................


THE ZANESVILLE OH CLIMATE NORMALS FOR TOMORROW
                         NORMAL    RECORD    YEAR
 MAXIMUM TEMPERATURE (F)   37        62      1951
 MINIMUM TEMPERATURE (F)   20       -25      1994


SUNRISE AND SUNSET
JANUARY 18 2017.......SUNRISE   746 AM EST   SUNSET   531 PM EST
JANUARY 19 2017.......SUNRISE   745 AM EST   SUNSET   532 PM EST


-  INDICATES NEGATIVE NUMBERS.
R  INDICATES RECORD WAS SET OR TIED.
MM INDICATES DATA IS MISSING.
T  INDICATES TRACE AMOUNT.




$$
