000
CDUS41 KPBZ 252211
CLIZZV


CLIMATE REPORT
NATIONAL WEATHER SERVICE PITTSBURGH PA
511 PM EST SUN JAN 25 2015


...................................

...THE ZANESVILLE OH CLIMATE SUMMARY FOR JANUARY 25 2015...
VALID TODAY AS OF 0500 PM LOCAL TIME.

CLIMATE NORMAL PERIOD 1981 TO 2010
CLIMATE RECORD PERIOD 1946 TO 2015


WEATHER ITEM   OBSERVED TIME   RECORD YEAR NORMAL DEPARTURE LAST
                VALUE   (LST)  VALUE       VALUE  FROM      YEAR
                                                  NORMAL
..................................................................
TEMPERATURE (F)
 TODAY
  MAXIMUM         36    111 PM  74    1950  37     -1       29
  MINIMUM         30    722 AM -12    1961  20     10       13
  AVERAGE         33                        29      4       21

PRECIPITATION (IN)
  TODAY            0.08         MM      MM   0.08   0.00      T
  MONTH TO DATE    1.88                      2.19  -0.31     1.25
  SINCE JUN 1     24.29                     24.59  -0.30    29.56
  SINCE JAN 1      1.88                      2.19  -0.31     1.25

DEGREE DAYS
 HEATING
  TODAY           32                        36     -4       44
  MONTH TO DATE  936                       900     36     1019
  SINCE DEC 1   1845                      1904    -59     1972
  SINCE JUL 1   3152                      3045    107     3148

 COOLING
  TODAY            0                         0      0        0
  MONTH TO DATE    0                         0      0        0
  SINCE DEC 1      0                         0      0        0
  SINCE JAN 1      0                         0      0        0
..................................................................


WIND (MPH)
  HIGHEST WIND SPEED    10   HIGHEST WIND DIRECTION     S (200)
  HIGHEST GUST SPEED    14   HIGHEST GUST DIRECTION     W (260)
  AVERAGE WIND SPEED     5.7


SKY COVER
  POSSIBLE SUNSHINE  MM
  AVERAGE SKY COVER 0.9


WEATHER CONDITIONS
 THE FOLLOWING WEATHER WAS RECORDED TODAY.
  LIGHT RAIN
  LIGHT SNOW
  FOG


RELATIVE HUMIDITY (PERCENT)
 HIGHEST    96           400 PM
 LOWEST     82          1200 AM
 AVERAGE    89

..........................................................


THE ZANESVILLE OH CLIMATE NORMALS FOR TOMORROW
                         NORMAL    RECORD    YEAR
 MAXIMUM TEMPERATURE (F)   37        70      1950
 MINIMUM TEMPERATURE (F)   21       -19      1948


SUNRISE AND SUNSET
JANUARY 25 2015.......SUNRISE   742 AM EST   SUNSET   538 PM EST
JANUARY 26 2015.......SUNRISE   741 AM EST   SUNSET   539 PM EST


-  INDICATES NEGATIVE NUMBERS.
R  INDICATES RECORD WAS SET OR TIED.
MM INDICATES DATA IS MISSING.
T  INDICATES TRACE AMOUNT.




$$
