000
CDUS41 KPBZ 020701
CLIZZV


CLIMATE REPORT
NATIONAL WEATHER SERVICE PITTSBURGH PA
301 AM EDT TUE JUN 2 2015


...................................

...THE ZANESVILLE OH CLIMATE SUMMARY FOR JUNE 1 2015...

CLIMATE NORMAL PERIOD 1981 TO 2010
CLIMATE RECORD PERIOD 1946 TO 2015


WEATHER ITEM   OBSERVED TIME   RECORD YEAR NORMAL DEPARTURE LAST
                VALUE   (LST)  VALUE       VALUE  FROM      YEAR
                                                  NORMAL
..................................................................
TEMPERATURE (F)
 YESTERDAY
  MAXIMUM         57    251 PM  90    1988  77    -20       83
  MINIMUM         49    753 AM  40    1955  54     -5       51
  AVERAGE         53                        65    -12       67

PRECIPITATION (IN)
  YESTERDAY        0.01         MM      MM   0.14  -0.13     0.00
  MONTH TO DATE    0.01                      0.14  -0.13     0.00
  SINCE JUN 1      0.01                      0.14  -0.13     0.00
  SINCE JAN 1     15.91                     15.60   0.31    14.33

DEGREE DAYS
 HEATING
  YESTERDAY       12                         3      9        0
  MONTH TO DATE   12                         3      9        0
  SINCE JUN 1     12                         3      9        0
  SINCE JUL 1   6028                      5542    486     5976

 COOLING
  YESTERDAY        0                         3     -3        2
  MONTH TO DATE    0                         3     -3        2
  SINCE JUN 1      0                         3     -3        2
  SINCE JAN 1    117                        57     60       84
..................................................................


WIND (MPH)
  HIGHEST WIND SPEED    12   HIGHEST WIND DIRECTION     N (340)
  HIGHEST GUST SPEED    16   HIGHEST GUST DIRECTION     N (360)
  AVERAGE WIND SPEED     6.5


SKY COVER
  POSSIBLE SUNSHINE  MM
  AVERAGE SKY COVER 1.0


WEATHER CONDITIONS
 THE FOLLOWING WEATHER WAS RECORDED YESTERDAY.
  LIGHT RAIN
  FOG
  HAZE


RELATIVE HUMIDITY (PERCENT)
 HIGHEST    89           600 PM
 LOWEST     67           200 PM
 AVERAGE    78

..........................................................


THE ZANESVILLE OH CLIMATE NORMALS FOR TODAY
                         NORMAL    RECORD    YEAR
 MAXIMUM TEMPERATURE (F)   77        93      1951
 MINIMUM TEMPERATURE (F)   54        35      1966


SUNRISE AND SUNSET
JUNE  2 2015..........SUNRISE   601 AM EDT   SUNSET   851 PM EDT
JUNE  3 2015..........SUNRISE   600 AM EDT   SUNSET   851 PM EDT


-  INDICATES NEGATIVE NUMBERS.
R  INDICATES RECORD WAS SET OR TIED.
MM INDICATES DATA IS MISSING.
T  INDICATES TRACE AMOUNT.




$$
