000
CDUS41 KPBZ 030801
CLIZZV


CLIMATE REPORT
NATIONAL WEATHER SERVICE PITTSBURGH PA
300 AM EST SAT DEC 3 2016


...................................

...THE ZANESVILLE OH CLIMATE SUMMARY FOR DECEMBER 2 2016...

CLIMATE NORMAL PERIOD 1981 TO 2010
CLIMATE RECORD PERIOD 1946 TO 2016


WEATHER ITEM   OBSERVED TIME   RECORD YEAR NORMAL DEPARTURE LAST
                VALUE   (LST)  VALUE       VALUE  FROM      YEAR
                                                  NORMAL
..................................................................
TEMPERATURE (F)
 YESTERDAY
  MAXIMUM         39   1159 PM  69    1982  45     -6       51
  MINIMUM         36    122 AM   2    1976  29      7       36
  AVERAGE         38                        37      1       44

PRECIPITATION (IN)
  YESTERDAY        T            MM      MM   0.08  -0.08      T
  MONTH TO DATE    T                         0.17  -0.17     0.39
  SINCE JUN 1     14.36                     19.99  -5.63    19.39
  SINCE JAN 1     29.34                     35.45  -6.11    35.29

DEGREE DAYS
 HEATING
  YESTERDAY       27                        28     -1       21
  MONTH TO DATE   52                        56     -4       33
  SINCE DEC 1     52                        56     -4       33
  SINCE JUL 1    909                      1197   -288      875

 COOLING
  YESTERDAY        0                         0      0        0
  MONTH TO DATE    0                         0      0        0
  SINCE DEC 1      0                         0      0        0
  SINCE JAN 1   1355                       768    587      874
..................................................................


WIND (MPH)
  HIGHEST WIND SPEED    17   HIGHEST WIND DIRECTION     W (260)
  HIGHEST GUST SPEED    22   HIGHEST GUST DIRECTION     W (250)
  AVERAGE WIND SPEED     8.7


SKY COVER
  POSSIBLE SUNSHINE  MM
  AVERAGE SKY COVER 1.0


WEATHER CONDITIONS
 THE FOLLOWING WEATHER WAS RECORDED YESTERDAY.
  NO SIGNIFICANT WEATHER WAS OBSERVED.


RELATIVE HUMIDITY (PERCENT)
 HIGHEST    85           400 PM
 LOWEST     64          1200 AM
 AVERAGE    75

..........................................................


THE ZANESVILLE OH CLIMATE NORMALS FOR TODAY
                         NORMAL    RECORD    YEAR
 MAXIMUM TEMPERATURE (F)   45        76      1982
 MINIMUM TEMPERATURE (F)   28        -6      1976


SUNRISE AND SUNSET
DECEMBER  3 2016......SUNRISE   732 AM EST   SUNSET   503 PM EST
DECEMBER  4 2016......SUNRISE   733 AM EST   SUNSET   502 PM EST


-  INDICATES NEGATIVE NUMBERS.
R  INDICATES RECORD WAS SET OR TIED.
MM INDICATES DATA IS MISSING.
T  INDICATES TRACE AMOUNT.




$$
