000
CDUS41 KPBZ 192110
CLIZZV


CLIMATE REPORT
NATIONAL WEATHER SERVICE PITTSBURGH PA
510 PM EDT SAT AUG 19 2017


...................................

...THE ZANESVILLE OH CLIMATE SUMMARY FOR AUGUST 19 2017...
VALID TODAY AS OF 0500 PM LOCAL TIME.

CLIMATE NORMAL PERIOD 1981 TO 2010
CLIMATE RECORD PERIOD 1895 TO 2017


WEATHER ITEM   OBSERVED TIME   RECORD YEAR NORMAL DEPARTURE LAST
                VALUE   (LST)  VALUE       VALUE  FROM      YEAR
                                                  NORMAL
..................................................................
TEMPERATURE (F)
 TODAY
  MAXIMUM         87    238 PM 100    1899  83      4       85
  MINIMUM         63    336 AM  41    1953  61      2       66
  AVERAGE         75                        72      3       76

PRECIPITATION (IN)
  TODAY            0.34          2.51 1941   0.11   0.23     0.00
  MONTH TO DATE    0.93                      1.99  -1.06     2.51
  SINCE JUN 1     11.38                      9.82   1.56     7.72
  SINCE JAN 1     29.50                     25.28   4.22    22.70

DEGREE DAYS
 HEATING
  TODAY            0                         0      0        0
  MONTH TO DATE    0                         0      0        0
  SINCE JUN 1     23                        35    -12        4
  SINCE JUL 1      0                         3     -3        0

 COOLING
  TODAY           10                         7      3       11
  MONTH TO DATE  127                       143    -16      252
  SINCE JUN 1    584                       550     34      935
  SINCE JAN 1    671                       604     67     1029
..................................................................


WIND (MPH)
  HIGHEST WIND SPEED    22   HIGHEST WIND DIRECTION    NW (330)
  HIGHEST GUST SPEED    28   HIGHEST GUST DIRECTION    NW (320)
  AVERAGE WIND SPEED     6.0


SKY COVER
  POSSIBLE SUNSHINE  MM
  AVERAGE SKY COVER 0.1


WEATHER CONDITIONS
 THE FOLLOWING WEATHER WAS RECORDED TODAY.
  THUNDERSTORM
  HEAVY RAIN


RELATIVE HUMIDITY (PERCENT)
 HIGHEST    93          1200 AM
 LOWEST     47           300 PM
 AVERAGE    70

..........................................................


THE ZANESVILLE OH CLIMATE NORMALS FOR TOMORROW
                         NORMAL    RECORD    YEAR
 MAXIMUM TEMPERATURE (F)   83       100      1962
 MINIMUM TEMPERATURE (F)   60        46      1953
                                             1949
                                             1932


SUNRISE AND SUNSET
AUGUST 19 2017........SUNRISE   643 AM EDT   SUNSET   818 PM EDT
AUGUST 20 2017........SUNRISE   644 AM EDT   SUNSET   817 PM EDT


-  INDICATES NEGATIVE NUMBERS.
R  INDICATES RECORD WAS SET OR TIED.
MM INDICATES DATA IS MISSING.
T  INDICATES TRACE AMOUNT.




$$
